{"id":13809,"date":"2017-06-05T11:15:37","date_gmt":"2017-06-05T09:15:37","guid":{"rendered":"http:\/\/www.ntf.uni-lj.si\/igt\/?post_type=event&#038;p=13809"},"modified":"2019-11-28T08:23:28","modified_gmt":"2019-11-28T07:23:28","slug":"koncna-pdf","status":"publish","type":"event","link":"https:\/\/www.ntf.uni-lj.si\/igt\/event\/koncna-pdf\/","title":{"rendered":"kon\u010dna.pdf"},"content":{"rendered":"<p><img loading=\"lazy\" decoding=\"async\" width=\"748\" height=\"429\" class=\"alignnone size-full wp-image-13807\" src=\"https:\/\/www.ntf.uni-lj.si\/igt\/wp-content\/uploads\/sites\/8\/2017\/06\/page.png\" alt=\"\" srcset=\"https:\/\/www.ntf.uni-lj.si\/igt\/wp-content\/uploads\/sites\/8\/2017\/06\/page.png 748w, https:\/\/www.ntf.uni-lj.si\/igt\/wp-content\/uploads\/sites\/8\/2017\/06\/page-300x172.png 300w\" sizes=\"auto, (max-width: 748px) 100vw, 748px\" \/><\/p>\n<p>V torek, 6. junija, bo ob 18. uri v klubu ZOO (Tr\u017ea\u0161ka cesta 2 v Ljubljani), otvoritev razstave <strong>kon\u010dna.pdf<\/strong>. Gre za zaklju\u010dni dogodek izbirnega predmeta Medijske vizualizacije, v okviru katerega so \u0161tudenti 2. letnika GIK in GMT delali na razli\u010dnih projektih.<\/p>\n<p>V okviru otvoritve, ki jo bo vodil stand-up komik Ga\u0161per Bergant, bo tudi razglasitev zmagovalne podobe leto\u0161njega filmskega festivala MUVIT\/6&#215;60.\u00a0Po\u00a0otvoritvi<span class=\"text_exposed_show\">\u00a0bo do poznih ve\u010dernih ur potekalo dru\u017eenje v ritmih DJ-a Pingu.<br \/>\n<\/span><\/p>\n<p>Na dogodku bomo predstavili tudi zaklju\u010dno bro\u0161uro, ki smo jo izdali ob tej prilo\u017enosti in v kateri je pregled opravljenega dela.<\/p>\n<p>Vidimo se torej \u0161estega \u0161estega ob \u0161estih (zve\u010der) \ud83d\ude42<\/p>\n","protected":false},"excerpt":{"rendered":"V torek, 6. junija, bo ob 18. uri v klubu ZOO (Tr\u017ea\u0161ka cesta 2 v Ljubljani), otvoritev razstave kon\u010dna.pdf. Gre za zaklju\u010dni dogodek izbirnega predmeta Medijske vizualizacije, v okviru katerega so \u0161tudenti 2. letnika GIK in GMT delali na razli\u010dnih projektih. V okviru otvoritve, ki jo bo vodil stand-up komik Ga\u0161per Bergant, bo tudi razglasitev &#8230; <a class=\"view-article\" href=\"https:\/\/www.ntf.uni-lj.si\/igt\/event\/koncna-pdf\/\">Read more<\/a>","protected":false},"author":22,"featured_media":13813,"template":"","class_list":["post-13809","event","type-event","status-publish","has-post-thumbnail","hentry"],"acf":[],"_links":{"self":[{"href":"https:\/\/www.ntf.uni-lj.si\/igt\/wp-json\/wp\/v2\/event\/13809","targetHints":{"allow":["GET"]}}],"collection":[{"href":"https:\/\/www.ntf.uni-lj.si\/igt\/wp-json\/wp\/v2\/event"}],"about":[{"href":"https:\/\/www.ntf.uni-lj.si\/igt\/wp-json\/wp\/v2\/types\/event"}],"author":[{"embeddable":true,"href":"https:\/\/www.ntf.uni-lj.si\/igt\/wp-json\/wp\/v2\/users\/22"}],"version-history":[{"count":2,"href":"https:\/\/www.ntf.uni-lj.si\/igt\/wp-json\/wp\/v2\/event\/13809\/revisions"}],"predecessor-version":[{"id":13812,"href":"https:\/\/www.ntf.uni-lj.si\/igt\/wp-json\/wp\/v2\/event\/13809\/revisions\/13812"}],"wp:featuredmedia":[{"embeddable":true,"href":"https:\/\/www.ntf.uni-lj.si\/igt\/wp-json\/wp\/v2\/media\/13813"}],"wp:attachment":[{"href":"https:\/\/www.ntf.uni-lj.si\/igt\/wp-json\/wp\/v2\/media?parent=13809"}],"curies":[{"name":"wp","href":"https:\/\/api.w.org\/{rel}","templated":true}]}}

končna.pdf

<p><img loading="lazy" decoding="async" width="748" height="429" class="alignnone size-full wp-image-13807" src="https://www.ntf.uni-lj.si/igt/wp-content/uploads/sites/8/2017/06/page.png" alt="" srcset="https://www.ntf.uni-lj.si/igt/wp-content/uploads/sites/8/2017/06/page.png 748w, https://www.ntf.uni-lj.si/igt/wp-content/uploads/sites/8/2017/06/page-300x172.png 300w" sizes="auto, (max-width: 748px) 100vw, 748px" /></p>
<p>V torek, 6. junija, bo ob 18. uri v klubu ZOO (Tržaška cesta 2 v Ljubljani), otvoritev razstave <strong>končna.pdf</strong>. Gre za zaključni dogodek izbirnega predmeta Medijske vizualizacije, v okviru katerega so študenti 2. letnika GIK in GMT delali na različnih projektih.</p>
<p>V okviru otvoritve, ki jo bo vodil stand-up komik Gašper Bergant, bo tudi razglasitev zmagovalne podobe letošnjega filmskega festivala MUVIT/6&#215;60. Po otvoritvi<span class="text_exposed_show"> bo do poznih večernih ur potekalo druženje v ritmih DJ-a Pingu.<br />
</span></p>
<p>Na dogodku bomo predstavili tudi zaključno brošuro, ki smo jo izdali ob tej priložnosti in v kateri je pregled opravljenega dela.</p>
<p>Vidimo se torej šestega šestega ob šestih (zvečer) 🙂</p>

V torek, 6. junija, bo ob 18. uri v klubu ZOO (Tržaška cesta 2 v Ljubljani), otvoritev razstave končna.pdf. Gre za zaključni dogodek izbirnega predmeta Medijske vizualizacije, v okviru katerega so študenti 2. letnika GIK in GMT delali na različnih projektih. V okviru otvoritve, ki jo bo vodil stand-up komik Gašper Bergant, bo tudi razglasitev &#8230; <a class="view-article" href="https://www.ntf.uni-lj.si/igt/event/koncna-pdf/">Read more</a>
