{"id":19562,"date":"2019-02-06T11:31:27","date_gmt":"2019-02-06T10:31:27","guid":{"rendered":"http:\/\/www.ntf.uni-lj.si\/igt\/?post_type=event&#038;p=19562"},"modified":"2019-11-28T08:23:01","modified_gmt":"2019-11-28T07:23:01","slug":"informativna-dneva-2019","status":"publish","type":"event","link":"https:\/\/www.ntf.uni-lj.si\/igt\/event\/informativna-dneva-2019\/","title":{"rendered":"Informativna dneva 2019"},"content":{"rendered":"<p><span lang=\"SL\">Vljudno vabljeni na informativna dneva na Oddelku za tekstilstvo, grafiko in oblikovanje, \u00a0<\/span><span lang=\"SL\">ki bosta potekala <\/span><b><span lang=\"SL\">v petek 15. 2. 2019 ob 10. in 15. uri <\/span><\/b><span lang=\"SL\">ter<\/span><b><span lang=\"SL\">\u00a0<\/span><\/b><span lang=\"SL\"><b>v soboto 16. 2. 2019 ob 10. uri.<\/b><\/span><\/p>\n<p>Na Katedri za informacijsko in grafi\u010dno tehnologijo\u00a0bodo v treh terminih navedenih zgoraj potekale predstavitve dveh \u0161tudijskih programov:<\/p>\n<ul>\n<li>Grafi\u010dna in medijska tehnika VS (P-206, 2. nadstropje),<\/li>\n<li>Grafi\u010dne in interaktivne komunikacije UN (P-104, 1. nadstropje).<\/li>\n<\/ul>\n<p>Vabljeni!<\/p>\n<p><em>Ve\u010d informacij o drugih \u0161tudijskih prohgramih na oddelkih Naravolsovnotehni\u0161ke fakultete je dostopnih <a href=\"https:\/\/www.ntf.uni-lj.si\/ntf\/event\/informatvni-dnevi-2019\/\">tu<\/a>.<\/em><\/p>\n<p><em>Ve\u010d informacij o vpisu na <a href=\"https:\/\/www.ntf.uni-lj.si\/ntf\/studij\/referat\/referat-otgo\/vpis\/vpis-za-bruce\/\">povezavi<\/a>.<\/em><\/p>\n","protected":false},"excerpt":{"rendered":"Vljudno vabljeni na informativna dneva na Oddelku za tekstilstvo, grafiko in oblikovanje, \u00a0ki bosta potekala v petek 15. 2. 2019 ob 10. in 15. uri ter\u00a0v soboto 16. 2. 2019 ob 10. uri. Na Katedri za informacijsko in grafi\u010dno tehnologijo\u00a0bodo v treh terminih navedenih zgoraj potekale predstavitve dveh \u0161tudijskih programov: Grafi\u010dna in medijska tehnika VS &#8230; <a class=\"view-article\" href=\"https:\/\/www.ntf.uni-lj.si\/igt\/event\/informativna-dneva-2019\/\">Read more<\/a>","protected":false},"author":22,"featured_media":18505,"template":"","acf":[],"yoast_head":"<!-- This site is optimized with the Yoast SEO plugin v17.0 - https:\/\/yoast.com\/wordpress\/plugins\/seo\/ -->\n<meta name=\"description\" content=\"Vljudno vabljeni na informativna dneva na Oddelku za tekstilstvo, grafiko in oblikovanje, \u00a0ki bosta potekala v petek 15. 2. 2019 ob 10. in 15. uri ter\u00a0v\" \/>\n<meta name=\"robots\" content=\"index, follow, max-snippet:-1, max-image-preview:large, max-video-preview:-1\" \/>\n<link rel=\"canonical\" href=\"https:\/\/www.ntf.uni-lj.si\/igt\/event\/informativna-dneva-2019\/\" \/>\n<meta property=\"og:locale\" content=\"en_US\" \/>\n<meta property=\"og:type\" content=\"article\" \/>\n<meta property=\"og:title\" content=\"Informativna dneva 2019 - IGT\" \/>\n<meta property=\"og:description\" content=\"Vljudno vabljeni na informativna dneva na Oddelku za tekstilstvo, grafiko in oblikovanje, \u00a0ki bosta potekala v petek 15. 2. 2019 ob 10. in 15. uri ter\u00a0v\" \/>\n<meta property=\"og:url\" content=\"https:\/\/www.ntf.uni-lj.si\/igt\/event\/informativna-dneva-2019\/\" \/>\n<meta property=\"og:site_name\" content=\"IGT\" \/>\n<meta property=\"article:modified_time\" content=\"2019-11-28T07:23:01+00:00\" \/>\n<meta property=\"og:image\" content=\"https:\/\/www.ntf.uni-lj.si\/igt\/wp-content\/uploads\/sites\/8\/2018\/10\/Slide1-2.jpeg\" \/>\n\t<meta property=\"og:image:width\" content=\"720\" \/>\n\t<meta property=\"og:image:height\" content=\"540\" \/>\n<script type=\"application\/ld+json\" class=\"yoast-schema-graph\">{\"@context\":\"https:\/\/schema.org\",\"@graph\":[{\"@type\":\"WebSite\",\"@id\":\"https:\/\/www.ntf.uni-lj.si\/igt\/#website\",\"url\":\"https:\/\/www.ntf.uni-lj.si\/igt\/\",\"name\":\"IGT\",\"description\":\"Katedra za informacijsko in grafi\\u010dno tehnologijo\",\"potentialAction\":[{\"@type\":\"SearchAction\",\"target\":{\"@type\":\"EntryPoint\",\"urlTemplate\":\"https:\/\/www.ntf.uni-lj.si\/igt\/?s={search_term_string}\"},\"query-input\":\"required name=search_term_string\"}],\"inLanguage\":\"en-US\"},{\"@type\":\"ImageObject\",\"@id\":\"https:\/\/www.ntf.uni-lj.si\/igt\/event\/informativna-dneva-2019\/#primaryimage\",\"inLanguage\":\"en-US\",\"url\":\"https:\/\/www.ntf.uni-lj.si\/igt\/wp-content\/uploads\/sites\/8\/2018\/10\/Slide1-2.jpeg\",\"contentUrl\":\"https:\/\/www.ntf.uni-lj.si\/igt\/wp-content\/uploads\/sites\/8\/2018\/10\/Slide1-2.jpeg\",\"width\":720,\"height\":540},{\"@type\":\"WebPage\",\"@id\":\"https:\/\/www.ntf.uni-lj.si\/igt\/event\/informativna-dneva-2019\/#webpage\",\"url\":\"https:\/\/www.ntf.uni-lj.si\/igt\/event\/informativna-dneva-2019\/\",\"name\":\"Informativna dneva 2019 - IGT\",\"isPartOf\":{\"@id\":\"https:\/\/www.ntf.uni-lj.si\/igt\/#website\"},\"primaryImageOfPage\":{\"@id\":\"https:\/\/www.ntf.uni-lj.si\/igt\/event\/informativna-dneva-2019\/#primaryimage\"},\"datePublished\":\"2019-02-06T10:31:27+00:00\",\"dateModified\":\"2019-11-28T07:23:01+00:00\",\"description\":\"Vljudno vabljeni na informativna dneva na Oddelku za tekstilstvo, grafiko in oblikovanje, \\u00a0ki bosta potekala v petek 15. 2. 2019 ob 10. in 15. uri ter\\u00a0v\",\"breadcrumb\":{\"@id\":\"https:\/\/www.ntf.uni-lj.si\/igt\/event\/informativna-dneva-2019\/#breadcrumb\"},\"inLanguage\":\"en-US\",\"potentialAction\":[{\"@type\":\"ReadAction\",\"target\":[\"https:\/\/www.ntf.uni-lj.si\/igt\/event\/informativna-dneva-2019\/\"]}]},{\"@type\":\"BreadcrumbList\",\"@id\":\"https:\/\/www.ntf.uni-lj.si\/igt\/event\/informativna-dneva-2019\/#breadcrumb\",\"itemListElement\":[{\"@type\":\"ListItem\",\"position\":1,\"name\":\"Home\",\"item\":\"https:\/\/www.ntf.uni-lj.si\/igt\/\"},{\"@type\":\"ListItem\",\"position\":2,\"name\":\"Dogodki\",\"item\":\"https:\/\/www.ntf.uni-lj.si\/igt\/event\/\"},{\"@type\":\"ListItem\",\"position\":3,\"name\":\"Informativna dneva 2019\"}]}]}<\/script>\n<!-- \/ Yoast SEO plugin. -->","yoast_head_json":{"description":"Vljudno vabljeni na informativna dneva na Oddelku za tekstilstvo, grafiko in oblikovanje, \u00a0ki bosta potekala v petek 15. 2. 2019 ob 10. in 15. uri ter\u00a0v","robots":{"index":"index","follow":"follow","max-snippet":"max-snippet:-1","max-image-preview":"max-image-preview:large","max-video-preview":"max-video-preview:-1"},"canonical":"https:\/\/www.ntf.uni-lj.si\/igt\/event\/informativna-dneva-2019\/","og_locale":"en_US","og_type":"article","og_title":"Informativna dneva 2019 - IGT","og_description":"Vljudno vabljeni na informativna dneva na Oddelku za tekstilstvo, grafiko in oblikovanje, \u00a0ki bosta potekala v petek 15. 2. 2019 ob 10. in 15. uri ter\u00a0v","og_url":"https:\/\/www.ntf.uni-lj.si\/igt\/event\/informativna-dneva-2019\/","og_site_name":"IGT","article_modified_time":"2019-11-28T07:23:01+00:00","og_image":[{"width":720,"height":540,"url":"https:\/\/www.ntf.uni-lj.si\/igt\/wp-content\/uploads\/sites\/8\/2018\/10\/Slide1-2.jpeg","path":"\/web\/html\/ntf\/public_html\/wp-content\/uploads\/sites\/8\/2018\/10\/Slide1-2.jpeg","size":"full","id":18505,"alt":"","pixels":388800,"type":"image\/jpeg"}],"schema":{"@context":"https:\/\/schema.org","@graph":[{"@type":"WebSite","@id":"https:\/\/www.ntf.uni-lj.si\/igt\/#website","url":"https:\/\/www.ntf.uni-lj.si\/igt\/","name":"IGT","description":"Katedra za informacijsko in grafi\u010dno tehnologijo","potentialAction":[{"@type":"SearchAction","target":{"@type":"EntryPoint","urlTemplate":"https:\/\/www.ntf.uni-lj.si\/igt\/?s={search_term_string}"},"query-input":"required name=search_term_string"}],"inLanguage":"en-US"},{"@type":"ImageObject","@id":"https:\/\/www.ntf.uni-lj.si\/igt\/event\/informativna-dneva-2019\/#primaryimage","inLanguage":"en-US","url":"https:\/\/www.ntf.uni-lj.si\/igt\/wp-content\/uploads\/sites\/8\/2018\/10\/Slide1-2.jpeg","contentUrl":"https:\/\/www.ntf.uni-lj.si\/igt\/wp-content\/uploads\/sites\/8\/2018\/10\/Slide1-2.jpeg","width":720,"height":540},{"@type":"WebPage","@id":"https:\/\/www.ntf.uni-lj.si\/igt\/event\/informativna-dneva-2019\/#webpage","url":"https:\/\/www.ntf.uni-lj.si\/igt\/event\/informativna-dneva-2019\/","name":"Informativna dneva 2019 - IGT","isPartOf":{"@id":"https:\/\/www.ntf.uni-lj.si\/igt\/#website"},"primaryImageOfPage":{"@id":"https:\/\/www.ntf.uni-lj.si\/igt\/event\/informativna-dneva-2019\/#primaryimage"},"datePublished":"2019-02-06T10:31:27+00:00","dateModified":"2019-11-28T07:23:01+00:00","description":"Vljudno vabljeni na informativna dneva na Oddelku za tekstilstvo, grafiko in oblikovanje, \u00a0ki bosta potekala v petek 15. 2. 2019 ob 10. in 15. uri ter\u00a0v","breadcrumb":{"@id":"https:\/\/www.ntf.uni-lj.si\/igt\/event\/informativna-dneva-2019\/#breadcrumb"},"inLanguage":"en-US","potentialAction":[{"@type":"ReadAction","target":["https:\/\/www.ntf.uni-lj.si\/igt\/event\/informativna-dneva-2019\/"]}]},{"@type":"BreadcrumbList","@id":"https:\/\/www.ntf.uni-lj.si\/igt\/event\/informativna-dneva-2019\/#breadcrumb","itemListElement":[{"@type":"ListItem","position":1,"name":"Home","item":"https:\/\/www.ntf.uni-lj.si\/igt\/"},{"@type":"ListItem","position":2,"name":"Dogodki","item":"https:\/\/www.ntf.uni-lj.si\/igt\/event\/"},{"@type":"ListItem","position":3,"name":"Informativna dneva 2019"}]}]}},"_links":{"self":[{"href":"https:\/\/www.ntf.uni-lj.si\/igt\/wp-json\/wp\/v2\/event\/19562"}],"collection":[{"href":"https:\/\/www.ntf.uni-lj.si\/igt\/wp-json\/wp\/v2\/event"}],"about":[{"href":"https:\/\/www.ntf.uni-lj.si\/igt\/wp-json\/wp\/v2\/types\/event"}],"author":[{"embeddable":true,"href":"https:\/\/www.ntf.uni-lj.si\/igt\/wp-json\/wp\/v2\/users\/22"}],"version-history":[{"count":3,"href":"https:\/\/www.ntf.uni-lj.si\/igt\/wp-json\/wp\/v2\/event\/19562\/revisions"}],"predecessor-version":[{"id":19721,"href":"https:\/\/www.ntf.uni-lj.si\/igt\/wp-json\/wp\/v2\/event\/19562\/revisions\/19721"}],"wp:featuredmedia":[{"embeddable":true,"href":"https:\/\/www.ntf.uni-lj.si\/igt\/wp-json\/wp\/v2\/media\/18505"}],"wp:attachment":[{"href":"https:\/\/www.ntf.uni-lj.si\/igt\/wp-json\/wp\/v2\/media?parent=19562"}],"curies":[{"name":"wp","href":"https:\/\/api.w.org\/{rel}","templated":true}]}}

<p><span lang="SL">Vljudno vabljeni na informativna dneva na Oddelku za tekstilstvo, grafiko in oblikovanje,  </span><span lang="SL">ki bosta potekala </span><b><span lang="SL">v petek 15. 2. 2019 ob 10. in 15. uri </span></b><span lang="SL">ter</span><b><span lang="SL"> </span></b><span lang="SL"><b>v soboto 16. 2. 2019 ob 10. uri.</b></span></p>
<p>Na Katedri za informacijsko in grafično tehnologijo bodo v treh terminih navedenih zgoraj potekale predstavitve dveh študijskih programov:</p>
<ul>
<li>Grafična in medijska tehnika VS (P-206, 2. nadstropje),</li>
<li>Grafične in interaktivne komunikacije UN (P-104, 1. nadstropje).</li>
</ul>
<p>Vabljeni!</p>
<p><em>Več informacij o drugih študijskih prohgramih na oddelkih Naravolsovnotehniške fakultete je dostopnih <a href="https://www.ntf.uni-lj.si/ntf/event/informatvni-dnevi-2019/">tu</a>.</em></p>
<p><em>Več informacij o vpisu na <a href="https://www.ntf.uni-lj.si/ntf/studij/referat/referat-otgo/vpis/vpis-za-bruce/">povezavi</a>.</em></p>

Vljudno vabljeni na informativna dneva na Oddelku za tekstilstvo, grafiko in oblikovanje,  ki bosta potekala v petek 15. 2. 2019 ob 10. in 15. uri ter v soboto 16. 2. 2019 ob 10. uri. Na Katedri za informacijsko in grafično tehnologijo bodo v treh terminih navedenih zgoraj potekale predstavitve dveh študijskih programov: Grafična in medijska tehnika VS &#8230; <a class="view-article" href="https://www.ntf.uni-lj.si/igt/event/informativna-dneva-2019/">Read more</a>

Katedra za informacijsko in grafično tehnologijo
