{"id":20744,"date":"2019-04-17T13:18:44","date_gmt":"2019-04-17T11:18:44","guid":{"rendered":"http:\/\/www.ntf.uni-lj.si\/igt\/?post_type=event&#038;p=20744"},"modified":"2019-11-28T08:23:01","modified_gmt":"2019-11-28T07:23:01","slug":"karierni-dan-spid","status":"publish","type":"event","link":"https:\/\/www.ntf.uni-lj.si\/igt\/event\/karierni-dan-spid\/","title":{"rendered":"Karierni dan SPID"},"content":{"rendered":"<p>Poznate razli\u010dne mo\u017enosti kariernih poti v stroki?<br \/>\n\u017delite spoznati va\u0161e potencialne delodajalce?<br \/>\nVas zanima, kaj se od vas pri\u010dakuje?<br \/>\nI\u0161\u010dete mogo\u010de podjetje, kjer bi opravljali prakso ali \u0161tudentsko delo?<\/p>\n<p>Izkoristite mo\u017enost za (so)ustvarjanje poklicne identitete &#8211; SPID \u017ee v \u010dasu \u0161tudija!<\/p>\n<p>Dobimo se v sredo 8 . 5. 2019 ob 12.00 uri na Sne\u017eni\u0161ki ulici 5.<br \/>\nZ nami bodo razli\u010dna podjetja s podro\u010dja tekstilstva, modnega oblikovanja in grafike.<\/p>\n<p>PRIJAVE: <a href=\"https:\/\/bit.ly\/2VOqSEP?fbclid=IwAR1jXA7Eo6hKZrVgxjhqI8qOd622JSesFlk6pbuoVOH9M07U4kDP6nssPTc\" target=\"_blank\" rel=\"nofollow noopener noreferrer\">http:\/\/bit.ly\/2VOqSEP<\/a><\/p>\n<p>V prvem delu dogodka bo potekala okrogla miza na teme:<br \/>\n&#8211; karierne poti tekstilcev, modnih oblikovalcev in grafikov<br \/>\n&#8211; te\u017eave pri prehodu na trg dela<br \/>\n&#8211; najpomembnej\u0161e kompetence, ki jih morajo \u0161tudentje razviti \u0161e v \u010dasu \u0161tudija<br \/>\n&#8211; pekarno delo &#8211; da ali ne<br \/>\n&#8211; mo\u017enosti sodelovanja (diplomske in magistrske naloge, \u0161tudentsko delo, praksa, \u0161tipendije)<\/p>\n<p>V drugem delu dogodka pa izkoristite mo\u017enost in se ob pogostitvi pove\u017eite in mre\u017eite z delodajalci.<\/p>\n<p>Seznam delodajalcev bo sproti posodobljen na FB strani oddelka.<\/p>\n<p>PRIJAVE: <a href=\"https:\/\/bit.ly\/2VOqSEP?fbclid=IwAR3kUmHkDr8rdDOHvddoLimcB71PmsLaSj1QsEqlYGxVHilBTGpF7XCAr0s\" target=\"_blank\" rel=\"nofollow noopener noreferrer\">http:\/\/bit.ly\/2VOqSEP<\/a><\/p>\n<p>Za vsa dodatna vpra\u0161anja sem vam na voljo: 01 2003 297 ali tina.premelc@ntf.uni-lj.si<\/p>\n<p>Karierni dan organizirata Karierni center in \u0160S NTF.<br \/>\nNalo\u017ebo sofinancirata Republika Slovenija in Evropska unija iz Evropskega socialnega sklada.<\/p>\n","protected":false},"excerpt":{"rendered":"Poznate razli\u010dne mo\u017enosti kariernih poti v stroki? \u017delite spoznati va\u0161e potencialne delodajalce? Vas zanima, kaj se od vas pri\u010dakuje? I\u0161\u010dete mogo\u010de podjetje, kjer bi opravljali prakso ali \u0161tudentsko delo? Izkoristite mo\u017enost za (so)ustvarjanje poklicne identitete &#8211; SPID \u017ee v \u010dasu \u0161tudija! Dobimo se v sredo 8 . 5. 2019 ob 12.00 uri na Sne\u017eni\u0161ki ulici &#8230; <a class=\"view-article\" href=\"https:\/\/www.ntf.uni-lj.si\/igt\/event\/karierni-dan-spid\/\">Read more<\/a>","protected":false},"author":22,"featured_media":20745,"template":"","class_list":["post-20744","event","type-event","status-publish","has-post-thumbnail","hentry"],"acf":[],"_links":{"self":[{"href":"https:\/\/www.ntf.uni-lj.si\/igt\/wp-json\/wp\/v2\/event\/20744","targetHints":{"allow":["GET"]}}],"collection":[{"href":"https:\/\/www.ntf.uni-lj.si\/igt\/wp-json\/wp\/v2\/event"}],"about":[{"href":"https:\/\/www.ntf.uni-lj.si\/igt\/wp-json\/wp\/v2\/types\/event"}],"author":[{"embeddable":true,"href":"https:\/\/www.ntf.uni-lj.si\/igt\/wp-json\/wp\/v2\/users\/22"}],"version-history":[{"count":2,"href":"https:\/\/www.ntf.uni-lj.si\/igt\/wp-json\/wp\/v2\/event\/20744\/revisions"}],"predecessor-version":[{"id":20747,"href":"https:\/\/www.ntf.uni-lj.si\/igt\/wp-json\/wp\/v2\/event\/20744\/revisions\/20747"}],"wp:featuredmedia":[{"embeddable":true,"href":"https:\/\/www.ntf.uni-lj.si\/igt\/wp-json\/wp\/v2\/media\/20745"}],"wp:attachment":[{"href":"https:\/\/www.ntf.uni-lj.si\/igt\/wp-json\/wp\/v2\/media?parent=20744"}],"curies":[{"name":"wp","href":"https:\/\/api.w.org\/{rel}","templated":true}]}}

<p>Poznate različne možnosti kariernih poti v stroki?<br />
Želite spoznati vaše potencialne delodajalce?<br />
Vas zanima, kaj se od vas pričakuje?<br />
Iščete mogoče podjetje, kjer bi opravljali prakso ali študentsko delo?</p>
<p>Izkoristite možnost za (so)ustvarjanje poklicne identitete &#8211; SPID že v času študija!</p>
<p>Dobimo se v sredo 8 . 5. 2019 ob 12.00 uri na Snežniški ulici 5.<br />
Z nami bodo različna podjetja s področja tekstilstva, modnega oblikovanja in grafike.</p>
<p>PRIJAVE: <a href="https://bit.ly/2VOqSEP?fbclid=IwAR1jXA7Eo6hKZrVgxjhqI8qOd622JSesFlk6pbuoVOH9M07U4kDP6nssPTc" target="_blank" rel="nofollow noopener noreferrer">http://bit.ly/2VOqSEP</a></p>
<p>V prvem delu dogodka bo potekala okrogla miza na teme:<br />
&#8211; karierne poti tekstilcev, modnih oblikovalcev in grafikov<br />
&#8211; težave pri prehodu na trg dela<br />
&#8211; najpomembnejše kompetence, ki jih morajo študentje razviti še v času študija<br />
&#8211; pekarno delo &#8211; da ali ne<br />
&#8211; možnosti sodelovanja (diplomske in magistrske naloge, študentsko delo, praksa, štipendije)</p>
<p>V drugem delu dogodka pa izkoristite možnost in se ob pogostitvi povežite in mrežite z delodajalci.</p>
<p>Seznam delodajalcev bo sproti posodobljen na FB strani oddelka.</p>
<p>PRIJAVE: <a href="https://bit.ly/2VOqSEP?fbclid=IwAR3kUmHkDr8rdDOHvddoLimcB71PmsLaSj1QsEqlYGxVHilBTGpF7XCAr0s" target="_blank" rel="nofollow noopener noreferrer">http://bit.ly/2VOqSEP</a></p>
<p>Za vsa dodatna vprašanja sem vam na voljo: 01 2003 297 ali tina.premelc@ntf.uni-lj.si</p>
<p>Karierni dan organizirata Karierni center in ŠS NTF.<br />
Naložbo sofinancirata Republika Slovenija in Evropska unija iz Evropskega socialnega sklada.</p>

Poznate različne možnosti kariernih poti v stroki? Želite spoznati vaše potencialne delodajalce? Vas zanima, kaj se od vas pričakuje? Iščete mogoče podjetje, kjer bi opravljali prakso ali študentsko delo? Izkoristite možnost za (so)ustvarjanje poklicne identitete &#8211; SPID že v času študija! Dobimo se v sredo 8 . 5. 2019 ob 12.00 uri na Snežniški ulici &#8230; <a class="view-article" href="https://www.ntf.uni-lj.si/igt/event/karierni-dan-spid/">Read more</a>
