{"id":21258,"date":"2019-09-23T07:56:32","date_gmt":"2019-09-23T05:56:32","guid":{"rendered":"http:\/\/www.ntf.uni-lj.si\/igt\/?post_type=event&#038;p=21258"},"modified":"2019-11-28T08:23:00","modified_gmt":"2019-11-28T07:23:00","slug":"razstava-zgodbe-kamnin-montanistike","status":"publish","type":"event","link":"https:\/\/www.ntf.uni-lj.si\/igt\/event\/razstava-zgodbe-kamnin-montanistike\/","title":{"rendered":"Razstava Zgodbe kamnin montanistike"},"content":{"rendered":"<div>\n<div class=\"\">\n<div class=\"_1mf _1mj\">V petek, <strong>27. 9. 2019<\/strong> ob <strong>10. uri<\/strong> bo potekala Evropska no\u010d raziskovalcev. Zadnji dve leti je Oddelek za geologijo vklju\u010deni v projekt &#8220;Humanities rocks&#8221;, ki je eden od projektov v okviru Evropske no\u010di raziskovalcev. V okviru projekta so se posvetili tudi naravnemu kamnu, ki krasi stavbo Montanistika. Rezultate dela bodo prvi\u010d v \u017eivo predstavili prav na dogodku No\u010d raziskovalcev.<\/div>\n<\/div>\n<div class=\"\"><\/div>\n<div class=\"\">\n<div class=\"_1mf _1mj\">Projekt je bil izveden v sodelovanju s Katedro za informacijsko in grafi\u010dno tehnologijo ter Geolo\u0161kim zavodom Slovenije. Pripravili smo interaktivne vodnike preko katerih opisujemo zgodbe kamnin Montanistike. Predstavitev smo nadgradili z ra\u010dunalni\u0161ko virtualno in obogateno resni\u010dnostjo, ki obiskovalcem nudi druga\u010dno izku\u0161njo in pogled na stavbo.<\/div>\n<\/div>\n<div class=\"\"><\/div>\n<div class=\"\">\n<div class=\"_1mf _1mj\">Vabljeni na otvoritev razstave &#8220;ZGODBE KAMNIN MONTANISTIKE&#8221; in voden ogled kamnin stavbe na A\u0161ker\u010devi 12.<\/div>\n<\/div>\n<\/div>\n<div><a href=\"https:\/\/www.ntf.uni-lj.si\/igt\/wp-content\/uploads\/sites\/8\/2019\/09\/zgodbe_kamnin_mont.png\"><img loading=\"lazy\" width=\"418\" height=\"295\" class=\"alignnone size-full wp-image-21256\" src=\"https:\/\/www.ntf.uni-lj.si\/igt\/wp-content\/uploads\/sites\/8\/2019\/09\/zgodbe_kamnin_mont.png\" alt=\"\" srcset=\"https:\/\/www.ntf.uni-lj.si\/igt\/wp-content\/uploads\/sites\/8\/2019\/09\/zgodbe_kamnin_mont.png 418w, https:\/\/www.ntf.uni-lj.si\/igt\/wp-content\/uploads\/sites\/8\/2019\/09\/zgodbe_kamnin_mont-300x212.png 300w\" sizes=\"(max-width: 418px) 100vw, 418px\" \/><\/a><\/div>\n","protected":false},"excerpt":{"rendered":"V petek, 27. 9. 2019 ob 10. uri bo potekala Evropska no\u010d raziskovalcev. Zadnji dve leti je Oddelek za geologijo vklju\u010deni v projekt &#8220;Humanities rocks&#8221;, ki je eden od projektov v okviru Evropske no\u010di raziskovalcev. V okviru projekta so se posvetili tudi naravnemu kamnu, ki krasi stavbo Montanistika. Rezultate dela bodo prvi\u010d v \u017eivo predstavili &#8230; <a class=\"view-article\" href=\"https:\/\/www.ntf.uni-lj.si\/igt\/event\/razstava-zgodbe-kamnin-montanistike\/\">Read more<\/a>","protected":false},"author":22,"featured_media":21256,"template":"","acf":[],"yoast_head":"<!-- This site is optimized with the Yoast SEO plugin v17.0 - https:\/\/yoast.com\/wordpress\/plugins\/seo\/ -->\n<meta name=\"description\" content=\"V petek, 27. 9. 2019 ob 10. uri bo potekala Evropska no\u010d raziskovalcev. Zadnji dve leti je Oddelek za geologijo vklju\u010deni v projekt &quot;Humanities rocks&quot;, ki\" \/>\n<meta name=\"robots\" content=\"index, follow, max-snippet:-1, max-image-preview:large, max-video-preview:-1\" \/>\n<link rel=\"canonical\" href=\"https:\/\/www.ntf.uni-lj.si\/igt\/event\/razstava-zgodbe-kamnin-montanistike\/\" \/>\n<meta property=\"og:locale\" content=\"en_US\" \/>\n<meta property=\"og:type\" content=\"article\" \/>\n<meta property=\"og:title\" content=\"Razstava Zgodbe kamnin montanistike - IGT\" \/>\n<meta property=\"og:description\" content=\"V petek, 27. 9. 2019 ob 10. uri bo potekala Evropska no\u010d raziskovalcev. Zadnji dve leti je Oddelek za geologijo vklju\u010deni v projekt &quot;Humanities rocks&quot;, ki\" \/>\n<meta property=\"og:url\" content=\"https:\/\/www.ntf.uni-lj.si\/igt\/event\/razstava-zgodbe-kamnin-montanistike\/\" \/>\n<meta property=\"og:site_name\" content=\"IGT\" \/>\n<meta property=\"article:modified_time\" content=\"2019-11-28T07:23:00+00:00\" \/>\n<meta property=\"og:image\" content=\"https:\/\/www.ntf.uni-lj.si\/igt\/wp-content\/uploads\/sites\/8\/2019\/09\/zgodbe_kamnin_mont.png\" \/>\n\t<meta property=\"og:image:width\" content=\"418\" \/>\n\t<meta property=\"og:image:height\" content=\"295\" \/>\n<meta name=\"twitter:label1\" content=\"Est. reading time\" \/>\n\t<meta name=\"twitter:data1\" content=\"1 minute\" \/>\n<script type=\"application\/ld+json\" class=\"yoast-schema-graph\">{\"@context\":\"https:\/\/schema.org\",\"@graph\":[{\"@type\":\"WebSite\",\"@id\":\"https:\/\/www.ntf.uni-lj.si\/igt\/#website\",\"url\":\"https:\/\/www.ntf.uni-lj.si\/igt\/\",\"name\":\"IGT\",\"description\":\"Katedra za informacijsko in grafi\\u010dno tehnologijo\",\"potentialAction\":[{\"@type\":\"SearchAction\",\"target\":{\"@type\":\"EntryPoint\",\"urlTemplate\":\"https:\/\/www.ntf.uni-lj.si\/igt\/?s={search_term_string}\"},\"query-input\":\"required name=search_term_string\"}],\"inLanguage\":\"en-US\"},{\"@type\":\"ImageObject\",\"@id\":\"https:\/\/www.ntf.uni-lj.si\/igt\/event\/razstava-zgodbe-kamnin-montanistike\/#primaryimage\",\"inLanguage\":\"en-US\",\"url\":\"https:\/\/www.ntf.uni-lj.si\/igt\/wp-content\/uploads\/sites\/8\/2019\/09\/zgodbe_kamnin_mont.png\",\"contentUrl\":\"https:\/\/www.ntf.uni-lj.si\/igt\/wp-content\/uploads\/sites\/8\/2019\/09\/zgodbe_kamnin_mont.png\",\"width\":418,\"height\":295},{\"@type\":\"WebPage\",\"@id\":\"https:\/\/www.ntf.uni-lj.si\/igt\/event\/razstava-zgodbe-kamnin-montanistike\/#webpage\",\"url\":\"https:\/\/www.ntf.uni-lj.si\/igt\/event\/razstava-zgodbe-kamnin-montanistike\/\",\"name\":\"Razstava Zgodbe kamnin montanistike - IGT\",\"isPartOf\":{\"@id\":\"https:\/\/www.ntf.uni-lj.si\/igt\/#website\"},\"primaryImageOfPage\":{\"@id\":\"https:\/\/www.ntf.uni-lj.si\/igt\/event\/razstava-zgodbe-kamnin-montanistike\/#primaryimage\"},\"datePublished\":\"2019-09-23T05:56:32+00:00\",\"dateModified\":\"2019-11-28T07:23:00+00:00\",\"description\":\"V petek, 27. 9. 2019 ob 10. uri bo potekala Evropska no\\u010d raziskovalcev. Zadnji dve leti je Oddelek za geologijo vklju\\u010deni v projekt \\\"Humanities rocks\\\", ki\",\"breadcrumb\":{\"@id\":\"https:\/\/www.ntf.uni-lj.si\/igt\/event\/razstava-zgodbe-kamnin-montanistike\/#breadcrumb\"},\"inLanguage\":\"en-US\",\"potentialAction\":[{\"@type\":\"ReadAction\",\"target\":[\"https:\/\/www.ntf.uni-lj.si\/igt\/event\/razstava-zgodbe-kamnin-montanistike\/\"]}]},{\"@type\":\"BreadcrumbList\",\"@id\":\"https:\/\/www.ntf.uni-lj.si\/igt\/event\/razstava-zgodbe-kamnin-montanistike\/#breadcrumb\",\"itemListElement\":[{\"@type\":\"ListItem\",\"position\":1,\"name\":\"Home\",\"item\":\"https:\/\/www.ntf.uni-lj.si\/igt\/\"},{\"@type\":\"ListItem\",\"position\":2,\"name\":\"Dogodki\",\"item\":\"https:\/\/www.ntf.uni-lj.si\/igt\/event\/\"},{\"@type\":\"ListItem\",\"position\":3,\"name\":\"Razstava Zgodbe kamnin montanistike\"}]}]}<\/script>\n<!-- \/ Yoast SEO plugin. -->","yoast_head_json":{"description":"V petek, 27. 9. 2019 ob 10. uri bo potekala Evropska no\u010d raziskovalcev. Zadnji dve leti je Oddelek za geologijo vklju\u010deni v projekt \"Humanities rocks\", ki","robots":{"index":"index","follow":"follow","max-snippet":"max-snippet:-1","max-image-preview":"max-image-preview:large","max-video-preview":"max-video-preview:-1"},"canonical":"https:\/\/www.ntf.uni-lj.si\/igt\/event\/razstava-zgodbe-kamnin-montanistike\/","og_locale":"en_US","og_type":"article","og_title":"Razstava Zgodbe kamnin montanistike - IGT","og_description":"V petek, 27. 9. 2019 ob 10. uri bo potekala Evropska no\u010d raziskovalcev. Zadnji dve leti je Oddelek za geologijo vklju\u010deni v projekt \"Humanities rocks\", ki","og_url":"https:\/\/www.ntf.uni-lj.si\/igt\/event\/razstava-zgodbe-kamnin-montanistike\/","og_site_name":"IGT","article_modified_time":"2019-11-28T07:23:00+00:00","og_image":[{"width":418,"height":295,"url":"https:\/\/www.ntf.uni-lj.si\/igt\/wp-content\/uploads\/sites\/8\/2019\/09\/zgodbe_kamnin_mont.png","path":"\/web\/html\/ntf\/public_html\/wp-content\/uploads\/sites\/8\/2019\/09\/zgodbe_kamnin_mont.png","size":"full","id":21256,"alt":"","pixels":123310,"type":"image\/png"}],"twitter_misc":{"Est. reading time":"1 minute"},"schema":{"@context":"https:\/\/schema.org","@graph":[{"@type":"WebSite","@id":"https:\/\/www.ntf.uni-lj.si\/igt\/#website","url":"https:\/\/www.ntf.uni-lj.si\/igt\/","name":"IGT","description":"Katedra za informacijsko in grafi\u010dno tehnologijo","potentialAction":[{"@type":"SearchAction","target":{"@type":"EntryPoint","urlTemplate":"https:\/\/www.ntf.uni-lj.si\/igt\/?s={search_term_string}"},"query-input":"required name=search_term_string"}],"inLanguage":"en-US"},{"@type":"ImageObject","@id":"https:\/\/www.ntf.uni-lj.si\/igt\/event\/razstava-zgodbe-kamnin-montanistike\/#primaryimage","inLanguage":"en-US","url":"https:\/\/www.ntf.uni-lj.si\/igt\/wp-content\/uploads\/sites\/8\/2019\/09\/zgodbe_kamnin_mont.png","contentUrl":"https:\/\/www.ntf.uni-lj.si\/igt\/wp-content\/uploads\/sites\/8\/2019\/09\/zgodbe_kamnin_mont.png","width":418,"height":295},{"@type":"WebPage","@id":"https:\/\/www.ntf.uni-lj.si\/igt\/event\/razstava-zgodbe-kamnin-montanistike\/#webpage","url":"https:\/\/www.ntf.uni-lj.si\/igt\/event\/razstava-zgodbe-kamnin-montanistike\/","name":"Razstava Zgodbe kamnin montanistike - IGT","isPartOf":{"@id":"https:\/\/www.ntf.uni-lj.si\/igt\/#website"},"primaryImageOfPage":{"@id":"https:\/\/www.ntf.uni-lj.si\/igt\/event\/razstava-zgodbe-kamnin-montanistike\/#primaryimage"},"datePublished":"2019-09-23T05:56:32+00:00","dateModified":"2019-11-28T07:23:00+00:00","description":"V petek, 27. 9. 2019 ob 10. uri bo potekala Evropska no\u010d raziskovalcev. Zadnji dve leti je Oddelek za geologijo vklju\u010deni v projekt \"Humanities rocks\", ki","breadcrumb":{"@id":"https:\/\/www.ntf.uni-lj.si\/igt\/event\/razstava-zgodbe-kamnin-montanistike\/#breadcrumb"},"inLanguage":"en-US","potentialAction":[{"@type":"ReadAction","target":["https:\/\/www.ntf.uni-lj.si\/igt\/event\/razstava-zgodbe-kamnin-montanistike\/"]}]},{"@type":"BreadcrumbList","@id":"https:\/\/www.ntf.uni-lj.si\/igt\/event\/razstava-zgodbe-kamnin-montanistike\/#breadcrumb","itemListElement":[{"@type":"ListItem","position":1,"name":"Home","item":"https:\/\/www.ntf.uni-lj.si\/igt\/"},{"@type":"ListItem","position":2,"name":"Dogodki","item":"https:\/\/www.ntf.uni-lj.si\/igt\/event\/"},{"@type":"ListItem","position":3,"name":"Razstava Zgodbe kamnin montanistike"}]}]}},"_links":{"self":[{"href":"https:\/\/www.ntf.uni-lj.si\/igt\/wp-json\/wp\/v2\/event\/21258"}],"collection":[{"href":"https:\/\/www.ntf.uni-lj.si\/igt\/wp-json\/wp\/v2\/event"}],"about":[{"href":"https:\/\/www.ntf.uni-lj.si\/igt\/wp-json\/wp\/v2\/types\/event"}],"author":[{"embeddable":true,"href":"https:\/\/www.ntf.uni-lj.si\/igt\/wp-json\/wp\/v2\/users\/22"}],"version-history":[{"count":5,"href":"https:\/\/www.ntf.uni-lj.si\/igt\/wp-json\/wp\/v2\/event\/21258\/revisions"}],"predecessor-version":[{"id":21263,"href":"https:\/\/www.ntf.uni-lj.si\/igt\/wp-json\/wp\/v2\/event\/21258\/revisions\/21263"}],"wp:featuredmedia":[{"embeddable":true,"href":"https:\/\/www.ntf.uni-lj.si\/igt\/wp-json\/wp\/v2\/media\/21256"}],"wp:attachment":[{"href":"https:\/\/www.ntf.uni-lj.si\/igt\/wp-json\/wp\/v2\/media?parent=21258"}],"curies":[{"name":"wp","href":"https:\/\/api.w.org\/{rel}","templated":true}]}}

<div>
<div class="">
<div class="_1mf _1mj">V petek, <strong>27. 9. 2019</strong> ob <strong>10. uri</strong> bo potekala Evropska noč raziskovalcev. Zadnji dve leti je Oddelek za geologijo vključeni v projekt &#8220;Humanities rocks&#8221;, ki je eden od projektov v okviru Evropske noči raziskovalcev. V okviru projekta so se posvetili tudi naravnemu kamnu, ki krasi stavbo Montanistika. Rezultate dela bodo prvič v živo predstavili prav na dogodku Noč raziskovalcev.</div>
</div>
<div class=""></div>
<div class="">
<div class="_1mf _1mj">Projekt je bil izveden v sodelovanju s Katedro za informacijsko in grafično tehnologijo ter Geološkim zavodom Slovenije. Pripravili smo interaktivne vodnike preko katerih opisujemo zgodbe kamnin Montanistike. Predstavitev smo nadgradili z računalniško virtualno in obogateno resničnostjo, ki obiskovalcem nudi drugačno izkušnjo in pogled na stavbo.</div>
</div>
<div class=""></div>
<div class="">
<div class="_1mf _1mj">Vabljeni na otvoritev razstave &#8220;ZGODBE KAMNIN MONTANISTIKE&#8221; in voden ogled kamnin stavbe na Aškerčevi 12.</div>
</div>
</div>
<div><a href="https://www.ntf.uni-lj.si/igt/wp-content/uploads/sites/8/2019/09/zgodbe_kamnin_mont.png"><img loading="lazy" width="418" height="295" class="alignnone size-full wp-image-21256" src="https://www.ntf.uni-lj.si/igt/wp-content/uploads/sites/8/2019/09/zgodbe_kamnin_mont.png" alt="" srcset="https://www.ntf.uni-lj.si/igt/wp-content/uploads/sites/8/2019/09/zgodbe_kamnin_mont.png 418w, https://www.ntf.uni-lj.si/igt/wp-content/uploads/sites/8/2019/09/zgodbe_kamnin_mont-300x212.png 300w" sizes="(max-width: 418px) 100vw, 418px" /></a></div>

V petek, 27. 9. 2019 ob 10. uri bo potekala Evropska noč raziskovalcev. Zadnji dve leti je Oddelek za geologijo vključeni v projekt &#8220;Humanities rocks&#8221;, ki je eden od projektov v okviru Evropske noči raziskovalcev. V okviru projekta so se posvetili tudi naravnemu kamnu, ki krasi stavbo Montanistika. Rezultate dela bodo prvič v živo predstavili &#8230; <a class="view-article" href="https://www.ntf.uni-lj.si/igt/event/razstava-zgodbe-kamnin-montanistike/">Read more</a>

<!-- This site is optimized with the Yoast SEO plugin v17.0 - https://yoast.com/wordpress/plugins/seo/ -->
<meta name="description" content="V petek, 27. 9. 2019 ob 10. uri bo potekala Evropska noč raziskovalcev. Zadnji dve leti je Oddelek za geologijo vključeni v projekt &quot;Humanities rocks&quot;, ki" />
<meta name="robots" content="index, follow, max-snippet:-1, max-image-preview:large, max-video-preview:-1" />
<link rel="canonical" href="https://www.ntf.uni-lj.si/igt/event/razstava-zgodbe-kamnin-montanistike/" />
<meta property="og:locale" content="en_US" />
<meta property="og:type" content="article" />
<meta property="og:title" content="Razstava Zgodbe kamnin montanistike - IGT" />
<meta property="og:description" content="V petek, 27. 9. 2019 ob 10. uri bo potekala Evropska noč raziskovalcev. Zadnji dve leti je Oddelek za geologijo vključeni v projekt &quot;Humanities rocks&quot;, ki" />
<meta property="og:url" content="https://www.ntf.uni-lj.si/igt/event/razstava-zgodbe-kamnin-montanistike/" />
<meta property="og:site_name" content="IGT" />
<meta property="article:modified_time" content="2019-11-28T07:23:00+00:00" />
<meta property="og:image" content="https://www.ntf.uni-lj.si/igt/wp-content/uploads/sites/8/2019/09/zgodbe_kamnin_mont.png" />
	<meta property="og:image:width" content="418" />
	<meta property="og:image:height" content="295" />
<meta name="twitter:label1" content="Est. reading time" />
	<meta name="twitter:data1" content="1 minute" />
<script type="application/ld+json" class="yoast-schema-graph">{"@context":"https://schema.org","@graph":[{"@type":"WebSite","@id":"https://www.ntf.uni-lj.si/igt/#website","url":"https://www.ntf.uni-lj.si/igt/","name":"IGT","description":"Katedra za informacijsko in grafi\u010dno tehnologijo","potentialAction":[{"@type":"SearchAction","target":{"@type":"EntryPoint","urlTemplate":"https://www.ntf.uni-lj.si/igt/?s={search_term_string}"},"query-input":"required name=search_term_string"}],"inLanguage":"en-US"},{"@type":"ImageObject","@id":"https://www.ntf.uni-lj.si/igt/event/razstava-zgodbe-kamnin-montanistike/#primaryimage","inLanguage":"en-US","url":"https://www.ntf.uni-lj.si/igt/wp-content/uploads/sites/8/2019/09/zgodbe_kamnin_mont.png","contentUrl":"https://www.ntf.uni-lj.si/igt/wp-content/uploads/sites/8/2019/09/zgodbe_kamnin_mont.png","width":418,"height":295},{"@type":"WebPage","@id":"https://www.ntf.uni-lj.si/igt/event/razstava-zgodbe-kamnin-montanistike/#webpage","url":"https://www.ntf.uni-lj.si/igt/event/razstava-zgodbe-kamnin-montanistike/","name":"Razstava Zgodbe kamnin montanistike - IGT","isPartOf":{"@id":"https://www.ntf.uni-lj.si/igt/#website"},"primaryImageOfPage":{"@id":"https://www.ntf.uni-lj.si/igt/event/razstava-zgodbe-kamnin-montanistike/#primaryimage"},"datePublished":"2019-09-23T05:56:32+00:00","dateModified":"2019-11-28T07:23:00+00:00","description":"V petek, 27. 9. 2019 ob 10. uri bo potekala Evropska no\u010d raziskovalcev. Zadnji dve leti je Oddelek za geologijo vklju\u010deni v projekt \"Humanities rocks\", ki","breadcrumb":{"@id":"https://www.ntf.uni-lj.si/igt/event/razstava-zgodbe-kamnin-montanistike/#breadcrumb"},"inLanguage":"en-US","potentialAction":[{"@type":"ReadAction","target":["https://www.ntf.uni-lj.si/igt/event/razstava-zgodbe-kamnin-montanistike/"]}]},{"@type":"BreadcrumbList","@id":"https://www.ntf.uni-lj.si/igt/event/razstava-zgodbe-kamnin-montanistike/#breadcrumb","itemListElement":[{"@type":"ListItem","position":1,"name":"Home","item":"https://www.ntf.uni-lj.si/igt/"},{"@type":"ListItem","position":2,"name":"Dogodki","item":"https://www.ntf.uni-lj.si/igt/event/"},{"@type":"ListItem","position":3,"name":"Razstava Zgodbe kamnin montanistike"}]}]}</script>
<!-- / Yoast SEO plugin. -->

V petek, 27. 9. 2019 ob 10. uri bo potekala Evropska noč raziskovalcev. Zadnji dve leti je Oddelek za geologijo vključeni v projekt "Humanities rocks", ki

Katedra za informacijsko in grafično tehnologijo
