{"id":22345,"date":"2020-01-23T09:45:16","date_gmt":"2020-01-23T08:45:16","guid":{"rendered":"http:\/\/www.ntf.uni-lj.si\/igt\/?post_type=event&#038;p=22345"},"modified":"2020-01-23T09:47:16","modified_gmt":"2020-01-23T08:47:16","slug":"informativa-2020","status":"publish","type":"event","link":"https:\/\/www.ntf.uni-lj.si\/igt\/event\/informativa-2020\/","title":{"rendered":"Informativa 2020"},"content":{"rendered":"<p>Te zanima ve\u010d o na\u0161em \u0161tudiju? Vabljen na Informativo &#8211; sejem izobra\u017eevanja in poklicev! V petek, 24. 1., in v soboto, 25. 1., nas lahko najde\u0161 na Gospodarskem razstavi\u0161\u010du med 9. in 18. uro.<\/p>\n<p>Poi\u0161\u010dite nas znotraj Univerzitetnega mesta UL!<\/p>\n<p>Ve\u010d na <a href=\"https:\/\/www.informativa.si\/\">povezavi<\/a>.<\/p>\n<p><a href=\"https:\/\/www.ntf.uni-lj.si\/igt\/wp-content\/uploads\/sites\/8\/2020\/01\/informativa2020_banner.png\"><img loading=\"lazy\" decoding=\"async\" width=\"800\" height=\"450\" class=\"alignnone size-full wp-image-22346\" src=\"https:\/\/www.ntf.uni-lj.si\/igt\/wp-content\/uploads\/sites\/8\/2020\/01\/informativa2020_banner.png\" alt=\"\" srcset=\"https:\/\/www.ntf.uni-lj.si\/igt\/wp-content\/uploads\/sites\/8\/2020\/01\/informativa2020_banner.png 800w, https:\/\/www.ntf.uni-lj.si\/igt\/wp-content\/uploads\/sites\/8\/2020\/01\/informativa2020_banner-300x169.png 300w, https:\/\/www.ntf.uni-lj.si\/igt\/wp-content\/uploads\/sites\/8\/2020\/01\/informativa2020_banner-768x432.png 768w\" sizes=\"auto, (max-width: 800px) 100vw, 800px\" \/><\/a><\/p>\n","protected":false},"excerpt":{"rendered":"Te zanima ve\u010d o na\u0161em \u0161tudiju? Vabljen na Informativo &#8211; sejem izobra\u017eevanja in poklicev! V petek, 24. 1., in v soboto, 25. 1., nas lahko najde\u0161 na Gospodarskem razstavi\u0161\u010du med 9. in 18. uro. Poi\u0161\u010dite nas znotraj Univerzitetnega mesta UL! Ve\u010d na povezavi.","protected":false},"author":22,"featured_media":22346,"template":"","class_list":["post-22345","event","type-event","status-publish","has-post-thumbnail","hentry"],"acf":[],"_links":{"self":[{"href":"https:\/\/www.ntf.uni-lj.si\/igt\/wp-json\/wp\/v2\/event\/22345","targetHints":{"allow":["GET"]}}],"collection":[{"href":"https:\/\/www.ntf.uni-lj.si\/igt\/wp-json\/wp\/v2\/event"}],"about":[{"href":"https:\/\/www.ntf.uni-lj.si\/igt\/wp-json\/wp\/v2\/types\/event"}],"author":[{"embeddable":true,"href":"https:\/\/www.ntf.uni-lj.si\/igt\/wp-json\/wp\/v2\/users\/22"}],"version-history":[{"count":5,"href":"https:\/\/www.ntf.uni-lj.si\/igt\/wp-json\/wp\/v2\/event\/22345\/revisions"}],"predecessor-version":[{"id":22351,"href":"https:\/\/www.ntf.uni-lj.si\/igt\/wp-json\/wp\/v2\/event\/22345\/revisions\/22351"}],"wp:featuredmedia":[{"embeddable":true,"href":"https:\/\/www.ntf.uni-lj.si\/igt\/wp-json\/wp\/v2\/media\/22346"}],"wp:attachment":[{"href":"https:\/\/www.ntf.uni-lj.si\/igt\/wp-json\/wp\/v2\/media?parent=22345"}],"curies":[{"name":"wp","href":"https:\/\/api.w.org\/{rel}","templated":true}]}}

<p>Te zanima več o našem študiju? Vabljen na Informativo &#8211; sejem izobraževanja in poklicev! V petek, 24. 1., in v soboto, 25. 1., nas lahko najdeš na Gospodarskem razstavišču med 9. in 18. uro.</p>
<p>Poiščite nas znotraj Univerzitetnega mesta UL!</p>
<p>Več na <a href="https://www.informativa.si/">povezavi</a>.</p>
<p><a href="https://www.ntf.uni-lj.si/igt/wp-content/uploads/sites/8/2020/01/informativa2020_banner.png"><img loading="lazy" decoding="async" width="800" height="450" class="alignnone size-full wp-image-22346" src="https://www.ntf.uni-lj.si/igt/wp-content/uploads/sites/8/2020/01/informativa2020_banner.png" alt="" srcset="https://www.ntf.uni-lj.si/igt/wp-content/uploads/sites/8/2020/01/informativa2020_banner.png 800w, https://www.ntf.uni-lj.si/igt/wp-content/uploads/sites/8/2020/01/informativa2020_banner-300x169.png 300w, https://www.ntf.uni-lj.si/igt/wp-content/uploads/sites/8/2020/01/informativa2020_banner-768x432.png 768w" sizes="auto, (max-width: 800px) 100vw, 800px" /></a></p>

Te zanima več o našem študiju? Vabljen na Informativo &#8211; sejem izobraževanja in poklicev! V petek, 24. 1., in v soboto, 25. 1., nas lahko najdeš na Gospodarskem razstavišču med 9. in 18. uro. Poiščite nas znotraj Univerzitetnega mesta UL! Več na povezavi.
