{"id":23850,"date":"2020-05-22T10:35:20","date_gmt":"2020-05-22T08:35:20","guid":{"rendered":"http:\/\/www.ntf.uni-lj.si\/igt\/?post_type=event&#038;p=23850"},"modified":"2020-06-05T12:13:54","modified_gmt":"2020-06-05T10:13:54","slug":"projektni-teden-4","status":"publish","type":"event","link":"https:\/\/www.ntf.uni-lj.si\/igt\/event\/projektni-teden-4\/","title":{"rendered":"Projektni teden"},"content":{"rendered":"<p>Na Katedri za grafi\u010dno in informacijsko tehnologijo se v zadnjem tednu letnega semestra vsako leto odvija Projektni teden. \u0160tudenti \u0161tudijskih programov prve stopnje Grafi\u010dna in medijska tehnika ter Grafi\u010dne in interaktivne komunikacije predstavijo svoje projekte, ki so jih razvijali tekom \u0161tudijskega leta.<\/p>\n<p>Tokrat je nekaj razstav na voljo v fizi\u010dni obliki,\u00a0nekatere pa se selijo na splet. Seznam vseh razstav in dogodkov v fizi\u010dni in virtualni obliki\u00a0je objavljen\u00a0spodaj.<\/p>\n<p><a href=\"https:\/\/www.ntf.uni-lj.si\/igt\/wp-content\/uploads\/sites\/8\/2020\/05\/202005_projektniteden-01.png\"><img loading=\"lazy\" decoding=\"async\" width=\"1024\" height=\"536\" class=\"alignnone size-large wp-image-23851\" src=\"https:\/\/www.ntf.uni-lj.si\/igt\/wp-content\/uploads\/sites\/8\/2020\/05\/202005_projektniteden-01-1024x536.png\" alt=\"\" srcset=\"https:\/\/www.ntf.uni-lj.si\/igt\/wp-content\/uploads\/sites\/8\/2020\/05\/202005_projektniteden-01-1024x536.png 1024w, https:\/\/www.ntf.uni-lj.si\/igt\/wp-content\/uploads\/sites\/8\/2020\/05\/202005_projektniteden-01-300x157.png 300w, https:\/\/www.ntf.uni-lj.si\/igt\/wp-content\/uploads\/sites\/8\/2020\/05\/202005_projektniteden-01-768x402.png 768w\" sizes=\"auto, (max-width: 1024px) 100vw, 1024px\" \/><\/a><\/p>\n","protected":false},"excerpt":{"rendered":"Na Katedri za grafi\u010dno in informacijsko tehnologijo se v zadnjem tednu letnega semestra vsako leto odvija Projektni teden. \u0160tudenti \u0161tudijskih programov prve stopnje Grafi\u010dna in medijska tehnika ter Grafi\u010dne in interaktivne komunikacije predstavijo svoje projekte, ki so jih razvijali tekom \u0161tudijskega leta. Tokrat je nekaj razstav na voljo v fizi\u010dni obliki,\u00a0nekatere pa se selijo na &#8230; <a class=\"view-article\" href=\"https:\/\/www.ntf.uni-lj.si\/igt\/event\/projektni-teden-4\/\">Read more<\/a>","protected":false},"author":22,"featured_media":23851,"template":"","class_list":["post-23850","event","type-event","status-publish","has-post-thumbnail","hentry"],"acf":[],"_links":{"self":[{"href":"https:\/\/www.ntf.uni-lj.si\/igt\/wp-json\/wp\/v2\/event\/23850","targetHints":{"allow":["GET"]}}],"collection":[{"href":"https:\/\/www.ntf.uni-lj.si\/igt\/wp-json\/wp\/v2\/event"}],"about":[{"href":"https:\/\/www.ntf.uni-lj.si\/igt\/wp-json\/wp\/v2\/types\/event"}],"author":[{"embeddable":true,"href":"https:\/\/www.ntf.uni-lj.si\/igt\/wp-json\/wp\/v2\/users\/22"}],"version-history":[{"count":22,"href":"https:\/\/www.ntf.uni-lj.si\/igt\/wp-json\/wp\/v2\/event\/23850\/revisions"}],"predecessor-version":[{"id":24076,"href":"https:\/\/www.ntf.uni-lj.si\/igt\/wp-json\/wp\/v2\/event\/23850\/revisions\/24076"}],"wp:featuredmedia":[{"embeddable":true,"href":"https:\/\/www.ntf.uni-lj.si\/igt\/wp-json\/wp\/v2\/media\/23851"}],"wp:attachment":[{"href":"https:\/\/www.ntf.uni-lj.si\/igt\/wp-json\/wp\/v2\/media?parent=23850"}],"curies":[{"name":"wp","href":"https:\/\/api.w.org\/{rel}","templated":true}]}}

<p>Na Katedri za grafično in informacijsko tehnologijo se v zadnjem tednu letnega semestra vsako leto odvija Projektni teden. Študenti študijskih programov prve stopnje Grafična in medijska tehnika ter Grafične in interaktivne komunikacije predstavijo svoje projekte, ki so jih razvijali tekom študijskega leta.</p>
<p>Tokrat je nekaj razstav na voljo v fizični obliki, nekatere pa se selijo na splet. Seznam vseh razstav in dogodkov v fizični in virtualni obliki je objavljen spodaj.</p>
<p><a href="https://www.ntf.uni-lj.si/igt/wp-content/uploads/sites/8/2020/05/202005_projektniteden-01.png"><img loading="lazy" decoding="async" width="1024" height="536" class="alignnone size-large wp-image-23851" src="https://www.ntf.uni-lj.si/igt/wp-content/uploads/sites/8/2020/05/202005_projektniteden-01-1024x536.png" alt="" srcset="https://www.ntf.uni-lj.si/igt/wp-content/uploads/sites/8/2020/05/202005_projektniteden-01-1024x536.png 1024w, https://www.ntf.uni-lj.si/igt/wp-content/uploads/sites/8/2020/05/202005_projektniteden-01-300x157.png 300w, https://www.ntf.uni-lj.si/igt/wp-content/uploads/sites/8/2020/05/202005_projektniteden-01-768x402.png 768w" sizes="auto, (max-width: 1024px) 100vw, 1024px" /></a></p>

Na Katedri za grafično in informacijsko tehnologijo se v zadnjem tednu letnega semestra vsako leto odvija Projektni teden. Študenti študijskih programov prve stopnje Grafična in medijska tehnika ter Grafične in interaktivne komunikacije predstavijo svoje projekte, ki so jih razvijali tekom študijskega leta. Tokrat je nekaj razstav na voljo v fizični obliki, nekatere pa se selijo na &#8230; <a class="view-article" href="https://www.ntf.uni-lj.si/igt/event/projektni-teden-4/">Read more</a>
