{"id":26443,"date":"2021-02-01T09:12:43","date_gmt":"2021-02-01T08:12:43","guid":{"rendered":"http:\/\/www.ntf.uni-lj.si\/igt\/?post_type=event&#038;p=26443"},"modified":"2021-02-12T16:55:41","modified_gmt":"2021-02-12T15:55:41","slug":"informativni-dnevi","status":"publish","type":"event","link":"https:\/\/www.ntf.uni-lj.si\/igt\/event\/informativni-dnevi\/","title":{"rendered":"Informativni dnevi"},"content":{"rendered":"<p>Vabljeni na informativni dan za dodiplomske \u0161tudije s podro\u010dja grafike! Predstavili vam bomo dva \u0161tudijska programa, in sicer visoko\u0161olski \u0161tudijski program <strong>Grafi\u010dna in medijska tehnika<\/strong> ter univerzitetni \u0161tudijski program <strong>Grafi\u010dne in interaktivne komunikacije<\/strong>.<\/p>\n<p>Predstavitve bodo potekale v petek in soboto, <strong>12. in 13. februarja<\/strong>, po razporedu spodaj. S klikom na posamezni dogodek se boste priklju\u010dili virtualni predstavitvi na Zoomu. Se vidimo!<\/p>\n<p>&nbsp;<\/p>\n<h4><strong>Grafi\u010dna in medijska tehnika &#8211; visoko\u0161olski \u0161tudijski program:<\/strong><\/h4>\n<ul>\n<li>petek, 12. februar, ob 10.00,<\/li>\n<li>petek, 12. februar, ob 15.00,<\/li>\n<li><a href=\"https:\/\/uni-lj-si.zoom.us\/j\/96774613354?pwd=TW9HcytKZ2hIWkNkQldyeDljM1dhQT09\">sobota, 13. februar, ob 10.00<\/a>\u00a0(skupna predstavitev GMT in GIK).<\/li>\n<\/ul>\n<p>&nbsp;<\/p>\n<h4><strong>Grafi\u010dne in interaktivne komunikacije &#8211; univerzitetni \u0161tudijski program:<\/strong><\/h4>\n<ul>\n<li>petek, 12. februar, ob 10.00,<\/li>\n<li>petek, 12. februar, ob 15.00,<\/li>\n<li><a href=\"https:\/\/uni-lj-si.zoom.us\/j\/96774613354?pwd=TW9HcytKZ2hIWkNkQldyeDljM1dhQT09\">sobota, 13. februar, ob 10.00<\/a> (skupna predstavitev GMT in GIK).<\/li>\n<\/ul>\n<p>&nbsp;<\/p>\n<p>\u010ce te zanima ve\u010d informacij o \u0161tudijih, jih najde\u0161 <a href=\"https:\/\/www.ntf.uni-lj.si\/igt\/\">tukaj<\/a>.<\/p>\n","protected":false},"excerpt":{"rendered":"Vabljeni na informativni dan za dodiplomske \u0161tudije s podro\u010dja grafike! Predstavili vam bomo dva \u0161tudijska programa, in sicer visoko\u0161olski \u0161tudijski program Grafi\u010dna in medijska tehnika ter univerzitetni \u0161tudijski program Grafi\u010dne in interaktivne komunikacije. Predstavitve bodo potekale v petek in soboto, 12. in 13. februarja, po razporedu spodaj. S klikom na posamezni dogodek se boste priklju\u010dili &#8230; <a class=\"view-article\" href=\"https:\/\/www.ntf.uni-lj.si\/igt\/event\/informativni-dnevi\/\">Read more<\/a>","protected":false},"author":22,"featured_media":26444,"template":"","class_list":["post-26443","event","type-event","status-publish","has-post-thumbnail","hentry"],"acf":[],"_links":{"self":[{"href":"https:\/\/www.ntf.uni-lj.si\/igt\/wp-json\/wp\/v2\/event\/26443","targetHints":{"allow":["GET"]}}],"collection":[{"href":"https:\/\/www.ntf.uni-lj.si\/igt\/wp-json\/wp\/v2\/event"}],"about":[{"href":"https:\/\/www.ntf.uni-lj.si\/igt\/wp-json\/wp\/v2\/types\/event"}],"author":[{"embeddable":true,"href":"https:\/\/www.ntf.uni-lj.si\/igt\/wp-json\/wp\/v2\/users\/22"}],"version-history":[{"count":8,"href":"https:\/\/www.ntf.uni-lj.si\/igt\/wp-json\/wp\/v2\/event\/26443\/revisions"}],"predecessor-version":[{"id":26600,"href":"https:\/\/www.ntf.uni-lj.si\/igt\/wp-json\/wp\/v2\/event\/26443\/revisions\/26600"}],"wp:featuredmedia":[{"embeddable":true,"href":"https:\/\/www.ntf.uni-lj.si\/igt\/wp-json\/wp\/v2\/media\/26444"}],"wp:attachment":[{"href":"https:\/\/www.ntf.uni-lj.si\/igt\/wp-json\/wp\/v2\/media?parent=26443"}],"curies":[{"name":"wp","href":"https:\/\/api.w.org\/{rel}","templated":true}]}}

<p>Vabljeni na informativni dan za dodiplomske študije s področja grafike! Predstavili vam bomo dva študijska programa, in sicer visokošolski študijski program <strong>Grafična in medijska tehnika</strong> ter univerzitetni študijski program <strong>Grafične in interaktivne komunikacije</strong>.</p>
<p>Predstavitve bodo potekale v petek in soboto, <strong>12. in 13. februarja</strong>, po razporedu spodaj. S klikom na posamezni dogodek se boste priključili virtualni predstavitvi na Zoomu. Se vidimo!</p>
<p>&nbsp;</p>
<h4><strong>Grafična in medijska tehnika &#8211; visokošolski študijski program:</strong></h4>
<ul>
<li>petek, 12. februar, ob 10.00,</li>
<li>petek, 12. februar, ob 15.00,</li>
<li><a href="https://uni-lj-si.zoom.us/j/96774613354?pwd=TW9HcytKZ2hIWkNkQldyeDljM1dhQT09">sobota, 13. februar, ob 10.00</a> (skupna predstavitev GMT in GIK).</li>
</ul>
<p>&nbsp;</p>
<h4><strong>Grafične in interaktivne komunikacije &#8211; univerzitetni študijski program:</strong></h4>
<ul>
<li>petek, 12. februar, ob 10.00,</li>
<li>petek, 12. februar, ob 15.00,</li>
<li><a href="https://uni-lj-si.zoom.us/j/96774613354?pwd=TW9HcytKZ2hIWkNkQldyeDljM1dhQT09">sobota, 13. februar, ob 10.00</a> (skupna predstavitev GMT in GIK).</li>
</ul>
<p>&nbsp;</p>
<p>Če te zanima več informacij o študijih, jih najdeš <a href="https://www.ntf.uni-lj.si/igt/">tukaj</a>.</p>

Vabljeni na informativni dan za dodiplomske študije s področja grafike! Predstavili vam bomo dva študijska programa, in sicer visokošolski študijski program Grafična in medijska tehnika ter univerzitetni študijski program Grafične in interaktivne komunikacije. Predstavitve bodo potekale v petek in soboto, 12. in 13. februarja, po razporedu spodaj. S klikom na posamezni dogodek se boste priključili &#8230; <a class="view-article" href="https://www.ntf.uni-lj.si/igt/event/informativni-dnevi/">Read more</a>
