{"id":27938,"date":"2021-05-21T14:32:38","date_gmt":"2021-05-21T12:32:38","guid":{"rendered":"http:\/\/www.ntf.uni-lj.si\/igt\/?post_type=event&#038;p=27938"},"modified":"2021-05-21T14:32:38","modified_gmt":"2021-05-21T12:32:38","slug":"izberi-si-6","status":"publish","type":"event","link":"https:\/\/www.ntf.uni-lj.si\/igt\/event\/izberi-si-6\/","title":{"rendered":"Izberi.si"},"content":{"rendered":"<p>Ne ve\u0161, katere izbirne predmete \u017eeli\u0161 opravljati v naslednjem \u0161tudijskem letu? Pridru\u017ei se nam na dogodku Izberi.si, kjer bomo izvjalci izbirnih predmetov predstavili vsebine, ki jih obravnavamo pri predavanjih in vajah.<\/p>\n<p>Dobimo se na MS Teams <strong>v ponedeljek, 31. 5., ob 11. uri<\/strong>. <a href=\"https:\/\/bit.ly\/3tYB0uT\">Klik na povezavo<\/a> te pripelje v videoklic.<\/p>\n<p>Pred tem pa si lahko ogleda\u0161 predmetnik ter pripravi\u0161 vpra\u0161anja \ud83d\ude42<\/p>\n<ul>\n<li><a href=\"https:\/\/www.ntf.uni-lj.si\/igt\/studij\/1-stopnja\/graficne-in-interaktivne-komunikacije\/predmetnik\/\">predmetnik GIK<\/a><\/li>\n<li><a href=\"https:\/\/www.ntf.uni-lj.si\/igt\/studij\/1-stopnja\/graficna-in-medijska-tehnika\/predmetnik\/\">predmetnik GMT<\/a><\/li>\n<\/ul>\n","protected":false},"excerpt":{"rendered":"Ne ve\u0161, katere izbirne predmete \u017eeli\u0161 opravljati v naslednjem \u0161tudijskem letu? Pridru\u017ei se nam na dogodku Izberi.si, kjer bomo izvjalci izbirnih predmetov predstavili vsebine, ki jih obravnavamo pri predavanjih in vajah. Dobimo se na MS Teams v ponedeljek, 31. 5., ob 11. uri. Klik na povezavo te pripelje v videoklic. Pred tem pa si lahko &#8230; <a class=\"view-article\" href=\"https:\/\/www.ntf.uni-lj.si\/igt\/event\/izberi-si-6\/\">Read more<\/a>","protected":false},"author":22,"featured_media":27939,"template":"","class_list":["post-27938","event","type-event","status-publish","has-post-thumbnail","hentry"],"acf":[],"_links":{"self":[{"href":"https:\/\/www.ntf.uni-lj.si\/igt\/wp-json\/wp\/v2\/event\/27938","targetHints":{"allow":["GET"]}}],"collection":[{"href":"https:\/\/www.ntf.uni-lj.si\/igt\/wp-json\/wp\/v2\/event"}],"about":[{"href":"https:\/\/www.ntf.uni-lj.si\/igt\/wp-json\/wp\/v2\/types\/event"}],"author":[{"embeddable":true,"href":"https:\/\/www.ntf.uni-lj.si\/igt\/wp-json\/wp\/v2\/users\/22"}],"version-history":[{"count":1,"href":"https:\/\/www.ntf.uni-lj.si\/igt\/wp-json\/wp\/v2\/event\/27938\/revisions"}],"predecessor-version":[{"id":27940,"href":"https:\/\/www.ntf.uni-lj.si\/igt\/wp-json\/wp\/v2\/event\/27938\/revisions\/27940"}],"wp:featuredmedia":[{"embeddable":true,"href":"https:\/\/www.ntf.uni-lj.si\/igt\/wp-json\/wp\/v2\/media\/27939"}],"wp:attachment":[{"href":"https:\/\/www.ntf.uni-lj.si\/igt\/wp-json\/wp\/v2\/media?parent=27938"}],"curies":[{"name":"wp","href":"https:\/\/api.w.org\/{rel}","templated":true}]}}

<p>Ne veš, katere izbirne predmete želiš opravljati v naslednjem študijskem letu? Pridruži se nam na dogodku Izberi.si, kjer bomo izvjalci izbirnih predmetov predstavili vsebine, ki jih obravnavamo pri predavanjih in vajah.</p>
<p>Dobimo se na MS Teams <strong>v ponedeljek, 31. 5., ob 11. uri</strong>. <a href="https://bit.ly/3tYB0uT">Klik na povezavo</a> te pripelje v videoklic.</p>
<p>Pred tem pa si lahko ogledaš predmetnik ter pripraviš vprašanja 🙂</p>
<ul>
<li><a href="https://www.ntf.uni-lj.si/igt/studij/1-stopnja/graficne-in-interaktivne-komunikacije/predmetnik/">predmetnik GIK</a></li>
<li><a href="https://www.ntf.uni-lj.si/igt/studij/1-stopnja/graficna-in-medijska-tehnika/predmetnik/">predmetnik GMT</a></li>
</ul>

Ne veš, katere izbirne predmete želiš opravljati v naslednjem študijskem letu? Pridruži se nam na dogodku Izberi.si, kjer bomo izvjalci izbirnih predmetov predstavili vsebine, ki jih obravnavamo pri predavanjih in vajah. Dobimo se na MS Teams v ponedeljek, 31. 5., ob 11. uri. Klik na povezavo te pripelje v videoklic. Pred tem pa si lahko &#8230; <a class="view-article" href="https://www.ntf.uni-lj.si/igt/event/izberi-si-6/">Read more</a>
