{"id":28929,"date":"2021-09-30T09:13:55","date_gmt":"2021-09-30T07:13:55","guid":{"rendered":"https:\/\/www.ntf.uni-lj.si\/igt\/?post_type=event&#038;p=28929"},"modified":"2021-09-30T09:13:55","modified_gmt":"2021-09-30T07:13:55","slug":"pozdrav-brucem","status":"publish","type":"event","link":"https:\/\/www.ntf.uni-lj.si\/igt\/event\/pozdrav-brucem\/","title":{"rendered":"Pozdrav brucem"},"content":{"rendered":"<p>Pozdrav brucem na Naravoslovnotehni\u0161ki fakulteti bo potekal <strong>v ponedeljek, 4. 10.<\/strong>, pri predavanjih po slede\u010dem razporedu:<\/p>\n<ul>\n<li>1. letnik Grafi\u010dne in interaktivne komunikacije (GIK): 8.00 \u2013pri predmetu Tiskarski postopki (in nadaljujete s predavanji),<\/li>\n<li>1. letnik Grafi\u010dne in medijske tehnike (GMT): 9.00 \u2013 pri predmetu Uvod v grafi\u010dne medije (izjemoma pri\u010detek ob 9h in nadaljujete s predavanji),<\/li>\n<li>1. letnik Grafi\u010dne in interaktivne komunikacije-magistrski (GIKM): s predavanji pri\u010dnete \u017ee zjutraj po urniku, pozdrav brucem bo ob 13.30 \u2013 pri predavanju Vizualizacija informacij.<\/li>\n<\/ul>\n<p>Uporabne povezave:<\/p>\n<ul>\n<li><a href=\"http:\/\/www.grafika.si\/urniki\">urniki<\/a>,<\/li>\n<li><a href=\"http:\/\/www.grafika.si\/zemljevid\">zemljevid<\/a>,<\/li>\n<li><a href=\"http:\/\/grafika.si\/prostori\">prostori<\/a>,<\/li>\n<li><a href=\"http:\/\/www.grafika.si\/vis\">VIS<\/a>.<\/li>\n<\/ul>\n<p>Uspe\u0161no \u0161tudijsko leto!<\/p>\n","protected":false},"excerpt":{"rendered":"Pozdrav brucem na Naravoslovnotehni\u0161ki fakulteti bo potekal v ponedeljek, 4. 10., pri predavanjih po slede\u010dem razporedu: 1. letnik Grafi\u010dne in interaktivne komunikacije (GIK): 8.00 \u2013pri predmetu Tiskarski postopki (in nadaljujete s predavanji), 1. letnik Grafi\u010dne in medijske tehnike (GMT): 9.00 \u2013 pri predmetu Uvod v grafi\u010dne medije (izjemoma pri\u010detek ob 9h in nadaljujete s predavanji), &#8230; <a class=\"view-article\" href=\"https:\/\/www.ntf.uni-lj.si\/igt\/event\/pozdrav-brucem\/\">Read more<\/a>","protected":false},"author":22,"featured_media":28930,"template":"","class_list":["post-28929","event","type-event","status-publish","has-post-thumbnail","hentry"],"acf":[],"_links":{"self":[{"href":"https:\/\/www.ntf.uni-lj.si\/igt\/wp-json\/wp\/v2\/event\/28929","targetHints":{"allow":["GET"]}}],"collection":[{"href":"https:\/\/www.ntf.uni-lj.si\/igt\/wp-json\/wp\/v2\/event"}],"about":[{"href":"https:\/\/www.ntf.uni-lj.si\/igt\/wp-json\/wp\/v2\/types\/event"}],"author":[{"embeddable":true,"href":"https:\/\/www.ntf.uni-lj.si\/igt\/wp-json\/wp\/v2\/users\/22"}],"version-history":[{"count":1,"href":"https:\/\/www.ntf.uni-lj.si\/igt\/wp-json\/wp\/v2\/event\/28929\/revisions"}],"predecessor-version":[{"id":28931,"href":"https:\/\/www.ntf.uni-lj.si\/igt\/wp-json\/wp\/v2\/event\/28929\/revisions\/28931"}],"wp:featuredmedia":[{"embeddable":true,"href":"https:\/\/www.ntf.uni-lj.si\/igt\/wp-json\/wp\/v2\/media\/28930"}],"wp:attachment":[{"href":"https:\/\/www.ntf.uni-lj.si\/igt\/wp-json\/wp\/v2\/media?parent=28929"}],"curies":[{"name":"wp","href":"https:\/\/api.w.org\/{rel}","templated":true}]}}

<p>Pozdrav brucem na Naravoslovnotehniški fakulteti bo potekal <strong>v ponedeljek, 4. 10.</strong>, pri predavanjih po sledečem razporedu:</p>
<ul>
<li>1. letnik Grafične in interaktivne komunikacije (GIK): 8.00 –pri predmetu Tiskarski postopki (in nadaljujete s predavanji),</li>
<li>1. letnik Grafične in medijske tehnike (GMT): 9.00 – pri predmetu Uvod v grafične medije (izjemoma pričetek ob 9h in nadaljujete s predavanji),</li>
<li>1. letnik Grafične in interaktivne komunikacije-magistrski (GIKM): s predavanji pričnete že zjutraj po urniku, pozdrav brucem bo ob 13.30 – pri predavanju Vizualizacija informacij.</li>
</ul>
<p>Uporabne povezave:</p>
<ul>
<li><a href="http://www.grafika.si/urniki">urniki</a>,</li>
<li><a href="http://www.grafika.si/zemljevid">zemljevid</a>,</li>
<li><a href="http://grafika.si/prostori">prostori</a>,</li>
<li><a href="http://www.grafika.si/vis">VIS</a>.</li>
</ul>
<p>Uspešno študijsko leto!</p>

Pozdrav brucem na Naravoslovnotehniški fakulteti bo potekal v ponedeljek, 4. 10., pri predavanjih po sledečem razporedu: 1. letnik Grafične in interaktivne komunikacije (GIK): 8.00 –pri predmetu Tiskarski postopki (in nadaljujete s predavanji), 1. letnik Grafične in medijske tehnike (GMT): 9.00 – pri predmetu Uvod v grafične medije (izjemoma pričetek ob 9h in nadaljujete s predavanji), &#8230; <a class="view-article" href="https://www.ntf.uni-lj.si/igt/event/pozdrav-brucem/">Read more</a>
