{"id":29965,"date":"2022-01-19T10:35:49","date_gmt":"2022-01-19T09:35:49","guid":{"rendered":"https:\/\/www.ntf.uni-lj.si\/igt\/?post_type=event&#038;p=29965"},"modified":"2022-02-01T09:08:31","modified_gmt":"2022-02-01T08:08:31","slug":"informativni-dnevi-2","status":"publish","type":"event","link":"https:\/\/www.ntf.uni-lj.si\/igt\/event\/informativni-dnevi-2\/","title":{"rendered":"Informativni dnevi"},"content":{"rendered":"<p>Vabljeni na informativni dan za dodiplomske \u0161tudije s podro\u010dja grafike! Predstavili vam bomo dva \u0161tudijska programa, in sicer visoko\u0161olski \u0161tudijski program <strong>Grafi\u010dna in medijska tehnika<\/strong> ter univerzitetni \u0161tudijski program <strong>Grafi\u010dne in interaktivne komunikacije<\/strong>.<\/p>\n<p>Predstavitve bodo potekale v petek in soboto, <strong>11. in 12. februarja<\/strong>, po razporedu spodaj. S klikom na posamezni dogodek se boste priklju\u010dili virtualni predstavitvi na Zoomu.<\/p>\n<h4><strong>Grafi\u010dna in medijska tehnika &#8211; visoko\u0161olski \u0161tudijski program:<\/strong><\/h4>\n<ul>\n<li>petek, 11. februar, ob 10.00 (<a href=\"https:\/\/uni-lj-si.zoom.us\/j\/92695080374\">povezava Zoom<\/a>),<\/li>\n<li>petek, 11. februar, ob 15.00 (<a href=\"https:\/\/uni-lj-si.zoom.us\/j\/92695080374\">povezava Zoom<\/a>),<\/li>\n<li>sobota, 12. februar, ob 10.00 (skupna predstavitev GMT in GIK &#8211; <a href=\"https:\/\/uni-lj-si.zoom.us\/j\/93866864396\">povezava Zoom<\/a>).<\/li>\n<\/ul>\n<h4><strong>Grafi\u010dne in interaktivne komunikacije &#8211; univerzitetni \u0161tudijski program:<\/strong><\/h4>\n<ul>\n<li>petek, 11. februar, ob 10.00 (<a href=\"https:\/\/uni-lj-si.zoom.us\/j\/98420146163\">povezava Zoom<\/a>),<\/li>\n<li>petek, 11. februar, ob 15.00 (<a href=\"https:\/\/uni-lj-si.zoom.us\/j\/98420146163\">povezava Zoom<\/a>),<\/li>\n<li>sobota, 12. februar, ob 10.00 (skupna predstavitev GMT in GIK &#8211; <a href=\"https:\/\/uni-lj-si.zoom.us\/j\/93866864396\">povezava Zoom<\/a>).<\/li>\n<\/ul>\n<p>\u010ce te zanima ve\u010d informacij o \u0161tudijih, jih najde\u0161 <a href=\"https:\/\/www.ntf.uni-lj.si\/igt\/\">tukaj<\/a>.<\/p>\n","protected":false},"excerpt":{"rendered":"Vabljeni na informativni dan za dodiplomske \u0161tudije s podro\u010dja grafike! Predstavili vam bomo dva \u0161tudijska programa, in sicer visoko\u0161olski \u0161tudijski program Grafi\u010dna in medijska tehnika ter univerzitetni \u0161tudijski program Grafi\u010dne in interaktivne komunikacije. Predstavitve bodo potekale v petek in soboto, 11. in 12. februarja, po razporedu spodaj. S klikom na posamezni dogodek se boste priklju\u010dili &#8230; <a class=\"view-article\" href=\"https:\/\/www.ntf.uni-lj.si\/igt\/event\/informativni-dnevi-2\/\">Read more<\/a>","protected":false},"author":22,"featured_media":5324,"template":"","class_list":["post-29965","event","type-event","status-publish","has-post-thumbnail","hentry"],"acf":[],"_links":{"self":[{"href":"https:\/\/www.ntf.uni-lj.si\/igt\/wp-json\/wp\/v2\/event\/29965","targetHints":{"allow":["GET"]}}],"collection":[{"href":"https:\/\/www.ntf.uni-lj.si\/igt\/wp-json\/wp\/v2\/event"}],"about":[{"href":"https:\/\/www.ntf.uni-lj.si\/igt\/wp-json\/wp\/v2\/types\/event"}],"author":[{"embeddable":true,"href":"https:\/\/www.ntf.uni-lj.si\/igt\/wp-json\/wp\/v2\/users\/22"}],"version-history":[{"count":5,"href":"https:\/\/www.ntf.uni-lj.si\/igt\/wp-json\/wp\/v2\/event\/29965\/revisions"}],"predecessor-version":[{"id":30079,"href":"https:\/\/www.ntf.uni-lj.si\/igt\/wp-json\/wp\/v2\/event\/29965\/revisions\/30079"}],"wp:attachment":[{"href":"https:\/\/www.ntf.uni-lj.si\/igt\/wp-json\/wp\/v2\/media?parent=29965"}],"curies":[{"name":"wp","href":"https:\/\/api.w.org\/{rel}","templated":true}]}}

<p>Vabljeni na informativni dan za dodiplomske študije s področja grafike! Predstavili vam bomo dva študijska programa, in sicer visokošolski študijski program <strong>Grafična in medijska tehnika</strong> ter univerzitetni študijski program <strong>Grafične in interaktivne komunikacije</strong>.</p>
<p>Predstavitve bodo potekale v petek in soboto, <strong>11. in 12. februarja</strong>, po razporedu spodaj. S klikom na posamezni dogodek se boste priključili virtualni predstavitvi na Zoomu.</p>
<h4><strong>Grafična in medijska tehnika &#8211; visokošolski študijski program:</strong></h4>
<ul>
<li>petek, 11. februar, ob 10.00 (<a href="https://uni-lj-si.zoom.us/j/92695080374">povezava Zoom</a>),</li>
<li>petek, 11. februar, ob 15.00 (<a href="https://uni-lj-si.zoom.us/j/92695080374">povezava Zoom</a>),</li>
<li>sobota, 12. februar, ob 10.00 (skupna predstavitev GMT in GIK &#8211; <a href="https://uni-lj-si.zoom.us/j/93866864396">povezava Zoom</a>).</li>
</ul>
<h4><strong>Grafične in interaktivne komunikacije &#8211; univerzitetni študijski program:</strong></h4>
<ul>
<li>petek, 11. februar, ob 10.00 (<a href="https://uni-lj-si.zoom.us/j/98420146163">povezava Zoom</a>),</li>
<li>petek, 11. februar, ob 15.00 (<a href="https://uni-lj-si.zoom.us/j/98420146163">povezava Zoom</a>),</li>
<li>sobota, 12. februar, ob 10.00 (skupna predstavitev GMT in GIK &#8211; <a href="https://uni-lj-si.zoom.us/j/93866864396">povezava Zoom</a>).</li>
</ul>
<p>Če te zanima več informacij o študijih, jih najdeš <a href="https://www.ntf.uni-lj.si/igt/">tukaj</a>.</p>

Vabljeni na informativni dan za dodiplomske študije s področja grafike! Predstavili vam bomo dva študijska programa, in sicer visokošolski študijski program Grafična in medijska tehnika ter univerzitetni študijski program Grafične in interaktivne komunikacije. Predstavitve bodo potekale v petek in soboto, 11. in 12. februarja, po razporedu spodaj. S klikom na posamezni dogodek se boste priključili &#8230; <a class="view-article" href="https://www.ntf.uni-lj.si/igt/event/informativni-dnevi-2/">Read more</a>
