{"id":30513,"date":"2022-02-21T13:49:48","date_gmt":"2022-02-21T12:49:48","guid":{"rendered":"https:\/\/www.ntf.uni-lj.si\/igt\/?post_type=event&#038;p=30513"},"modified":"2022-02-21T13:50:01","modified_gmt":"2022-02-21T12:50:01","slug":"vodenje-po-razstavah","status":"publish","type":"event","link":"https:\/\/www.ntf.uni-lj.si\/igt\/event\/vodenje-po-razstavah\/","title":{"rendered":"Vodenje po razstavah"},"content":{"rendered":"<p>Vsako sredo v marcu vas ob 15. uri vabimo na voden ogled po aktualnih razstavah \u0161tudentskih del \u0161tudentov grafike. Po prostorih na Sne\u017eni\u0161ki 5 vas bomo vodili zaposleni, ogled pa bo trajal pribli\u017eno eno uro. Dobimo se v avli v pritli\u010dju. Se vidimo 2., 9., 16., 23. in 30 marca!<\/p>\n<p>Seznam razstav je objavljen na <a href=\"https:\/\/www.ntf.uni-lj.si\/igt\/news\/voden-ogled-aktualnih-razstav\/\">povezavi<\/a>.<\/p>\n","protected":false},"excerpt":{"rendered":"Vsako sredo v marcu vas ob 15. uri vabimo na voden ogled po aktualnih razstavah \u0161tudentskih del \u0161tudentov grafike. Po prostorih na Sne\u017eni\u0161ki 5 vas bomo vodili zaposleni, ogled pa bo trajal pribli\u017eno eno uro. Dobimo se v avli v pritli\u010dju. Se vidimo 2., 9., 16., 23. in 30 marca! Seznam razstav je objavljen na &#8230; <a class=\"view-article\" href=\"https:\/\/www.ntf.uni-lj.si\/igt\/event\/vodenje-po-razstavah\/\">Read more<\/a>","protected":false},"author":22,"featured_media":5578,"template":"","class_list":["post-30513","event","type-event","status-publish","has-post-thumbnail","hentry"],"acf":[],"_links":{"self":[{"href":"https:\/\/www.ntf.uni-lj.si\/igt\/wp-json\/wp\/v2\/event\/30513","targetHints":{"allow":["GET"]}}],"collection":[{"href":"https:\/\/www.ntf.uni-lj.si\/igt\/wp-json\/wp\/v2\/event"}],"about":[{"href":"https:\/\/www.ntf.uni-lj.si\/igt\/wp-json\/wp\/v2\/types\/event"}],"author":[{"embeddable":true,"href":"https:\/\/www.ntf.uni-lj.si\/igt\/wp-json\/wp\/v2\/users\/22"}],"version-history":[{"count":1,"href":"https:\/\/www.ntf.uni-lj.si\/igt\/wp-json\/wp\/v2\/event\/30513\/revisions"}],"predecessor-version":[{"id":30514,"href":"https:\/\/www.ntf.uni-lj.si\/igt\/wp-json\/wp\/v2\/event\/30513\/revisions\/30514"}],"wp:featuredmedia":[{"embeddable":true,"href":"https:\/\/www.ntf.uni-lj.si\/igt\/wp-json\/wp\/v2\/media\/5578"}],"wp:attachment":[{"href":"https:\/\/www.ntf.uni-lj.si\/igt\/wp-json\/wp\/v2\/media?parent=30513"}],"curies":[{"name":"wp","href":"https:\/\/api.w.org\/{rel}","templated":true}]}}

<p>Vsako sredo v marcu vas ob 15. uri vabimo na voden ogled po aktualnih razstavah študentskih del študentov grafike. Po prostorih na Snežniški 5 vas bomo vodili zaposleni, ogled pa bo trajal približno eno uro. Dobimo se v avli v pritličju. Se vidimo 2., 9., 16., 23. in 30 marca!</p>
<p>Seznam razstav je objavljen na <a href="https://www.ntf.uni-lj.si/igt/news/voden-ogled-aktualnih-razstav/">povezavi</a>.</p>

Vsako sredo v marcu vas ob 15. uri vabimo na voden ogled po aktualnih razstavah študentskih del študentov grafike. Po prostorih na Snežniški 5 vas bomo vodili zaposleni, ogled pa bo trajal približno eno uro. Dobimo se v avli v pritličju. Se vidimo 2., 9., 16., 23. in 30 marca! Seznam razstav je objavljen na &#8230; <a class="view-article" href="https://www.ntf.uni-lj.si/igt/event/vodenje-po-razstavah/">Read more</a>
