{"id":35515,"date":"2024-01-08T13:19:23","date_gmt":"2024-01-08T12:19:23","guid":{"rendered":"https:\/\/www.ntf.uni-lj.si\/igt\/?post_type=event&#038;p=35515"},"modified":"2024-01-08T13:20:01","modified_gmt":"2024-01-08T12:20:01","slug":"seme","status":"publish","type":"event","link":"https:\/\/www.ntf.uni-lj.si\/igt\/event\/seme\/","title":{"rendered":"SEM(e)"},"content":{"rendered":"<p><strong>Vabljeni na otvoritev razstave SEM(e), ki bo 10. 1. 2024 ob 18. uri v Botani\u010dnem vrtu Univerze v Ljubljani.<\/strong><\/p>\n<p>SEM(e) je premetena besedna izpeljanka in nosilka imena botani\u010dne razstave, ki jo zaznamuje neobi\u010dajen preplet umetnosti in znanosti. Igra besed se v prvi vrsti navezuje na tehnologijo zajema fotografij, ki so nastale s pomo\u010djo elektronskega vrsti\u010dnega mikroskopa \u2013 SEM (Scanning Electron Microscope), z dodano kon\u010dnico -e pa dobimo \u0161e fotografske subjekte \u2013 semena. Natan\u010dneje, semena endemitov in zavarovanih vrst, ki jih najdemo v Sloveniji kot sta kranjski jegli\u010d in ilirski me\u010dek.<\/p>\n<p>Fotografije pribli\u017eajo o\u010desu skoraj nevidni svet semen, ki ga v vsakdanjem \u017eivljenju zaradi svoje majhnosti preprosto spregledamo in zanemarimo njegovo pomembnost. Razgali nam reliefe, teksture, nepopolnosti in barvitost, ki jih s sabo nosijo semena in tudi istoimenska razstava SEM(e).<\/p>\n<p>Avtorica razstave, Ur\u0161ka Klenov\u0161ek, je \u0161tudentka Naravoslovnotehni\u0161ke fakultete v Ljubljani, kjer je pri predmetu Umetni\u0161ka fotografija z elektronskim vrsti\u010dnim mikroskopom izdelala serijo fotografij semen endemitov in zavarovanih vrst. Digitalne fotografije so dostopne na: https:\/\/urskaurska.cargo.site\/seme<\/p>\n<p>Posebne zahvale:<br \/>\nHvala tiskarni Artiko za najbolj\u0161i tisk in svetovanje. Hvala Botani\u010dnemu vrtu za semena in prostor. Hvala doc. dr. Juretu Ahtiku in asistentki Veroniki \u0160tampfl za mentoriranje in napotke. Hvala dr. Barbari Golja za pomo\u010d pri uporabi vrsti\u010dnega elektronskega mikroskopa.<\/p>\n","protected":false},"excerpt":{"rendered":"Vabljeni na otvoritev razstave SEM(e), ki bo 10. 1. 2024 ob 18. uri v Botani\u010dnem vrtu Univerze v Ljubljani. SEM(e) je premetena besedna izpeljanka in nosilka imena botani\u010dne razstave, ki jo zaznamuje neobi\u010dajen preplet umetnosti in znanosti. Igra besed se v prvi vrsti navezuje na tehnologijo zajema fotografij, ki so nastale s pomo\u010djo elektronskega vrsti\u010dnega &#8230; <a class=\"view-article\" href=\"https:\/\/www.ntf.uni-lj.si\/igt\/event\/seme\/\">Read more<\/a>","protected":false},"author":22,"featured_media":35514,"template":"","class_list":["post-35515","event","type-event","status-publish","has-post-thumbnail","hentry"],"acf":[],"_links":{"self":[{"href":"https:\/\/www.ntf.uni-lj.si\/igt\/wp-json\/wp\/v2\/event\/35515","targetHints":{"allow":["GET"]}}],"collection":[{"href":"https:\/\/www.ntf.uni-lj.si\/igt\/wp-json\/wp\/v2\/event"}],"about":[{"href":"https:\/\/www.ntf.uni-lj.si\/igt\/wp-json\/wp\/v2\/types\/event"}],"author":[{"embeddable":true,"href":"https:\/\/www.ntf.uni-lj.si\/igt\/wp-json\/wp\/v2\/users\/22"}],"version-history":[{"count":3,"href":"https:\/\/www.ntf.uni-lj.si\/igt\/wp-json\/wp\/v2\/event\/35515\/revisions"}],"predecessor-version":[{"id":35518,"href":"https:\/\/www.ntf.uni-lj.si\/igt\/wp-json\/wp\/v2\/event\/35515\/revisions\/35518"}],"wp:featuredmedia":[{"embeddable":true,"href":"https:\/\/www.ntf.uni-lj.si\/igt\/wp-json\/wp\/v2\/media\/35514"}],"wp:attachment":[{"href":"https:\/\/www.ntf.uni-lj.si\/igt\/wp-json\/wp\/v2\/media?parent=35515"}],"curies":[{"name":"wp","href":"https:\/\/api.w.org\/{rel}","templated":true}]}}

<p><strong>Vabljeni na otvoritev razstave SEM(e), ki bo 10. 1. 2024 ob 18. uri v Botaničnem vrtu Univerze v Ljubljani.</strong></p>
<p>SEM(e) je premetena besedna izpeljanka in nosilka imena botanične razstave, ki jo zaznamuje neobičajen preplet umetnosti in znanosti. Igra besed se v prvi vrsti navezuje na tehnologijo zajema fotografij, ki so nastale s pomočjo elektronskega vrstičnega mikroskopa – SEM (Scanning Electron Microscope), z dodano končnico -e pa dobimo še fotografske subjekte – semena. Natančneje, semena endemitov in zavarovanih vrst, ki jih najdemo v Sloveniji kot sta kranjski jeglič in ilirski meček.</p>
<p>Fotografije približajo očesu skoraj nevidni svet semen, ki ga v vsakdanjem življenju zaradi svoje majhnosti preprosto spregledamo in zanemarimo njegovo pomembnost. Razgali nam reliefe, teksture, nepopolnosti in barvitost, ki jih s sabo nosijo semena in tudi istoimenska razstava SEM(e).</p>
<p>Avtorica razstave, Urška Klenovšek, je študentka Naravoslovnotehniške fakultete v Ljubljani, kjer je pri predmetu Umetniška fotografija z elektronskim vrstičnim mikroskopom izdelala serijo fotografij semen endemitov in zavarovanih vrst. Digitalne fotografije so dostopne na: https://urskaurska.cargo.site/seme</p>
<p>Posebne zahvale:<br />
Hvala tiskarni Artiko za najboljši tisk in svetovanje. Hvala Botaničnemu vrtu za semena in prostor. Hvala doc. dr. Juretu Ahtiku in asistentki Veroniki Štampfl za mentoriranje in napotke. Hvala dr. Barbari Golja za pomoč pri uporabi vrstičnega elektronskega mikroskopa.</p>

Vabljeni na otvoritev razstave SEM(e), ki bo 10. 1. 2024 ob 18. uri v Botaničnem vrtu Univerze v Ljubljani. SEM(e) je premetena besedna izpeljanka in nosilka imena botanične razstave, ki jo zaznamuje neobičajen preplet umetnosti in znanosti. Igra besed se v prvi vrsti navezuje na tehnologijo zajema fotografij, ki so nastale s pomočjo elektronskega vrstičnega &#8230; <a class="view-article" href="https://www.ntf.uni-lj.si/igt/event/seme/">Read more</a>
