{"id":36099,"date":"2024-06-14T13:36:45","date_gmt":"2024-06-14T11:36:45","guid":{"rendered":"https:\/\/www.ntf.uni-lj.si\/igt\/?post_type=event&#038;p=36099"},"modified":"2024-06-14T13:37:38","modified_gmt":"2024-06-14T11:37:38","slug":"dediscina-in-moc-mitov","status":"publish","type":"event","link":"https:\/\/www.ntf.uni-lj.si\/igt\/event\/dediscina-in-moc-mitov\/","title":{"rendered":"Dedi\u0161\u010dina in mo\u010d mitov"},"content":{"rendered":"<p>Vabljeni na odprtje razstave Dedi\u0161\u010dina in mo\u010d mitov na Poletno muzejsko no\u010d v Pokrajinskem muzeju Koper, v soboto, 15. 6. Na razstavi bo predstavljena tudi rekonstrukcija mozaika, ki je nastala v sodelovanju Naravoslovnotehni\u0161ke fakultete, Pokrajinskega muzeja Ptuj Ormo\u017e in Pokrajinskega muzeja Koper.<\/p>\n<p>Ve\u010d na povezavi: <a id=\"LPlnk\" class=\"x_OWAAutoLink\" href=\"https:\/\/www.pokrajinskimuzejkoper.si\/si\/dogodki\/poletna-muzejska-noc-v-pokrajinskem-muzeju-koper\" target=\"_blank\" rel=\"noopener noreferrer\" data-auth=\"NotApplicable\" data-linkindex=\"0\">https:\/\/www.pokrajinskimuzejkoper.si\/si\/dogodki\/poletna-muzejska-noc-v-pokrajinskem-muzeju-koper<\/a><\/p>\n","protected":false},"excerpt":{"rendered":"Vabljeni na odprtje razstave Dedi\u0161\u010dina in mo\u010d mitov na Poletno muzejsko no\u010d v Pokrajinskem muzeju Koper, v soboto, 15. 6. Na razstavi bo predstavljena tudi rekonstrukcija mozaika, ki je nastala v sodelovanju Naravoslovnotehni\u0161ke fakultete, Pokrajinskega muzeja Ptuj Ormo\u017e in Pokrajinskega muzeja Koper. Ve\u010d na povezavi: https:\/\/www.pokrajinskimuzejkoper.si\/si\/dogodki\/poletna-muzejska-noc-v-pokrajinskem-muzeju-koper","protected":false},"author":22,"featured_media":36100,"template":"","class_list":["post-36099","event","type-event","status-publish","has-post-thumbnail","hentry"],"acf":[],"_links":{"self":[{"href":"https:\/\/www.ntf.uni-lj.si\/igt\/wp-json\/wp\/v2\/event\/36099","targetHints":{"allow":["GET"]}}],"collection":[{"href":"https:\/\/www.ntf.uni-lj.si\/igt\/wp-json\/wp\/v2\/event"}],"about":[{"href":"https:\/\/www.ntf.uni-lj.si\/igt\/wp-json\/wp\/v2\/types\/event"}],"author":[{"embeddable":true,"href":"https:\/\/www.ntf.uni-lj.si\/igt\/wp-json\/wp\/v2\/users\/22"}],"version-history":[{"count":1,"href":"https:\/\/www.ntf.uni-lj.si\/igt\/wp-json\/wp\/v2\/event\/36099\/revisions"}],"predecessor-version":[{"id":36101,"href":"https:\/\/www.ntf.uni-lj.si\/igt\/wp-json\/wp\/v2\/event\/36099\/revisions\/36101"}],"wp:featuredmedia":[{"embeddable":true,"href":"https:\/\/www.ntf.uni-lj.si\/igt\/wp-json\/wp\/v2\/media\/36100"}],"wp:attachment":[{"href":"https:\/\/www.ntf.uni-lj.si\/igt\/wp-json\/wp\/v2\/media?parent=36099"}],"curies":[{"name":"wp","href":"https:\/\/api.w.org\/{rel}","templated":true}]}}

Dediščina in moč mitov

<p>Vabljeni na odprtje razstave Dediščina in moč mitov na Poletno muzejsko noč v Pokrajinskem muzeju Koper, v soboto, 15. 6. Na razstavi bo predstavljena tudi rekonstrukcija mozaika, ki je nastala v sodelovanju Naravoslovnotehniške fakultete, Pokrajinskega muzeja Ptuj Ormož in Pokrajinskega muzeja Koper.</p>
<p>Več na povezavi: <a id="LPlnk" class="x_OWAAutoLink" href="https://www.pokrajinskimuzejkoper.si/si/dogodki/poletna-muzejska-noc-v-pokrajinskem-muzeju-koper" target="_blank" rel="noopener noreferrer" data-auth="NotApplicable" data-linkindex="0">https://www.pokrajinskimuzejkoper.si/si/dogodki/poletna-muzejska-noc-v-pokrajinskem-muzeju-koper</a></p>

Vabljeni na odprtje razstave Dediščina in moč mitov na Poletno muzejsko noč v Pokrajinskem muzeju Koper, v soboto, 15. 6. Na razstavi bo predstavljena tudi rekonstrukcija mozaika, ki je nastala v sodelovanju Naravoslovnotehniške fakultete, Pokrajinskega muzeja Ptuj Ormož in Pokrajinskega muzeja Koper. Več na povezavi: https://www.pokrajinskimuzejkoper.si/si/dogodki/poletna-muzejska-noc-v-pokrajinskem-muzeju-koper
