{"id":7891,"date":"2015-10-08T13:32:12","date_gmt":"2015-10-08T11:32:12","guid":{"rendered":"http:\/\/www.ntf.uni-lj.si\/igt\/?post_type=event&#038;p=7891"},"modified":"2019-11-28T08:23:45","modified_gmt":"2019-11-28T07:23:45","slug":"dneva-grafike","status":"publish","type":"event","link":"https:\/\/www.ntf.uni-lj.si\/igt\/event\/dneva-grafike\/","title":{"rendered":"Dneva grafike"},"content":{"rendered":"<p><a href=\"http:\/\/www.ntf.uni-lj.si\/igt\/wp-content\/uploads\/sites\/8\/2015\/10\/dneva-grafike-2015.jpg\"><img loading=\"lazy\" decoding=\"async\" width=\"1024\" height=\"574\" class=\"alignnone size-large wp-image-7892\" src=\"http:\/\/www.ntf.uni-lj.si\/igt\/wp-content\/uploads\/sites\/8\/2015\/10\/dneva-grafike-2015-1024x574.jpg\" alt=\"dneva-grafike-2015\" srcset=\"https:\/\/www.ntf.uni-lj.si\/igt\/wp-content\/uploads\/sites\/8\/2015\/10\/dneva-grafike-2015-1024x574.jpg 1024w, https:\/\/www.ntf.uni-lj.si\/igt\/wp-content\/uploads\/sites\/8\/2015\/10\/dneva-grafike-2015-300x168.jpg 300w\" sizes=\"auto, (max-width: 1024px) 100vw, 1024px\" \/><\/a><\/p>\n<p>10. in 11. novembra bosta v Muzeju po\u0161te in telekomunikacij v Polhovem Gradcu, potekala dneva grafike. Na razli\u010dnih predstavitvenih to\u010dkah bomo na\u0161im bodo\u010dim \u0161tudentom pokazali kako \u0161iroko in uporabno podro\u010dje je grafika. Ve\u010d informacij bo objavljenih na <a href=\"http:\/\/www.tms.si\/index.php?e_id=468\" target=\"_blank\">spletni strani muzeja<\/a>.<\/p>\n<p>Vabljeni!<\/p>\n","protected":false},"excerpt":{"rendered":"10. in 11. novembra bosta v Muzeju po\u0161te in telekomunikacij v Polhovem Gradcu, potekala dneva grafike. Na razli\u010dnih predstavitvenih to\u010dkah bomo na\u0161im bodo\u010dim \u0161tudentom pokazali kako \u0161iroko in uporabno podro\u010dje je grafika. Ve\u010d informacij bo objavljenih na spletni strani muzeja. Vabljeni!","protected":false},"author":22,"featured_media":7892,"template":"","class_list":["post-7891","event","type-event","status-publish","has-post-thumbnail","hentry"],"acf":[],"_links":{"self":[{"href":"https:\/\/www.ntf.uni-lj.si\/igt\/wp-json\/wp\/v2\/event\/7891","targetHints":{"allow":["GET"]}}],"collection":[{"href":"https:\/\/www.ntf.uni-lj.si\/igt\/wp-json\/wp\/v2\/event"}],"about":[{"href":"https:\/\/www.ntf.uni-lj.si\/igt\/wp-json\/wp\/v2\/types\/event"}],"author":[{"embeddable":true,"href":"https:\/\/www.ntf.uni-lj.si\/igt\/wp-json\/wp\/v2\/users\/22"}],"version-history":[{"count":7,"href":"https:\/\/www.ntf.uni-lj.si\/igt\/wp-json\/wp\/v2\/event\/7891\/revisions"}],"predecessor-version":[{"id":8805,"href":"https:\/\/www.ntf.uni-lj.si\/igt\/wp-json\/wp\/v2\/event\/7891\/revisions\/8805"}],"wp:featuredmedia":[{"embeddable":true,"href":"https:\/\/www.ntf.uni-lj.si\/igt\/wp-json\/wp\/v2\/media\/7892"}],"wp:attachment":[{"href":"https:\/\/www.ntf.uni-lj.si\/igt\/wp-json\/wp\/v2\/media?parent=7891"}],"curies":[{"name":"wp","href":"https:\/\/api.w.org\/{rel}","templated":true}]}}

<p><a href="http://www.ntf.uni-lj.si/igt/wp-content/uploads/sites/8/2015/10/dneva-grafike-2015.jpg"><img loading="lazy" decoding="async" width="1024" height="574" class="alignnone size-large wp-image-7892" src="http://www.ntf.uni-lj.si/igt/wp-content/uploads/sites/8/2015/10/dneva-grafike-2015-1024x574.jpg" alt="dneva-grafike-2015" srcset="https://www.ntf.uni-lj.si/igt/wp-content/uploads/sites/8/2015/10/dneva-grafike-2015-1024x574.jpg 1024w, https://www.ntf.uni-lj.si/igt/wp-content/uploads/sites/8/2015/10/dneva-grafike-2015-300x168.jpg 300w" sizes="auto, (max-width: 1024px) 100vw, 1024px" /></a></p>
<p>10. in 11. novembra bosta v Muzeju pošte in telekomunikacij v Polhovem Gradcu, potekala dneva grafike. Na različnih predstavitvenih točkah bomo našim bodočim študentom pokazali kako široko in uporabno področje je grafika. Več informacij bo objavljenih na <a href="http://www.tms.si/index.php?e_id=468" target="_blank">spletni strani muzeja</a>.</p>
<p>Vabljeni!</p>

10. in 11. novembra bosta v Muzeju pošte in telekomunikacij v Polhovem Gradcu, potekala dneva grafike. Na različnih predstavitvenih točkah bomo našim bodočim študentom pokazali kako široko in uporabno področje je grafika. Več informacij bo objavljenih na spletni strani muzeja. Vabljeni!
