{"id":8,"date":"2015-05-25T12:28:11","date_gmt":"2015-05-25T11:28:11","guid":{"rendered":"http:\/\/www.ntf.uni-lj.si\/igt\/?post_type=event&#038;p=8"},"modified":"2019-11-28T08:23:45","modified_gmt":"2019-11-28T07:23:45","slug":"projektni-teden","status":"publish","type":"event","link":"https:\/\/www.ntf.uni-lj.si\/igt\/event\/projektni-teden\/","title":{"rendered":"Projektni teden 2015"},"content":{"rendered":"<p>V \u010dasu od 8. do 12. 6. 2015 bo v \u010dasu predavanj potekal &#8220;Projektni teden&#8221; z nizom dogodkov in predvsem razstav \u0161tudentskih del, ki so nastala v okviru razli\u010dnih predmetov na dodiplomskem in podiplomskem \u0161tudiju. Vabimo vas na zanimiva predavanja, dogodek &#8220;Izberi si&#8221;, kjer boste izvedeli podrobnosti izbirnih predmetov, in na razstave, ki bodo na ogled na Oddelku za tekstilstvo, grafiko in oblikovanje in drugih javnih prostorih po Ljubljani.<\/p>\n","protected":false},"excerpt":{"rendered":"V \u010dasu od 8. do 12. 6. 2015 bo v \u010dasu predavanj potekal &#8220;Projektni teden&#8221; z nizom dogodkov in predvsem razstav \u0161tudentskih del, ki so nastala v okviru razli\u010dnih predmetov na dodiplomskem in podiplomskem \u0161tudiju. Vabimo vas na zanimiva predavanja, dogodek &#8220;Izberi si&#8221;, kjer boste izvedeli podrobnosti izbirnih predmetov, in na razstave, ki bodo na &#8230; <a class=\"view-article\" href=\"https:\/\/www.ntf.uni-lj.si\/igt\/event\/projektni-teden\/\">Read more<\/a>","protected":false},"author":22,"featured_media":5304,"template":"","class_list":["post-8","event","type-event","status-publish","has-post-thumbnail","hentry"],"acf":[],"_links":{"self":[{"href":"https:\/\/www.ntf.uni-lj.si\/igt\/wp-json\/wp\/v2\/event\/8","targetHints":{"allow":["GET"]}}],"collection":[{"href":"https:\/\/www.ntf.uni-lj.si\/igt\/wp-json\/wp\/v2\/event"}],"about":[{"href":"https:\/\/www.ntf.uni-lj.si\/igt\/wp-json\/wp\/v2\/types\/event"}],"author":[{"embeddable":true,"href":"https:\/\/www.ntf.uni-lj.si\/igt\/wp-json\/wp\/v2\/users\/22"}],"version-history":[{"count":12,"href":"https:\/\/www.ntf.uni-lj.si\/igt\/wp-json\/wp\/v2\/event\/8\/revisions"}],"predecessor-version":[{"id":5725,"href":"https:\/\/www.ntf.uni-lj.si\/igt\/wp-json\/wp\/v2\/event\/8\/revisions\/5725"}],"wp:featuredmedia":[{"embeddable":true,"href":"https:\/\/www.ntf.uni-lj.si\/igt\/wp-json\/wp\/v2\/media\/5304"}],"wp:attachment":[{"href":"https:\/\/www.ntf.uni-lj.si\/igt\/wp-json\/wp\/v2\/media?parent=8"}],"curies":[{"name":"wp","href":"https:\/\/api.w.org\/{rel}","templated":true}]}}

<p>V času od 8. do 12. 6. 2015 bo v času predavanj potekal &#8220;Projektni teden&#8221; z nizom dogodkov in predvsem razstav študentskih del, ki so nastala v okviru različnih predmetov na dodiplomskem in podiplomskem študiju. Vabimo vas na zanimiva predavanja, dogodek &#8220;Izberi si&#8221;, kjer boste izvedeli podrobnosti izbirnih predmetov, in na razstave, ki bodo na ogled na Oddelku za tekstilstvo, grafiko in oblikovanje in drugih javnih prostorih po Ljubljani.</p>

V času od 8. do 12. 6. 2015 bo v času predavanj potekal &#8220;Projektni teden&#8221; z nizom dogodkov in predvsem razstav študentskih del, ki so nastala v okviru različnih predmetov na dodiplomskem in podiplomskem študiju. Vabimo vas na zanimiva predavanja, dogodek &#8220;Izberi si&#8221;, kjer boste izvedeli podrobnosti izbirnih predmetov, in na razstave, ki bodo na &#8230; <a class="view-article" href="https://www.ntf.uni-lj.si/igt/event/projektni-teden/">Read more</a>
