{"id":26295,"date":"2019-05-26T13:05:40","date_gmt":"2019-05-26T11:05:40","guid":{"rendered":"http:\/\/www.ntf.uni-lj.si\/igt\/?post_type=notification&#038;p=26295"},"modified":"2021-01-26T13:24:06","modified_gmt":"2021-01-26T12:24:06","slug":"kako-dobro-si-zapomnite-barve","status":"publish","type":"notification","link":"https:\/\/www.ntf.uni-lj.si\/igt\/notification\/kako-dobro-si-zapomnite-barve\/","title":{"rendered":"Kako dobro si zapomnite barve?"},"content":{"rendered":"<p>Pri predmetu Merjenje barv smo v okviru projektnega dela \u0161tudente 2. letnika GIK (2018\/19) izzvali z vpra\u0161anjem \u2026<\/p>\n<h3>Kako dobro si zapomnite barve?<\/h3>\n<p>Glede na to, da \u0161tudente zanima predvsem oblikovalski vidik grafi\u010dne industrije, so se dela lotili z veliko vnemo.<br \/>\nNajprej smo preverili njihov vid in sposobnost lo\u010devanja barv med seboj. To so vsi opravili z odliko. Nato pa so sledila vpra\u0161anja.<\/p>\n<h4>Kak\u0161ne barve je magenta, cian, rumena, EU modra, UL rde\u010da, Coca-Cola rde\u010da, Facebook modra (\u0161e stara, saj so jo v letu 2019 zamenjali) in kak\u0161ne barve je Milka vijoli\u010dna?<\/h4>\n<p>\u0160tudentom smo zagotovili primerne pogoje opazovanja in veliko paleto raznovrstnih barvnih vzorcev. Njihova naloga, je bila, da najprej poi\u0161\u010dejo ustrezno barvo nato izmerijo vrednosti CIELAB ter te vrednosti primerjajo med seboj in izra\u010dunajo barvne razlike, ki so nastale kot posledica nezanesljivega barvnega spomina.<\/p>\n<p>V galeriji so prikazani barvni vzor\u010dki vseh \u0161tudentov in izra\u010dunane barvne razlike.<\/p>\n<p>Na tak na\u010din smo ugotovili, da imajo vsake o\u010di svojega \u00bbmalarja\u00ab, da je barvni spomin subjektiven dejavnik ter da je merjenje barv klju\u010dnega pomena pri dolo\u010danju barv.<\/p>\n","protected":false},"excerpt":{"rendered":"Pri predmetu Merjenje barv smo v okviru projektnega dela \u0161tudente 2. letnika GIK (2018\/19) izzvali z vpra\u0161anjem \u2026 Kako dobro si zapomnite barve? Glede na to, da \u0161tudente zanima predvsem oblikovalski vidik grafi\u010dne industrije, so se dela lotili z veliko vnemo. Najprej smo preverili njihov vid in sposobnost lo\u010devanja barv med seboj. To so vsi &#8230; <a class=\"view-article\" href=\"https:\/\/www.ntf.uni-lj.si\/igt\/notification\/kako-dobro-si-zapomnite-barve\/\">Read more<\/a>","protected":false},"author":62,"featured_media":0,"template":"","categories":[593,555],"acf":[],"yoast_head":"<!-- This site is optimized with the Yoast SEO plugin v17.0 - https:\/\/yoast.com\/wordpress\/plugins\/seo\/ -->\n<meta name=\"description\" content=\"Pri predmetu Merjenje barv smo v okviru projektnega dela \u0161tudente 2. letnika GIK (2018\/19) izzvali z vpra\u0161anjem \u2026 Kako dobro si zapomnite barve? Glede na\" \/>\n<meta name=\"robots\" content=\"index, follow, max-snippet:-1, max-image-preview:large, max-video-preview:-1\" \/>\n<link rel=\"canonical\" href=\"https:\/\/www.ntf.uni-lj.si\/igt\/notification\/kako-dobro-si-zapomnite-barve\/\" \/>\n<meta property=\"og:locale\" content=\"en_US\" \/>\n<meta property=\"og:type\" content=\"article\" \/>\n<meta property=\"og:title\" content=\"Kako dobro si zapomnite barve? - IGT\" \/>\n<meta property=\"og:description\" content=\"Pri predmetu Merjenje barv smo v okviru projektnega dela \u0161tudente 2. letnika GIK (2018\/19) izzvali z vpra\u0161anjem \u2026 Kako dobro si zapomnite barve? Glede na\" \/>\n<meta property=\"og:url\" content=\"https:\/\/www.ntf.uni-lj.si\/igt\/notification\/kako-dobro-si-zapomnite-barve\/\" \/>\n<meta property=\"og:site_name\" content=\"IGT\" \/>\n<meta property=\"article:modified_time\" content=\"2021-01-26T12:24:06+00:00\" \/>\n<meta name=\"twitter:label1\" content=\"Est. reading time\" \/>\n\t<meta name=\"twitter:data1\" content=\"1 minute\" \/>\n<script type=\"application\/ld+json\" class=\"yoast-schema-graph\">{\"@context\":\"https:\/\/schema.org\",\"@graph\":[{\"@type\":\"WebSite\",\"@id\":\"https:\/\/www.ntf.uni-lj.si\/igt\/#website\",\"url\":\"https:\/\/www.ntf.uni-lj.si\/igt\/\",\"name\":\"IGT\",\"description\":\"Katedra za informacijsko in grafi\\u010dno tehnologijo\",\"potentialAction\":[{\"@type\":\"SearchAction\",\"target\":{\"@type\":\"EntryPoint\",\"urlTemplate\":\"https:\/\/www.ntf.uni-lj.si\/igt\/?s={search_term_string}\"},\"query-input\":\"required name=search_term_string\"}],\"inLanguage\":\"en-US\"},{\"@type\":\"WebPage\",\"@id\":\"https:\/\/www.ntf.uni-lj.si\/igt\/notification\/kako-dobro-si-zapomnite-barve\/#webpage\",\"url\":\"https:\/\/www.ntf.uni-lj.si\/igt\/notification\/kako-dobro-si-zapomnite-barve\/\",\"name\":\"Kako dobro si zapomnite barve? - IGT\",\"isPartOf\":{\"@id\":\"https:\/\/www.ntf.uni-lj.si\/igt\/#website\"},\"datePublished\":\"2019-05-26T11:05:40+00:00\",\"dateModified\":\"2021-01-26T12:24:06+00:00\",\"description\":\"Pri predmetu Merjenje barv smo v okviru projektnega dela \\u0161tudente 2. letnika GIK (2018\/19) izzvali z vpra\\u0161anjem \\u2026 Kako dobro si zapomnite barve? Glede na\",\"breadcrumb\":{\"@id\":\"https:\/\/www.ntf.uni-lj.si\/igt\/notification\/kako-dobro-si-zapomnite-barve\/#breadcrumb\"},\"inLanguage\":\"en-US\",\"potentialAction\":[{\"@type\":\"ReadAction\",\"target\":[\"https:\/\/www.ntf.uni-lj.si\/igt\/notification\/kako-dobro-si-zapomnite-barve\/\"]}]},{\"@type\":\"BreadcrumbList\",\"@id\":\"https:\/\/www.ntf.uni-lj.si\/igt\/notification\/kako-dobro-si-zapomnite-barve\/#breadcrumb\",\"itemListElement\":[{\"@type\":\"ListItem\",\"position\":1,\"name\":\"Home\",\"item\":\"https:\/\/www.ntf.uni-lj.si\/igt\/\"},{\"@type\":\"ListItem\",\"position\":2,\"name\":\"Obvestila\",\"item\":\"https:\/\/www.ntf.uni-lj.si\/igt\/notification\/\"},{\"@type\":\"ListItem\",\"position\":3,\"name\":\"Kako dobro si zapomnite barve?\"}]}]}<\/script>\n<!-- \/ Yoast SEO plugin. -->","yoast_head_json":{"description":"Pri predmetu Merjenje barv smo v okviru projektnega dela \u0161tudente 2. letnika GIK (2018\/19) izzvali z vpra\u0161anjem \u2026 Kako dobro si zapomnite barve? Glede na","robots":{"index":"index","follow":"follow","max-snippet":"max-snippet:-1","max-image-preview":"max-image-preview:large","max-video-preview":"max-video-preview:-1"},"canonical":"https:\/\/www.ntf.uni-lj.si\/igt\/notification\/kako-dobro-si-zapomnite-barve\/","og_locale":"en_US","og_type":"article","og_title":"Kako dobro si zapomnite barve? - IGT","og_description":"Pri predmetu Merjenje barv smo v okviru projektnega dela \u0161tudente 2. letnika GIK (2018\/19) izzvali z vpra\u0161anjem \u2026 Kako dobro si zapomnite barve? Glede na","og_url":"https:\/\/www.ntf.uni-lj.si\/igt\/notification\/kako-dobro-si-zapomnite-barve\/","og_site_name":"IGT","article_modified_time":"2021-01-26T12:24:06+00:00","twitter_misc":{"Est. reading time":"1 minute"},"schema":{"@context":"https:\/\/schema.org","@graph":[{"@type":"WebSite","@id":"https:\/\/www.ntf.uni-lj.si\/igt\/#website","url":"https:\/\/www.ntf.uni-lj.si\/igt\/","name":"IGT","description":"Katedra za informacijsko in grafi\u010dno tehnologijo","potentialAction":[{"@type":"SearchAction","target":{"@type":"EntryPoint","urlTemplate":"https:\/\/www.ntf.uni-lj.si\/igt\/?s={search_term_string}"},"query-input":"required name=search_term_string"}],"inLanguage":"en-US"},{"@type":"WebPage","@id":"https:\/\/www.ntf.uni-lj.si\/igt\/notification\/kako-dobro-si-zapomnite-barve\/#webpage","url":"https:\/\/www.ntf.uni-lj.si\/igt\/notification\/kako-dobro-si-zapomnite-barve\/","name":"Kako dobro si zapomnite barve? - IGT","isPartOf":{"@id":"https:\/\/www.ntf.uni-lj.si\/igt\/#website"},"datePublished":"2019-05-26T11:05:40+00:00","dateModified":"2021-01-26T12:24:06+00:00","description":"Pri predmetu Merjenje barv smo v okviru projektnega dela \u0161tudente 2. letnika GIK (2018\/19) izzvali z vpra\u0161anjem \u2026 Kako dobro si zapomnite barve? Glede na","breadcrumb":{"@id":"https:\/\/www.ntf.uni-lj.si\/igt\/notification\/kako-dobro-si-zapomnite-barve\/#breadcrumb"},"inLanguage":"en-US","potentialAction":[{"@type":"ReadAction","target":["https:\/\/www.ntf.uni-lj.si\/igt\/notification\/kako-dobro-si-zapomnite-barve\/"]}]},{"@type":"BreadcrumbList","@id":"https:\/\/www.ntf.uni-lj.si\/igt\/notification\/kako-dobro-si-zapomnite-barve\/#breadcrumb","itemListElement":[{"@type":"ListItem","position":1,"name":"Home","item":"https:\/\/www.ntf.uni-lj.si\/igt\/"},{"@type":"ListItem","position":2,"name":"Obvestila","item":"https:\/\/www.ntf.uni-lj.si\/igt\/notification\/"},{"@type":"ListItem","position":3,"name":"Kako dobro si zapomnite barve?"}]}]}},"_links":{"self":[{"href":"https:\/\/www.ntf.uni-lj.si\/igt\/wp-json\/wp\/v2\/notification\/26295"}],"collection":[{"href":"https:\/\/www.ntf.uni-lj.si\/igt\/wp-json\/wp\/v2\/notification"}],"about":[{"href":"https:\/\/www.ntf.uni-lj.si\/igt\/wp-json\/wp\/v2\/types\/notification"}],"author":[{"embeddable":true,"href":"https:\/\/www.ntf.uni-lj.si\/igt\/wp-json\/wp\/v2\/users\/62"}],"version-history":[{"count":6,"href":"https:\/\/www.ntf.uni-lj.si\/igt\/wp-json\/wp\/v2\/notification\/26295\/revisions"}],"predecessor-version":[{"id":26309,"href":"https:\/\/www.ntf.uni-lj.si\/igt\/wp-json\/wp\/v2\/notification\/26295\/revisions\/26309"}],"wp:attachment":[{"href":"https:\/\/www.ntf.uni-lj.si\/igt\/wp-json\/wp\/v2\/media?parent=26295"}],"wp:term":[{"taxonomy":"category","embeddable":true,"href":"https:\/\/www.ntf.uni-lj.si\/igt\/wp-json\/wp\/v2\/categories?post=26295"}],"curies":[{"name":"wp","href":"https:\/\/api.w.org\/{rel}","templated":true}]}}

<p>Pri predmetu Merjenje barv smo v okviru projektnega dela študente 2. letnika GIK (2018/19) izzvali z vprašanjem …</p>
<h3>Kako dobro si zapomnite barve?</h3>
<p>Glede na to, da študente zanima predvsem oblikovalski vidik grafične industrije, so se dela lotili z veliko vnemo.<br />
Najprej smo preverili njihov vid in sposobnost ločevanja barv med seboj. To so vsi opravili z odliko. Nato pa so sledila vprašanja.</p>
<h4>Kakšne barve je magenta, cian, rumena, EU modra, UL rdeča, Coca-Cola rdeča, Facebook modra (še stara, saj so jo v letu 2019 zamenjali) in kakšne barve je Milka vijolična?</h4>
<p>Študentom smo zagotovili primerne pogoje opazovanja in veliko paleto raznovrstnih barvnih vzorcev. Njihova naloga, je bila, da najprej poiščejo ustrezno barvo nato izmerijo vrednosti CIELAB ter te vrednosti primerjajo med seboj in izračunajo barvne razlike, ki so nastale kot posledica nezanesljivega barvnega spomina.</p>
<p>V galeriji so prikazani barvni vzorčki vseh študentov in izračunane barvne razlike.</p>
<p>Na tak način smo ugotovili, da imajo vsake oči svojega »malarja«, da je barvni spomin subjektiven dejavnik ter da je merjenje barv ključnega pomena pri določanju barv.</p>

Pri predmetu Merjenje barv smo v okviru projektnega dela študente 2. letnika GIK (2018/19) izzvali z vprašanjem … Kako dobro si zapomnite barve? Glede na to, da študente zanima predvsem oblikovalski vidik grafične industrije, so se dela lotili z veliko vnemo. Najprej smo preverili njihov vid in sposobnost ločevanja barv med seboj. To so vsi &#8230; <a class="view-article" href="https://www.ntf.uni-lj.si/igt/notification/kako-dobro-si-zapomnite-barve/">Read more</a>

<!-- This site is optimized with the Yoast SEO plugin v17.0 - https://yoast.com/wordpress/plugins/seo/ -->
<meta name="description" content="Pri predmetu Merjenje barv smo v okviru projektnega dela študente 2. letnika GIK (2018/19) izzvali z vprašanjem … Kako dobro si zapomnite barve? Glede na" />
<meta name="robots" content="index, follow, max-snippet:-1, max-image-preview:large, max-video-preview:-1" />
<link rel="canonical" href="https://www.ntf.uni-lj.si/igt/notification/kako-dobro-si-zapomnite-barve/" />
<meta property="og:locale" content="en_US" />
<meta property="og:type" content="article" />
<meta property="og:title" content="Kako dobro si zapomnite barve? - IGT" />
<meta property="og:description" content="Pri predmetu Merjenje barv smo v okviru projektnega dela študente 2. letnika GIK (2018/19) izzvali z vprašanjem … Kako dobro si zapomnite barve? Glede na" />
<meta property="og:url" content="https://www.ntf.uni-lj.si/igt/notification/kako-dobro-si-zapomnite-barve/" />
<meta property="og:site_name" content="IGT" />
<meta property="article:modified_time" content="2021-01-26T12:24:06+00:00" />
<meta name="twitter:label1" content="Est. reading time" />
	<meta name="twitter:data1" content="1 minute" />
<script type="application/ld+json" class="yoast-schema-graph">{"@context":"https://schema.org","@graph":[{"@type":"WebSite","@id":"https://www.ntf.uni-lj.si/igt/#website","url":"https://www.ntf.uni-lj.si/igt/","name":"IGT","description":"Katedra za informacijsko in grafi\u010dno tehnologijo","potentialAction":[{"@type":"SearchAction","target":{"@type":"EntryPoint","urlTemplate":"https://www.ntf.uni-lj.si/igt/?s={search_term_string}"},"query-input":"required name=search_term_string"}],"inLanguage":"en-US"},{"@type":"WebPage","@id":"https://www.ntf.uni-lj.si/igt/notification/kako-dobro-si-zapomnite-barve/#webpage","url":"https://www.ntf.uni-lj.si/igt/notification/kako-dobro-si-zapomnite-barve/","name":"Kako dobro si zapomnite barve? - IGT","isPartOf":{"@id":"https://www.ntf.uni-lj.si/igt/#website"},"datePublished":"2019-05-26T11:05:40+00:00","dateModified":"2021-01-26T12:24:06+00:00","description":"Pri predmetu Merjenje barv smo v okviru projektnega dela \u0161tudente 2. letnika GIK (2018/19) izzvali z vpra\u0161anjem \u2026 Kako dobro si zapomnite barve? Glede na","breadcrumb":{"@id":"https://www.ntf.uni-lj.si/igt/notification/kako-dobro-si-zapomnite-barve/#breadcrumb"},"inLanguage":"en-US","potentialAction":[{"@type":"ReadAction","target":["https://www.ntf.uni-lj.si/igt/notification/kako-dobro-si-zapomnite-barve/"]}]},{"@type":"BreadcrumbList","@id":"https://www.ntf.uni-lj.si/igt/notification/kako-dobro-si-zapomnite-barve/#breadcrumb","itemListElement":[{"@type":"ListItem","position":1,"name":"Home","item":"https://www.ntf.uni-lj.si/igt/"},{"@type":"ListItem","position":2,"name":"Obvestila","item":"https://www.ntf.uni-lj.si/igt/notification/"},{"@type":"ListItem","position":3,"name":"Kako dobro si zapomnite barve?"}]}]}</script>
<!-- / Yoast SEO plugin. -->

Pri predmetu Merjenje barv smo v okviru projektnega dela študente 2. letnika GIK (2018/19) izzvali z vprašanjem … Kako dobro si zapomnite barve? Glede na

Katedra za informacijsko in grafično tehnologijo
