{"id":27559,"date":"2021-04-23T13:42:40","date_gmt":"2021-04-23T11:42:40","guid":{"rendered":"http:\/\/www.ntf.uni-lj.si\/igt\/?post_type=notification&#038;p=27559"},"modified":"2021-05-14T11:34:26","modified_gmt":"2021-05-14T09:34:26","slug":"pregovori-v-barvah-%e2%96%aa%ef%b8%8e-proverbs-in-colours","status":"publish","type":"notification","link":"https:\/\/www.ntf.uni-lj.si\/igt\/notification\/pregovori-v-barvah-%e2%96%aa%ef%b8%8e-proverbs-in-colours\/","title":{"rendered":"Pregovori v barvah"},"content":{"rendered":"<p>Ob <a href=\"https:\/\/www.aic-color.org\/icd\">Mednarodnem dnevu barve<\/a> smo \u0161tudente GIK2 pri predmetu Merjenje barve izzvali, da s paleto \u0161tirih barvnih vzorcev ponazorijo pregovore. Tako predstavljene barvne palete prikazujejo interpretacije izbranih pregovorov s pomo\u010djo barv, s katerimi so \u0161tudenti izrazili \u010dustva, ki so se jim porodila ob zapisanem besedilu.<\/p>\n<p><em>Mentorice: Barbara Blaznik, Barbara Lu\u0161tek Preskar and Sabina Bra\u010dko<\/em><\/p>\n<p><img loading=\"lazy\" width=\"1654\" height=\"1821\" class=\"aligncenter size-full wp-image-27568\" src=\"https:\/\/www.ntf.uni-lj.si\/igt\/wp-content\/uploads\/sites\/8\/2021\/04\/Naslovnica.jpg\" alt=\"\" srcset=\"https:\/\/www.ntf.uni-lj.si\/igt\/wp-content\/uploads\/sites\/8\/2021\/04\/Naslovnica.jpg 1654w, https:\/\/www.ntf.uni-lj.si\/igt\/wp-content\/uploads\/sites\/8\/2021\/04\/Naslovnica-272x300.jpg 272w, https:\/\/www.ntf.uni-lj.si\/igt\/wp-content\/uploads\/sites\/8\/2021\/04\/Naslovnica-768x846.jpg 768w, https:\/\/www.ntf.uni-lj.si\/igt\/wp-content\/uploads\/sites\/8\/2021\/04\/Naslovnica-930x1024.jpg 930w\" sizes=\"(max-width: 1654px) 100vw, 1654px\" \/><\/p>\n<p>&nbsp;<\/p>\n<p>&nbsp;<\/p>\n","protected":false},"excerpt":{"rendered":"Ob Mednarodnem dnevu barve smo \u0161tudente GIK2 pri predmetu Merjenje barve izzvali, da s paleto \u0161tirih barvnih vzorcev ponazorijo pregovore. Tako predstavljene barvne palete prikazujejo interpretacije izbranih pregovorov s pomo\u010djo barv, s katerimi so \u0161tudenti izrazili \u010dustva, ki so se jim porodila ob zapisanem besedilu. Mentorice: Barbara Blaznik, Barbara Lu\u0161tek Preskar and Sabina Bra\u010dko &nbsp; &#8230; <a class=\"view-article\" href=\"https:\/\/www.ntf.uni-lj.si\/igt\/notification\/pregovori-v-barvah-%e2%96%aa%ef%b8%8e-proverbs-in-colours\/\">Read more<\/a>","protected":false},"author":62,"featured_media":0,"template":"","categories":[593,468,555],"acf":[],"yoast_head":"<!-- This site is optimized with the Yoast SEO plugin v17.0 - https:\/\/yoast.com\/wordpress\/plugins\/seo\/ -->\n<meta name=\"description\" content=\"Ob Mednarodnem dnevu barve smo \u0161tudente GIK2 pri predmetu Merjenje barve izzvali, da s paleto \u0161tirih barvnih vzorcev ponazorijo pregovore. Tako\" \/>\n<meta name=\"robots\" content=\"index, follow, max-snippet:-1, max-image-preview:large, max-video-preview:-1\" \/>\n<link rel=\"canonical\" href=\"https:\/\/www.ntf.uni-lj.si\/igt\/notification\/pregovori-v-barvah-\u25aa\ufe0e-proverbs-in-colours\/\" \/>\n<meta property=\"og:locale\" content=\"en_US\" \/>\n<meta property=\"og:type\" content=\"article\" \/>\n<meta property=\"og:title\" content=\"Pregovori v barvah - IGT\" \/>\n<meta property=\"og:description\" content=\"Ob Mednarodnem dnevu barve smo \u0161tudente GIK2 pri predmetu Merjenje barve izzvali, da s paleto \u0161tirih barvnih vzorcev ponazorijo pregovore. Tako\" \/>\n<meta property=\"og:url\" content=\"https:\/\/www.ntf.uni-lj.si\/igt\/notification\/pregovori-v-barvah-\u25aa\ufe0e-proverbs-in-colours\/\" \/>\n<meta property=\"og:site_name\" content=\"IGT\" \/>\n<meta property=\"article:modified_time\" content=\"2021-05-14T09:34:26+00:00\" \/>\n<meta property=\"og:image\" content=\"https:\/\/www.ntf.uni-lj.si\/igt\/wp-content\/uploads\/sites\/8\/2021\/04\/Naslovnica.jpg\" \/>\n<script type=\"application\/ld+json\" class=\"yoast-schema-graph\">{\"@context\":\"https:\/\/schema.org\",\"@graph\":[{\"@type\":\"WebSite\",\"@id\":\"https:\/\/www.ntf.uni-lj.si\/igt\/#website\",\"url\":\"https:\/\/www.ntf.uni-lj.si\/igt\/\",\"name\":\"IGT\",\"description\":\"Katedra za informacijsko in grafi\\u010dno tehnologijo\",\"potentialAction\":[{\"@type\":\"SearchAction\",\"target\":{\"@type\":\"EntryPoint\",\"urlTemplate\":\"https:\/\/www.ntf.uni-lj.si\/igt\/?s={search_term_string}\"},\"query-input\":\"required name=search_term_string\"}],\"inLanguage\":\"en-US\"},{\"@type\":\"ImageObject\",\"@id\":\"https:\/\/www.ntf.uni-lj.si\/igt\/notification\/pregovori-v-barvah-%e2%96%aa%ef%b8%8e-proverbs-in-colours\/#primaryimage\",\"inLanguage\":\"en-US\",\"url\":\"https:\/\/www.ntf.uni-lj.si\/igt\/wp-content\/uploads\/sites\/8\/2021\/04\/Naslovnica.jpg\",\"contentUrl\":\"https:\/\/www.ntf.uni-lj.si\/igt\/wp-content\/uploads\/sites\/8\/2021\/04\/Naslovnica.jpg\",\"width\":1654,\"height\":1821},{\"@type\":\"WebPage\",\"@id\":\"https:\/\/www.ntf.uni-lj.si\/igt\/notification\/pregovori-v-barvah-%e2%96%aa%ef%b8%8e-proverbs-in-colours\/#webpage\",\"url\":\"https:\/\/www.ntf.uni-lj.si\/igt\/notification\/pregovori-v-barvah-%e2%96%aa%ef%b8%8e-proverbs-in-colours\/\",\"name\":\"Pregovori v barvah - IGT\",\"isPartOf\":{\"@id\":\"https:\/\/www.ntf.uni-lj.si\/igt\/#website\"},\"primaryImageOfPage\":{\"@id\":\"https:\/\/www.ntf.uni-lj.si\/igt\/notification\/pregovori-v-barvah-%e2%96%aa%ef%b8%8e-proverbs-in-colours\/#primaryimage\"},\"datePublished\":\"2021-04-23T11:42:40+00:00\",\"dateModified\":\"2021-05-14T09:34:26+00:00\",\"description\":\"Ob Mednarodnem dnevu barve smo \\u0161tudente GIK2 pri predmetu Merjenje barve izzvali, da s paleto \\u0161tirih barvnih vzorcev ponazorijo pregovore. Tako\",\"breadcrumb\":{\"@id\":\"https:\/\/www.ntf.uni-lj.si\/igt\/notification\/pregovori-v-barvah-%e2%96%aa%ef%b8%8e-proverbs-in-colours\/#breadcrumb\"},\"inLanguage\":\"en-US\",\"potentialAction\":[{\"@type\":\"ReadAction\",\"target\":[\"https:\/\/www.ntf.uni-lj.si\/igt\/notification\/pregovori-v-barvah-%e2%96%aa%ef%b8%8e-proverbs-in-colours\/\"]}]},{\"@type\":\"BreadcrumbList\",\"@id\":\"https:\/\/www.ntf.uni-lj.si\/igt\/notification\/pregovori-v-barvah-%e2%96%aa%ef%b8%8e-proverbs-in-colours\/#breadcrumb\",\"itemListElement\":[{\"@type\":\"ListItem\",\"position\":1,\"name\":\"Home\",\"item\":\"https:\/\/www.ntf.uni-lj.si\/igt\/\"},{\"@type\":\"ListItem\",\"position\":2,\"name\":\"Obvestila\",\"item\":\"https:\/\/www.ntf.uni-lj.si\/igt\/notification\/\"},{\"@type\":\"ListItem\",\"position\":3,\"name\":\"Pregovori v barvah\"}]}]}<\/script>\n<!-- \/ Yoast SEO plugin. -->","yoast_head_json":{"description":"Ob Mednarodnem dnevu barve smo \u0161tudente GIK2 pri predmetu Merjenje barve izzvali, da s paleto \u0161tirih barvnih vzorcev ponazorijo pregovore. Tako","robots":{"index":"index","follow":"follow","max-snippet":"max-snippet:-1","max-image-preview":"max-image-preview:large","max-video-preview":"max-video-preview:-1"},"canonical":"https:\/\/www.ntf.uni-lj.si\/igt\/notification\/pregovori-v-barvah-\u25aa\ufe0e-proverbs-in-colours\/","og_locale":"en_US","og_type":"article","og_title":"Pregovori v barvah - IGT","og_description":"Ob Mednarodnem dnevu barve smo \u0161tudente GIK2 pri predmetu Merjenje barve izzvali, da s paleto \u0161tirih barvnih vzorcev ponazorijo pregovore. Tako","og_url":"https:\/\/www.ntf.uni-lj.si\/igt\/notification\/pregovori-v-barvah-\u25aa\ufe0e-proverbs-in-colours\/","og_site_name":"IGT","article_modified_time":"2021-05-14T09:34:26+00:00","og_image":[{"url":"https:\/\/www.ntf.uni-lj.si\/igt\/wp-content\/uploads\/sites\/8\/2021\/04\/Naslovnica.jpg"}],"schema":{"@context":"https:\/\/schema.org","@graph":[{"@type":"WebSite","@id":"https:\/\/www.ntf.uni-lj.si\/igt\/#website","url":"https:\/\/www.ntf.uni-lj.si\/igt\/","name":"IGT","description":"Katedra za informacijsko in grafi\u010dno tehnologijo","potentialAction":[{"@type":"SearchAction","target":{"@type":"EntryPoint","urlTemplate":"https:\/\/www.ntf.uni-lj.si\/igt\/?s={search_term_string}"},"query-input":"required name=search_term_string"}],"inLanguage":"en-US"},{"@type":"ImageObject","@id":"https:\/\/www.ntf.uni-lj.si\/igt\/notification\/pregovori-v-barvah-%e2%96%aa%ef%b8%8e-proverbs-in-colours\/#primaryimage","inLanguage":"en-US","url":"https:\/\/www.ntf.uni-lj.si\/igt\/wp-content\/uploads\/sites\/8\/2021\/04\/Naslovnica.jpg","contentUrl":"https:\/\/www.ntf.uni-lj.si\/igt\/wp-content\/uploads\/sites\/8\/2021\/04\/Naslovnica.jpg","width":1654,"height":1821},{"@type":"WebPage","@id":"https:\/\/www.ntf.uni-lj.si\/igt\/notification\/pregovori-v-barvah-%e2%96%aa%ef%b8%8e-proverbs-in-colours\/#webpage","url":"https:\/\/www.ntf.uni-lj.si\/igt\/notification\/pregovori-v-barvah-%e2%96%aa%ef%b8%8e-proverbs-in-colours\/","name":"Pregovori v barvah - IGT","isPartOf":{"@id":"https:\/\/www.ntf.uni-lj.si\/igt\/#website"},"primaryImageOfPage":{"@id":"https:\/\/www.ntf.uni-lj.si\/igt\/notification\/pregovori-v-barvah-%e2%96%aa%ef%b8%8e-proverbs-in-colours\/#primaryimage"},"datePublished":"2021-04-23T11:42:40+00:00","dateModified":"2021-05-14T09:34:26+00:00","description":"Ob Mednarodnem dnevu barve smo \u0161tudente GIK2 pri predmetu Merjenje barve izzvali, da s paleto \u0161tirih barvnih vzorcev ponazorijo pregovore. Tako","breadcrumb":{"@id":"https:\/\/www.ntf.uni-lj.si\/igt\/notification\/pregovori-v-barvah-%e2%96%aa%ef%b8%8e-proverbs-in-colours\/#breadcrumb"},"inLanguage":"en-US","potentialAction":[{"@type":"ReadAction","target":["https:\/\/www.ntf.uni-lj.si\/igt\/notification\/pregovori-v-barvah-%e2%96%aa%ef%b8%8e-proverbs-in-colours\/"]}]},{"@type":"BreadcrumbList","@id":"https:\/\/www.ntf.uni-lj.si\/igt\/notification\/pregovori-v-barvah-%e2%96%aa%ef%b8%8e-proverbs-in-colours\/#breadcrumb","itemListElement":[{"@type":"ListItem","position":1,"name":"Home","item":"https:\/\/www.ntf.uni-lj.si\/igt\/"},{"@type":"ListItem","position":2,"name":"Obvestila","item":"https:\/\/www.ntf.uni-lj.si\/igt\/notification\/"},{"@type":"ListItem","position":3,"name":"Pregovori v barvah"}]}]}},"_links":{"self":[{"href":"https:\/\/www.ntf.uni-lj.si\/igt\/wp-json\/wp\/v2\/notification\/27559"}],"collection":[{"href":"https:\/\/www.ntf.uni-lj.si\/igt\/wp-json\/wp\/v2\/notification"}],"about":[{"href":"https:\/\/www.ntf.uni-lj.si\/igt\/wp-json\/wp\/v2\/types\/notification"}],"author":[{"embeddable":true,"href":"https:\/\/www.ntf.uni-lj.si\/igt\/wp-json\/wp\/v2\/users\/62"}],"version-history":[{"count":18,"href":"https:\/\/www.ntf.uni-lj.si\/igt\/wp-json\/wp\/v2\/notification\/27559\/revisions"}],"predecessor-version":[{"id":27862,"href":"https:\/\/www.ntf.uni-lj.si\/igt\/wp-json\/wp\/v2\/notification\/27559\/revisions\/27862"}],"wp:attachment":[{"href":"https:\/\/www.ntf.uni-lj.si\/igt\/wp-json\/wp\/v2\/media?parent=27559"}],"wp:term":[{"taxonomy":"category","embeddable":true,"href":"https:\/\/www.ntf.uni-lj.si\/igt\/wp-json\/wp\/v2\/categories?post=27559"}],"curies":[{"name":"wp","href":"https:\/\/api.w.org\/{rel}","templated":true}]}}

<p>Ob <a href="https://www.aic-color.org/icd">Mednarodnem dnevu barve</a> smo študente GIK2 pri predmetu Merjenje barve izzvali, da s paleto štirih barvnih vzorcev ponazorijo pregovore. Tako predstavljene barvne palete prikazujejo interpretacije izbranih pregovorov s pomočjo barv, s katerimi so študenti izrazili čustva, ki so se jim porodila ob zapisanem besedilu.</p>
<p><em>Mentorice: Barbara Blaznik, Barbara Luštek Preskar and Sabina Bračko</em></p>
<p><img loading="lazy" width="1654" height="1821" class="aligncenter size-full wp-image-27568" src="https://www.ntf.uni-lj.si/igt/wp-content/uploads/sites/8/2021/04/Naslovnica.jpg" alt="" srcset="https://www.ntf.uni-lj.si/igt/wp-content/uploads/sites/8/2021/04/Naslovnica.jpg 1654w, https://www.ntf.uni-lj.si/igt/wp-content/uploads/sites/8/2021/04/Naslovnica-272x300.jpg 272w, https://www.ntf.uni-lj.si/igt/wp-content/uploads/sites/8/2021/04/Naslovnica-768x846.jpg 768w, https://www.ntf.uni-lj.si/igt/wp-content/uploads/sites/8/2021/04/Naslovnica-930x1024.jpg 930w" sizes="(max-width: 1654px) 100vw, 1654px" /></p>
<p>&nbsp;</p>
<p>&nbsp;</p>

Ob Mednarodnem dnevu barve smo študente GIK2 pri predmetu Merjenje barve izzvali, da s paleto štirih barvnih vzorcev ponazorijo pregovore. Tako predstavljene barvne palete prikazujejo interpretacije izbranih pregovorov s pomočjo barv, s katerimi so študenti izrazili čustva, ki so se jim porodila ob zapisanem besedilu. Mentorice: Barbara Blaznik, Barbara Luštek Preskar and Sabina Bračko &nbsp; &#8230; <a class="view-article" href="https://www.ntf.uni-lj.si/igt/notification/pregovori-v-barvah-%e2%96%aa%ef%b8%8e-proverbs-in-colours/">Read more</a>

<!-- This site is optimized with the Yoast SEO plugin v17.0 - https://yoast.com/wordpress/plugins/seo/ -->
<meta name="description" content="Ob Mednarodnem dnevu barve smo študente GIK2 pri predmetu Merjenje barve izzvali, da s paleto štirih barvnih vzorcev ponazorijo pregovore. Tako" />
<meta name="robots" content="index, follow, max-snippet:-1, max-image-preview:large, max-video-preview:-1" />
<link rel="canonical" href="https://www.ntf.uni-lj.si/igt/notification/pregovori-v-barvah-▪︎-proverbs-in-colours/" />
<meta property="og:locale" content="en_US" />
<meta property="og:type" content="article" />
<meta property="og:title" content="Pregovori v barvah - IGT" />
<meta property="og:description" content="Ob Mednarodnem dnevu barve smo študente GIK2 pri predmetu Merjenje barve izzvali, da s paleto štirih barvnih vzorcev ponazorijo pregovore. Tako" />
<meta property="og:url" content="https://www.ntf.uni-lj.si/igt/notification/pregovori-v-barvah-▪︎-proverbs-in-colours/" />
<meta property="og:site_name" content="IGT" />
<meta property="article:modified_time" content="2021-05-14T09:34:26+00:00" />
<meta property="og:image" content="https://www.ntf.uni-lj.si/igt/wp-content/uploads/sites/8/2021/04/Naslovnica.jpg" />
<script type="application/ld+json" class="yoast-schema-graph">{"@context":"https://schema.org","@graph":[{"@type":"WebSite","@id":"https://www.ntf.uni-lj.si/igt/#website","url":"https://www.ntf.uni-lj.si/igt/","name":"IGT","description":"Katedra za informacijsko in grafi\u010dno tehnologijo","potentialAction":[{"@type":"SearchAction","target":{"@type":"EntryPoint","urlTemplate":"https://www.ntf.uni-lj.si/igt/?s={search_term_string}"},"query-input":"required name=search_term_string"}],"inLanguage":"en-US"},{"@type":"ImageObject","@id":"https://www.ntf.uni-lj.si/igt/notification/pregovori-v-barvah-%e2%96%aa%ef%b8%8e-proverbs-in-colours/#primaryimage","inLanguage":"en-US","url":"https://www.ntf.uni-lj.si/igt/wp-content/uploads/sites/8/2021/04/Naslovnica.jpg","contentUrl":"https://www.ntf.uni-lj.si/igt/wp-content/uploads/sites/8/2021/04/Naslovnica.jpg","width":1654,"height":1821},{"@type":"WebPage","@id":"https://www.ntf.uni-lj.si/igt/notification/pregovori-v-barvah-%e2%96%aa%ef%b8%8e-proverbs-in-colours/#webpage","url":"https://www.ntf.uni-lj.si/igt/notification/pregovori-v-barvah-%e2%96%aa%ef%b8%8e-proverbs-in-colours/","name":"Pregovori v barvah - IGT","isPartOf":{"@id":"https://www.ntf.uni-lj.si/igt/#website"},"primaryImageOfPage":{"@id":"https://www.ntf.uni-lj.si/igt/notification/pregovori-v-barvah-%e2%96%aa%ef%b8%8e-proverbs-in-colours/#primaryimage"},"datePublished":"2021-04-23T11:42:40+00:00","dateModified":"2021-05-14T09:34:26+00:00","description":"Ob Mednarodnem dnevu barve smo \u0161tudente GIK2 pri predmetu Merjenje barve izzvali, da s paleto \u0161tirih barvnih vzorcev ponazorijo pregovore. Tako","breadcrumb":{"@id":"https://www.ntf.uni-lj.si/igt/notification/pregovori-v-barvah-%e2%96%aa%ef%b8%8e-proverbs-in-colours/#breadcrumb"},"inLanguage":"en-US","potentialAction":[{"@type":"ReadAction","target":["https://www.ntf.uni-lj.si/igt/notification/pregovori-v-barvah-%e2%96%aa%ef%b8%8e-proverbs-in-colours/"]}]},{"@type":"BreadcrumbList","@id":"https://www.ntf.uni-lj.si/igt/notification/pregovori-v-barvah-%e2%96%aa%ef%b8%8e-proverbs-in-colours/#breadcrumb","itemListElement":[{"@type":"ListItem","position":1,"name":"Home","item":"https://www.ntf.uni-lj.si/igt/"},{"@type":"ListItem","position":2,"name":"Obvestila","item":"https://www.ntf.uni-lj.si/igt/notification/"},{"@type":"ListItem","position":3,"name":"Pregovori v barvah"}]}]}</script>
<!-- / Yoast SEO plugin. -->

Ob Mednarodnem dnevu barve smo študente GIK2 pri predmetu Merjenje barve izzvali, da s paleto štirih barvnih vzorcev ponazorijo pregovore. Tako

Katedra za informacijsko in grafično tehnologijo
