{"id":30997,"date":"2022-04-22T22:04:12","date_gmt":"2022-04-22T20:04:12","guid":{"rendered":"https:\/\/www.ntf.uni-lj.si\/igt\/?post_type=notification&#038;p=30997"},"modified":"2022-04-25T07:43:24","modified_gmt":"2022-04-25T05:43:24","slug":"pregovori-v-barvah","status":"publish","type":"notification","link":"https:\/\/www.ntf.uni-lj.si\/igt\/notification\/pregovori-v-barvah\/","title":{"rendered":"Pregovori v barvah"},"content":{"rendered":"<p>Ob <a href=\"https:\/\/www.aic-color.org\/icd\">Mednarodnem dnevu barve<\/a> smo \u0161tudente GIK2 pri predmetu Merjenje barve izzvali, da s paleto \u0161tirih barvnih vzorcev ponazorijo pregovore. Tako predstavljene barvne palete prikazujejo interpretacije izbranih pregovorov s pomo\u010djo barv, s katerimi so \u0161tudenti izrazili \u010dustva, ki so se jim porodila ob zapisanem besedilu.<\/p>\n<p><em>Mentorici: Sabina Bra\u010dko in Barbara Blaznik<\/em><\/p>\n<p>&nbsp;<\/p>\n<p><img loading=\"lazy\" decoding=\"async\" class=\"aligncenter wp-image-31007 size-large\" src=\"https:\/\/www.ntf.uni-lj.si\/igt\/wp-content\/uploads\/sites\/8\/2022\/04\/VSI-20-796x1024.jpg\" alt=\"\" width=\"796\" height=\"1024\" \/><\/p>\n","protected":false},"excerpt":{"rendered":"Ob Mednarodnem dnevu barve smo \u0161tudente GIK2 pri predmetu Merjenje barve izzvali, da s paleto \u0161tirih barvnih vzorcev ponazorijo pregovore. Tako predstavljene barvne palete prikazujejo interpretacije izbranih pregovorov s pomo\u010djo barv, s katerimi so \u0161tudenti izrazili \u010dustva, ki so se jim porodila ob zapisanem besedilu. Mentorici: Sabina Bra\u010dko in Barbara Blaznik &nbsp;","protected":false},"author":62,"featured_media":0,"template":"","categories":[593,468,555],"class_list":["post-30997","notification","type-notification","status-publish","hentry","category-merjenje-barv","category-novice","category-obvestila","employee-barbara-blaznik"],"acf":[],"_links":{"self":[{"href":"https:\/\/www.ntf.uni-lj.si\/igt\/wp-json\/wp\/v2\/notification\/30997","targetHints":{"allow":["GET"]}}],"collection":[{"href":"https:\/\/www.ntf.uni-lj.si\/igt\/wp-json\/wp\/v2\/notification"}],"about":[{"href":"https:\/\/www.ntf.uni-lj.si\/igt\/wp-json\/wp\/v2\/types\/notification"}],"author":[{"embeddable":true,"href":"https:\/\/www.ntf.uni-lj.si\/igt\/wp-json\/wp\/v2\/users\/62"}],"version-history":[{"count":5,"href":"https:\/\/www.ntf.uni-lj.si\/igt\/wp-json\/wp\/v2\/notification\/30997\/revisions"}],"predecessor-version":[{"id":31012,"href":"https:\/\/www.ntf.uni-lj.si\/igt\/wp-json\/wp\/v2\/notification\/30997\/revisions\/31012"}],"wp:attachment":[{"href":"https:\/\/www.ntf.uni-lj.si\/igt\/wp-json\/wp\/v2\/media?parent=30997"}],"wp:term":[{"taxonomy":"category","embeddable":true,"href":"https:\/\/www.ntf.uni-lj.si\/igt\/wp-json\/wp\/v2\/categories?post=30997"}],"curies":[{"name":"wp","href":"https:\/\/api.w.org\/{rel}","templated":true}]}}

<p>Ob <a href="https://www.aic-color.org/icd">Mednarodnem dnevu barve</a> smo študente GIK2 pri predmetu Merjenje barve izzvali, da s paleto štirih barvnih vzorcev ponazorijo pregovore. Tako predstavljene barvne palete prikazujejo interpretacije izbranih pregovorov s pomočjo barv, s katerimi so študenti izrazili čustva, ki so se jim porodila ob zapisanem besedilu.</p>
<p><em>Mentorici: Sabina Bračko in Barbara Blaznik</em></p>
<p>&nbsp;</p>
<p><img loading="lazy" decoding="async" class="aligncenter wp-image-31007 size-large" src="https://www.ntf.uni-lj.si/igt/wp-content/uploads/sites/8/2022/04/VSI-20-796x1024.jpg" alt="" width="796" height="1024" /></p>

Ob Mednarodnem dnevu barve smo študente GIK2 pri predmetu Merjenje barve izzvali, da s paleto štirih barvnih vzorcev ponazorijo pregovore. Tako predstavljene barvne palete prikazujejo interpretacije izbranih pregovorov s pomočjo barv, s katerimi so študenti izrazili čustva, ki so se jim porodila ob zapisanem besedilu. Mentorici: Sabina Bračko in Barbara Blaznik &nbsp;
