{"id":37467,"date":"2025-04-13T18:02:22","date_gmt":"2025-04-13T16:02:22","guid":{"rendered":"https:\/\/www.ntf.uni-lj.si\/igt\/?post_type=notification&#038;p=37467"},"modified":"2025-04-13T18:02:22","modified_gmt":"2025-04-13T16:02:22","slug":"barve-mojega-mesta-2025","status":"publish","type":"notification","link":"https:\/\/www.ntf.uni-lj.si\/igt\/notification\/barve-mojega-mesta-2025\/","title":{"rendered":"Barve mojega mesta 2025"},"content":{"rendered":"<p><img loading=\"lazy\" decoding=\"async\" class=\"aligncenter wp-image-37472\" src=\"https:\/\/www.ntf.uni-lj.si\/igt\/wp-content\/uploads\/sites\/8\/2025\/04\/Pasica_01-1024x289.jpg\" alt=\"\" width=\"709\" height=\"200\" srcset=\"https:\/\/www.ntf.uni-lj.si\/igt\/wp-content\/uploads\/sites\/8\/2025\/04\/Pasica_01-1024x289.jpg 1024w, https:\/\/www.ntf.uni-lj.si\/igt\/wp-content\/uploads\/sites\/8\/2025\/04\/Pasica_01-300x85.jpg 300w, https:\/\/www.ntf.uni-lj.si\/igt\/wp-content\/uploads\/sites\/8\/2025\/04\/Pasica_01-768x217.jpg 768w, https:\/\/www.ntf.uni-lj.si\/igt\/wp-content\/uploads\/sites\/8\/2025\/04\/Pasica_01-1536x433.jpg 1536w, https:\/\/www.ntf.uni-lj.si\/igt\/wp-content\/uploads\/sites\/8\/2025\/04\/Pasica_01-2048x578.jpg 2048w\" sizes=\"auto, (max-width: 709px) 100vw, 709px\" \/><\/p>\n<p>Ob mednarodnem dnevu barve, ki ga vsako leto obele\u017eujemo<br \/>\n21. marca, so \u0161tudentje 2. letnika programa Grafi\u010dnih in interaktivnih komunikacij v okviru predmeta Merjenje barve ustvarili fotografsko serijo z naslovom Barve mojega mesta.<\/p>\n<p>Z izostrenim ob\u010dutkom za barvne odtenke in njihove pomenljive kontraste so skozi objektiv raziskovali in ujeli vizualne zgodbe mestnih ulic, fasad, narave in vsakdanjih prizorov. Vsaka fotografija pripoveduje unikatno zgodbo o tem, kako \u0161tudentje do\u017eivljajo barvno identiteto svojega urbanega okolja \u2013 bodisi skozi subtilne tone ali drzno barvno dinamiko.<\/p>\n<p>Na ta na\u010din v sklopu strokovnega predmeta Merejenje barv spodbujamo ustvarjalnost, opazovanje in interpretacijo barve kot mo\u010dnega izraza osebnega in dru\u017ebenega prostora.<\/p>\n<p>Vabljeni k ogledu razstave, ki vas popelje skozi barvne utrinke mestnega vsakdana \u2013 skozi o\u010di mladih ustvarjalcev, ki s svojim pogledom osvetljujejo svet okoli nas.<\/p>\n<p>Mentorici: Sabina Bra\u010dko in Barbara Blaznik<\/p>\n","protected":false},"excerpt":{"rendered":"Ob mednarodnem dnevu barve, ki ga vsako leto obele\u017eujemo 21. marca, so \u0161tudentje 2. letnika programa Grafi\u010dnih in interaktivnih komunikacij v okviru predmeta Merjenje barve ustvarili fotografsko serijo z naslovom Barve mojega mesta. Z izostrenim ob\u010dutkom za barvne odtenke in njihove pomenljive kontraste so skozi objektiv raziskovali in ujeli vizualne zgodbe mestnih ulic, fasad, narave &#8230; <a class=\"view-article\" href=\"https:\/\/www.ntf.uni-lj.si\/igt\/notification\/barve-mojega-mesta-2025\/\">Read more<\/a>","protected":false},"author":62,"featured_media":0,"template":"","categories":[593,468],"class_list":["post-37467","notification","type-notification","status-publish","hentry","category-merjenje-barv","category-novice","employee-barbara-blaznik"],"acf":[],"_links":{"self":[{"href":"https:\/\/www.ntf.uni-lj.si\/igt\/wp-json\/wp\/v2\/notification\/37467","targetHints":{"allow":["GET"]}}],"collection":[{"href":"https:\/\/www.ntf.uni-lj.si\/igt\/wp-json\/wp\/v2\/notification"}],"about":[{"href":"https:\/\/www.ntf.uni-lj.si\/igt\/wp-json\/wp\/v2\/types\/notification"}],"author":[{"embeddable":true,"href":"https:\/\/www.ntf.uni-lj.si\/igt\/wp-json\/wp\/v2\/users\/62"}],"version-history":[{"count":11,"href":"https:\/\/www.ntf.uni-lj.si\/igt\/wp-json\/wp\/v2\/notification\/37467\/revisions"}],"predecessor-version":[{"id":37519,"href":"https:\/\/www.ntf.uni-lj.si\/igt\/wp-json\/wp\/v2\/notification\/37467\/revisions\/37519"}],"wp:attachment":[{"href":"https:\/\/www.ntf.uni-lj.si\/igt\/wp-json\/wp\/v2\/media?parent=37467"}],"wp:term":[{"taxonomy":"category","embeddable":true,"href":"https:\/\/www.ntf.uni-lj.si\/igt\/wp-json\/wp\/v2\/categories?post=37467"}],"curies":[{"name":"wp","href":"https:\/\/api.w.org\/{rel}","templated":true}]}}

<p><img loading="lazy" decoding="async" class="aligncenter wp-image-37472" src="https://www.ntf.uni-lj.si/igt/wp-content/uploads/sites/8/2025/04/Pasica_01-1024x289.jpg" alt="" width="709" height="200" srcset="https://www.ntf.uni-lj.si/igt/wp-content/uploads/sites/8/2025/04/Pasica_01-1024x289.jpg 1024w, https://www.ntf.uni-lj.si/igt/wp-content/uploads/sites/8/2025/04/Pasica_01-300x85.jpg 300w, https://www.ntf.uni-lj.si/igt/wp-content/uploads/sites/8/2025/04/Pasica_01-768x217.jpg 768w, https://www.ntf.uni-lj.si/igt/wp-content/uploads/sites/8/2025/04/Pasica_01-1536x433.jpg 1536w, https://www.ntf.uni-lj.si/igt/wp-content/uploads/sites/8/2025/04/Pasica_01-2048x578.jpg 2048w" sizes="auto, (max-width: 709px) 100vw, 709px" /></p>
<p>Ob mednarodnem dnevu barve, ki ga vsako leto obeležujemo<br />
21. marca, so študentje 2. letnika programa Grafičnih in interaktivnih komunikacij v okviru predmeta Merjenje barve ustvarili fotografsko serijo z naslovom Barve mojega mesta.</p>
<p>Z izostrenim občutkom za barvne odtenke in njihove pomenljive kontraste so skozi objektiv raziskovali in ujeli vizualne zgodbe mestnih ulic, fasad, narave in vsakdanjih prizorov. Vsaka fotografija pripoveduje unikatno zgodbo o tem, kako študentje doživljajo barvno identiteto svojega urbanega okolja – bodisi skozi subtilne tone ali drzno barvno dinamiko.</p>
<p>Na ta način v sklopu strokovnega predmeta Merejenje barv spodbujamo ustvarjalnost, opazovanje in interpretacijo barve kot močnega izraza osebnega in družbenega prostora.</p>
<p>Vabljeni k ogledu razstave, ki vas popelje skozi barvne utrinke mestnega vsakdana – skozi oči mladih ustvarjalcev, ki s svojim pogledom osvetljujejo svet okoli nas.</p>
<p>Mentorici: Sabina Bračko in Barbara Blaznik</p>

Ob mednarodnem dnevu barve, ki ga vsako leto obeležujemo 21. marca, so študentje 2. letnika programa Grafičnih in interaktivnih komunikacij v okviru predmeta Merjenje barve ustvarili fotografsko serijo z naslovom Barve mojega mesta. Z izostrenim občutkom za barvne odtenke in njihove pomenljive kontraste so skozi objektiv raziskovali in ujeli vizualne zgodbe mestnih ulic, fasad, narave &#8230; <a class="view-article" href="https://www.ntf.uni-lj.si/igt/notification/barve-mojega-mesta-2025/">Read more</a>
