{"id":1674,"date":"2015-03-16T14:54:58","date_gmt":"2015-03-16T13:54:58","guid":{"rendered":"http:\/\/www.ntf.uni-lj.si\/igt\/?page_id=1674"},"modified":"2025-06-09T08:59:55","modified_gmt":"2025-06-09T06:59:55","slug":"predmetnik","status":"publish","type":"page","link":"https:\/\/www.ntf.uni-lj.si\/igt\/studij\/1-stopnja\/graficna-in-medijska-tehnika\/predmetnik\/","title":{"rendered":"Predmetnik"},"content":{"rendered":"<h4><strong>Izbira izbirnih predmetov je omejena ter tako nekaterih kombinacij ni mo\u017eno izbrati. Seznam odvisnih izbirnih predmetov je objavljen pod predmetnikom.<\/strong><\/h4>\n<h4><strong>Omejitve vpisa pri posameznih predmetih:<\/strong><\/h4>\n<ul>\n<li>Medijske vizualizacije: pozitivno ocenjena sprejemna naloga in omejitev na 20 vpisanih \u0161tudentov<\/li>\n<li>Osnove 3D animacij in simulacij: izbran in vpisan predmet Osnove 3D modeliranja v ni\u017ejem letniku \u0161tudijskega programa<\/li>\n<li>Trendi pri razvoju embala\u017ee: pogoj za vpis je opravljen predmet Embala\u017eni materiali in tehnologija<\/li>\n<\/ul>\n<h4><strong>V \u0161tudijskem letu 2026\/27 bodo za\u010dele veljati tudi naslednje spremembe:<\/strong><\/h4>\n<ul>\n<li>Video in Tisk 2: predmeta se bosta izvajala le v 2. letniku<\/li>\n<li>Embala\u017ea 1 in Embala\u017ea 2: predmeta se ukineta<\/li>\n<\/ul>\n<hr \/>\n<h5>Objavljen predmetnik je veljaven za \u0161tudijsko leto 2025\/2026. Predmetnike preteklih let najdete <a href=\"https:\/\/www.ntf.uni-lj.si\/igt\/studij\/1-stopnja\/graficna-in-medijska-tehnika\/zbornik-studijskega-programa-gmt-vs\/\">na povezavi<\/a>.<\/h5>\n","protected":false},"excerpt":{"rendered":"Izbira izbirnih predmetov je omejena ter tako nekaterih kombinacij ni mo\u017eno izbrati. Seznam odvisnih izbirnih predmetov je objavljen pod predmetnikom. Omejitve vpisa pri posameznih predmetih: Medijske vizualizacije: pozitivno ocenjena sprejemna naloga in omejitev na 20 vpisanih \u0161tudentov Osnove 3D animacij in simulacij: izbran in vpisan predmet Osnove 3D modeliranja v ni\u017ejem letniku \u0161tudijskega programa Trendi &#8230; <a class=\"view-article\" href=\"https:\/\/www.ntf.uni-lj.si\/igt\/studij\/1-stopnja\/graficna-in-medijska-tehnika\/predmetnik\/\">Read more<\/a>","protected":false},"author":22,"featured_media":0,"parent":1535,"menu_order":40,"comment_status":"closed","ping_status":"closed","template":"","meta":[],"acf":[],"yoast_head":"<!-- This site is optimized with the Yoast SEO plugin v17.0 - https:\/\/yoast.com\/wordpress\/plugins\/seo\/ -->\n<meta name=\"description\" content=\"Izbira izbirnih predmetov je omejena ter tako nekaterih kombinacij ni mo\u017eno izbrati. Seznam odvisnih izbirnih predmetov je objavljen pod predmetnikom.\" \/>\n<meta name=\"robots\" content=\"index, follow, max-snippet:-1, max-image-preview:large, max-video-preview:-1\" \/>\n<link rel=\"canonical\" href=\"https:\/\/www.ntf.uni-lj.si\/igt\/studij\/1-stopnja\/graficna-in-medijska-tehnika\/predmetnik\/\" \/>\n<meta property=\"og:locale\" content=\"en_US\" \/>\n<meta property=\"og:type\" content=\"article\" \/>\n<meta property=\"og:title\" content=\"Predmetnik - IGT\" \/>\n<meta property=\"og:description\" content=\"Izbira izbirnih predmetov je omejena ter tako nekaterih kombinacij ni mo\u017eno izbrati. Seznam odvisnih izbirnih predmetov je objavljen pod predmetnikom.\" \/>\n<meta property=\"og:url\" content=\"https:\/\/www.ntf.uni-lj.si\/igt\/studij\/1-stopnja\/graficna-in-medijska-tehnika\/predmetnik\/\" \/>\n<meta property=\"og:site_name\" content=\"IGT\" \/>\n<meta property=\"article:modified_time\" content=\"2025-06-09T06:59:55+00:00\" \/>\n<meta name=\"twitter:label1\" content=\"Est. reading time\" \/>\n\t<meta name=\"twitter:data1\" content=\"1 minute\" \/>\n<script type=\"application\/ld+json\" class=\"yoast-schema-graph\">{\"@context\":\"https:\/\/schema.org\",\"@graph\":[{\"@type\":\"WebSite\",\"@id\":\"https:\/\/www.ntf.uni-lj.si\/igt\/#website\",\"url\":\"https:\/\/www.ntf.uni-lj.si\/igt\/\",\"name\":\"IGT\",\"description\":\"Katedra za informacijsko in grafi\\u010dno tehnologijo\",\"potentialAction\":[{\"@type\":\"SearchAction\",\"target\":{\"@type\":\"EntryPoint\",\"urlTemplate\":\"https:\/\/www.ntf.uni-lj.si\/igt\/?s={search_term_string}\"},\"query-input\":\"required name=search_term_string\"}],\"inLanguage\":\"en-US\"},{\"@type\":\"WebPage\",\"@id\":\"https:\/\/www.ntf.uni-lj.si\/igt\/studij\/1-stopnja\/graficna-in-medijska-tehnika\/predmetnik\/#webpage\",\"url\":\"https:\/\/www.ntf.uni-lj.si\/igt\/studij\/1-stopnja\/graficna-in-medijska-tehnika\/predmetnik\/\",\"name\":\"Predmetnik - IGT\",\"isPartOf\":{\"@id\":\"https:\/\/www.ntf.uni-lj.si\/igt\/#website\"},\"datePublished\":\"2015-03-16T13:54:58+00:00\",\"dateModified\":\"2025-06-09T06:59:55+00:00\",\"description\":\"Izbira izbirnih predmetov je omejena ter tako nekaterih kombinacij ni mo\\u017eno izbrati. Seznam odvisnih izbirnih predmetov je objavljen pod predmetnikom.\",\"breadcrumb\":{\"@id\":\"https:\/\/www.ntf.uni-lj.si\/igt\/studij\/1-stopnja\/graficna-in-medijska-tehnika\/predmetnik\/#breadcrumb\"},\"inLanguage\":\"en-US\",\"potentialAction\":[{\"@type\":\"ReadAction\",\"target\":[\"https:\/\/www.ntf.uni-lj.si\/igt\/studij\/1-stopnja\/graficna-in-medijska-tehnika\/predmetnik\/\"]}]},{\"@type\":\"BreadcrumbList\",\"@id\":\"https:\/\/www.ntf.uni-lj.si\/igt\/studij\/1-stopnja\/graficna-in-medijska-tehnika\/predmetnik\/#breadcrumb\",\"itemListElement\":[{\"@type\":\"ListItem\",\"position\":1,\"name\":\"Home\",\"item\":\"https:\/\/www.ntf.uni-lj.si\/igt\/\"},{\"@type\":\"ListItem\",\"position\":2,\"name\":\"\\u0160tudij\",\"item\":\"https:\/\/www.ntf.uni-lj.si\/igt\/studij\/\"},{\"@type\":\"ListItem\",\"position\":3,\"name\":\"1. stopnja\",\"item\":\"https:\/\/www.ntf.uni-lj.si\/igt\/studij\/1-stopnja\/\"},{\"@type\":\"ListItem\",\"position\":4,\"name\":\"Grafi\\u010dna in medijska tehnika (VS)\",\"item\":\"https:\/\/www.ntf.uni-lj.si\/igt\/studij\/1-stopnja\/graficna-in-medijska-tehnika\/\"},{\"@type\":\"ListItem\",\"position\":5,\"name\":\"Predmetnik\"}]}]}<\/script>\n<!-- \/ Yoast SEO plugin. -->","yoast_head_json":{"description":"Izbira izbirnih predmetov je omejena ter tako nekaterih kombinacij ni mo\u017eno izbrati. Seznam odvisnih izbirnih predmetov je objavljen pod predmetnikom.","robots":{"index":"index","follow":"follow","max-snippet":"max-snippet:-1","max-image-preview":"max-image-preview:large","max-video-preview":"max-video-preview:-1"},"canonical":"https:\/\/www.ntf.uni-lj.si\/igt\/studij\/1-stopnja\/graficna-in-medijska-tehnika\/predmetnik\/","og_locale":"en_US","og_type":"article","og_title":"Predmetnik - IGT","og_description":"Izbira izbirnih predmetov je omejena ter tako nekaterih kombinacij ni mo\u017eno izbrati. Seznam odvisnih izbirnih predmetov je objavljen pod predmetnikom.","og_url":"https:\/\/www.ntf.uni-lj.si\/igt\/studij\/1-stopnja\/graficna-in-medijska-tehnika\/predmetnik\/","og_site_name":"IGT","article_modified_time":"2025-06-09T06:59:55+00:00","twitter_misc":{"Est. reading time":"1 minute"},"schema":{"@context":"https:\/\/schema.org","@graph":[{"@type":"WebSite","@id":"https:\/\/www.ntf.uni-lj.si\/igt\/#website","url":"https:\/\/www.ntf.uni-lj.si\/igt\/","name":"IGT","description":"Katedra za informacijsko in grafi\u010dno tehnologijo","potentialAction":[{"@type":"SearchAction","target":{"@type":"EntryPoint","urlTemplate":"https:\/\/www.ntf.uni-lj.si\/igt\/?s={search_term_string}"},"query-input":"required name=search_term_string"}],"inLanguage":"en-US"},{"@type":"WebPage","@id":"https:\/\/www.ntf.uni-lj.si\/igt\/studij\/1-stopnja\/graficna-in-medijska-tehnika\/predmetnik\/#webpage","url":"https:\/\/www.ntf.uni-lj.si\/igt\/studij\/1-stopnja\/graficna-in-medijska-tehnika\/predmetnik\/","name":"Predmetnik - IGT","isPartOf":{"@id":"https:\/\/www.ntf.uni-lj.si\/igt\/#website"},"datePublished":"2015-03-16T13:54:58+00:00","dateModified":"2025-06-09T06:59:55+00:00","description":"Izbira izbirnih predmetov je omejena ter tako nekaterih kombinacij ni mo\u017eno izbrati. Seznam odvisnih izbirnih predmetov je objavljen pod predmetnikom.","breadcrumb":{"@id":"https:\/\/www.ntf.uni-lj.si\/igt\/studij\/1-stopnja\/graficna-in-medijska-tehnika\/predmetnik\/#breadcrumb"},"inLanguage":"en-US","potentialAction":[{"@type":"ReadAction","target":["https:\/\/www.ntf.uni-lj.si\/igt\/studij\/1-stopnja\/graficna-in-medijska-tehnika\/predmetnik\/"]}]},{"@type":"BreadcrumbList","@id":"https:\/\/www.ntf.uni-lj.si\/igt\/studij\/1-stopnja\/graficna-in-medijska-tehnika\/predmetnik\/#breadcrumb","itemListElement":[{"@type":"ListItem","position":1,"name":"Home","item":"https:\/\/www.ntf.uni-lj.si\/igt\/"},{"@type":"ListItem","position":2,"name":"\u0160tudij","item":"https:\/\/www.ntf.uni-lj.si\/igt\/studij\/"},{"@type":"ListItem","position":3,"name":"1. stopnja","item":"https:\/\/www.ntf.uni-lj.si\/igt\/studij\/1-stopnja\/"},{"@type":"ListItem","position":4,"name":"Grafi\u010dna in medijska tehnika (VS)","item":"https:\/\/www.ntf.uni-lj.si\/igt\/studij\/1-stopnja\/graficna-in-medijska-tehnika\/"},{"@type":"ListItem","position":5,"name":"Predmetnik"}]}]}},"_links":{"self":[{"href":"https:\/\/www.ntf.uni-lj.si\/igt\/wp-json\/wp\/v2\/pages\/1674"}],"collection":[{"href":"https:\/\/www.ntf.uni-lj.si\/igt\/wp-json\/wp\/v2\/pages"}],"about":[{"href":"https:\/\/www.ntf.uni-lj.si\/igt\/wp-json\/wp\/v2\/types\/page"}],"author":[{"embeddable":true,"href":"https:\/\/www.ntf.uni-lj.si\/igt\/wp-json\/wp\/v2\/users\/22"}],"replies":[{"embeddable":true,"href":"https:\/\/www.ntf.uni-lj.si\/igt\/wp-json\/wp\/v2\/comments?post=1674"}],"version-history":[{"count":39,"href":"https:\/\/www.ntf.uni-lj.si\/igt\/wp-json\/wp\/v2\/pages\/1674\/revisions"}],"predecessor-version":[{"id":37855,"href":"https:\/\/www.ntf.uni-lj.si\/igt\/wp-json\/wp\/v2\/pages\/1674\/revisions\/37855"}],"up":[{"embeddable":true,"href":"https:\/\/www.ntf.uni-lj.si\/igt\/wp-json\/wp\/v2\/pages\/1535"}],"wp:attachment":[{"href":"https:\/\/www.ntf.uni-lj.si\/igt\/wp-json\/wp\/v2\/media?parent=1674"}],"curies":[{"name":"wp","href":"https:\/\/api.w.org\/{rel}","templated":true}]}}