{"id":31634,"date":"2022-08-19T15:23:48","date_gmt":"2022-08-19T13:23:48","guid":{"rendered":"https:\/\/www.ntf.uni-lj.si\/igt\/?page_id=31634"},"modified":"2023-09-11T08:40:40","modified_gmt":"2023-09-11T06:40:40","slug":"izkusnje-studentov-2","status":"publish","type":"page","link":"https:\/\/www.ntf.uni-lj.si\/igt\/izkusnje-studentov-2\/","title":{"rendered":"Izku\u0161nje \u0161tudentov"},"content":{"rendered":"<p><em>&#8220;<span class=\"fontstyle0\">Pridobila sem veliko novega znanja saj sem pomagala na razli\u010dnih<\/span> p<span class=\"fontstyle0\">rojektih in dobivala zelo raznovrstne naloge. Izku\u0161nja je bila edinstvena tudi zato ker so bili v podjetju vsi zelo<\/span> <\/em><span class=\"fontstyle0\"><em>strpni in odprti ter so mi konstantno pomagali, spodbujali mojo kreativnost in ideje.&#8221;<\/em> &#8211; Lucija Brina<\/span><\/p>\n<p><em>&#8220;Na praksi sem se veliko nau\u010dila o poteku dela v dejanskem oblikovalskem studiu, o razvoju idej na podlagi naro\u010dnikovih \u017eelja, o delu z oblikovalskimi programi. Nad izku\u0161njo in svojimi izdelki sem zelo zadovoljna in ponosna.&#8221; &#8211; Eli<\/em><\/p>\n<p><em>&#8220;Sama izku\u0161nja je bila odli\u010dna. Znanje, ki sem ga pridobila do sedaj med samim \u0161tudijem, sem lahko sedaj uporabila tudi v praksi. Tudi zaposleni v podjetju so me lepo sprejeli in podali veliko novega znanja.&#8221;<\/em> &#8211; Lucija<\/p>\n<p><em>&#8220;<\/em><span class=\"fontstyle0\"><em>Veliko sem se nau\u010dila, imela sem odli\u010dnega mentorja, ki je z veseljem delil svoje znanje in izku\u0161nje z mano, me usmerjal pri delu in bil vedno na voljo za vpra\u0161anja in pomo\u010d.&#8221;<\/em> &#8211; Anja<\/span><\/p>\n","protected":false},"excerpt":{"rendered":"&#8220;Pridobila sem veliko novega znanja saj sem pomagala na razli\u010dnih projektih in dobivala zelo raznovrstne naloge. Izku\u0161nja je bila edinstvena tudi zato ker so bili v podjetju vsi zelo strpni in odprti ter so mi konstantno pomagali, spodbujali mojo kreativnost in ideje.&#8221; &#8211; Lucija Brina &#8220;Na praksi sem se veliko nau\u010dila o poteku dela v &#8230; <a class=\"view-article\" href=\"https:\/\/www.ntf.uni-lj.si\/igt\/izkusnje-studentov-2\/\">Read more<\/a>","protected":false},"author":51,"featured_media":0,"parent":0,"menu_order":0,"comment_status":"closed","ping_status":"closed","template":"","meta":[],"acf":[],"yoast_head":"<!-- This site is optimized with the Yoast SEO plugin v17.0 - https:\/\/yoast.com\/wordpress\/plugins\/seo\/ -->\n<meta name=\"description\" content=\"&quot;Pridobila sem veliko novega znanja saj sem pomagala na razli\u010dnih projektih in dobivala zelo raznovrstne naloge. Izku\u0161nja je bila edinstvena tudi zato ker\" \/>\n<meta name=\"robots\" content=\"index, follow, max-snippet:-1, max-image-preview:large, max-video-preview:-1\" \/>\n<link rel=\"canonical\" href=\"https:\/\/www.ntf.uni-lj.si\/igt\/izkusnje-studentov-2\/\" \/>\n<meta property=\"og:locale\" content=\"en_US\" \/>\n<meta property=\"og:type\" content=\"article\" \/>\n<meta property=\"og:title\" content=\"Izku\u0161nje \u0161tudentov - IGT\" \/>\n<meta property=\"og:description\" content=\"&quot;Pridobila sem veliko novega znanja saj sem pomagala na razli\u010dnih projektih in dobivala zelo raznovrstne naloge. Izku\u0161nja je bila edinstvena tudi zato ker\" \/>\n<meta property=\"og:url\" content=\"https:\/\/www.ntf.uni-lj.si\/igt\/izkusnje-studentov-2\/\" \/>\n<meta property=\"og:site_name\" content=\"IGT\" \/>\n<meta property=\"article:modified_time\" content=\"2023-09-11T06:40:40+00:00\" \/>\n<meta name=\"twitter:label1\" content=\"Est. reading time\" \/>\n\t<meta name=\"twitter:data1\" content=\"1 minute\" \/>\n<script type=\"application\/ld+json\" class=\"yoast-schema-graph\">{\"@context\":\"https:\/\/schema.org\",\"@graph\":[{\"@type\":\"WebSite\",\"@id\":\"https:\/\/www.ntf.uni-lj.si\/igt\/#website\",\"url\":\"https:\/\/www.ntf.uni-lj.si\/igt\/\",\"name\":\"IGT\",\"description\":\"Katedra za informacijsko in grafi\\u010dno tehnologijo\",\"potentialAction\":[{\"@type\":\"SearchAction\",\"target\":{\"@type\":\"EntryPoint\",\"urlTemplate\":\"https:\/\/www.ntf.uni-lj.si\/igt\/?s={search_term_string}\"},\"query-input\":\"required name=search_term_string\"}],\"inLanguage\":\"en-US\"},{\"@type\":\"WebPage\",\"@id\":\"https:\/\/www.ntf.uni-lj.si\/igt\/izkusnje-studentov-2\/#webpage\",\"url\":\"https:\/\/www.ntf.uni-lj.si\/igt\/izkusnje-studentov-2\/\",\"name\":\"Izku\\u0161nje \\u0161tudentov - IGT\",\"isPartOf\":{\"@id\":\"https:\/\/www.ntf.uni-lj.si\/igt\/#website\"},\"datePublished\":\"2022-08-19T13:23:48+00:00\",\"dateModified\":\"2023-09-11T06:40:40+00:00\",\"description\":\"\\\"Pridobila sem veliko novega znanja saj sem pomagala na razli\\u010dnih projektih in dobivala zelo raznovrstne naloge. Izku\\u0161nja je bila edinstvena tudi zato ker\",\"breadcrumb\":{\"@id\":\"https:\/\/www.ntf.uni-lj.si\/igt\/izkusnje-studentov-2\/#breadcrumb\"},\"inLanguage\":\"en-US\",\"potentialAction\":[{\"@type\":\"ReadAction\",\"target\":[\"https:\/\/www.ntf.uni-lj.si\/igt\/izkusnje-studentov-2\/\"]}]},{\"@type\":\"BreadcrumbList\",\"@id\":\"https:\/\/www.ntf.uni-lj.si\/igt\/izkusnje-studentov-2\/#breadcrumb\",\"itemListElement\":[{\"@type\":\"ListItem\",\"position\":1,\"name\":\"Home\",\"item\":\"https:\/\/www.ntf.uni-lj.si\/igt\/\"},{\"@type\":\"ListItem\",\"position\":2,\"name\":\"Izku\\u0161nje \\u0161tudentov\"}]}]}<\/script>\n<!-- \/ Yoast SEO plugin. -->","yoast_head_json":{"description":"\"Pridobila sem veliko novega znanja saj sem pomagala na razli\u010dnih projektih in dobivala zelo raznovrstne naloge. Izku\u0161nja je bila edinstvena tudi zato ker","robots":{"index":"index","follow":"follow","max-snippet":"max-snippet:-1","max-image-preview":"max-image-preview:large","max-video-preview":"max-video-preview:-1"},"canonical":"https:\/\/www.ntf.uni-lj.si\/igt\/izkusnje-studentov-2\/","og_locale":"en_US","og_type":"article","og_title":"Izku\u0161nje \u0161tudentov - IGT","og_description":"\"Pridobila sem veliko novega znanja saj sem pomagala na razli\u010dnih projektih in dobivala zelo raznovrstne naloge. Izku\u0161nja je bila edinstvena tudi zato ker","og_url":"https:\/\/www.ntf.uni-lj.si\/igt\/izkusnje-studentov-2\/","og_site_name":"IGT","article_modified_time":"2023-09-11T06:40:40+00:00","twitter_misc":{"Est. reading time":"1 minute"},"schema":{"@context":"https:\/\/schema.org","@graph":[{"@type":"WebSite","@id":"https:\/\/www.ntf.uni-lj.si\/igt\/#website","url":"https:\/\/www.ntf.uni-lj.si\/igt\/","name":"IGT","description":"Katedra za informacijsko in grafi\u010dno tehnologijo","potentialAction":[{"@type":"SearchAction","target":{"@type":"EntryPoint","urlTemplate":"https:\/\/www.ntf.uni-lj.si\/igt\/?s={search_term_string}"},"query-input":"required name=search_term_string"}],"inLanguage":"en-US"},{"@type":"WebPage","@id":"https:\/\/www.ntf.uni-lj.si\/igt\/izkusnje-studentov-2\/#webpage","url":"https:\/\/www.ntf.uni-lj.si\/igt\/izkusnje-studentov-2\/","name":"Izku\u0161nje \u0161tudentov - IGT","isPartOf":{"@id":"https:\/\/www.ntf.uni-lj.si\/igt\/#website"},"datePublished":"2022-08-19T13:23:48+00:00","dateModified":"2023-09-11T06:40:40+00:00","description":"\"Pridobila sem veliko novega znanja saj sem pomagala na razli\u010dnih projektih in dobivala zelo raznovrstne naloge. Izku\u0161nja je bila edinstvena tudi zato ker","breadcrumb":{"@id":"https:\/\/www.ntf.uni-lj.si\/igt\/izkusnje-studentov-2\/#breadcrumb"},"inLanguage":"en-US","potentialAction":[{"@type":"ReadAction","target":["https:\/\/www.ntf.uni-lj.si\/igt\/izkusnje-studentov-2\/"]}]},{"@type":"BreadcrumbList","@id":"https:\/\/www.ntf.uni-lj.si\/igt\/izkusnje-studentov-2\/#breadcrumb","itemListElement":[{"@type":"ListItem","position":1,"name":"Home","item":"https:\/\/www.ntf.uni-lj.si\/igt\/"},{"@type":"ListItem","position":2,"name":"Izku\u0161nje \u0161tudentov"}]}]}},"_links":{"self":[{"href":"https:\/\/www.ntf.uni-lj.si\/igt\/wp-json\/wp\/v2\/pages\/31634"}],"collection":[{"href":"https:\/\/www.ntf.uni-lj.si\/igt\/wp-json\/wp\/v2\/pages"}],"about":[{"href":"https:\/\/www.ntf.uni-lj.si\/igt\/wp-json\/wp\/v2\/types\/page"}],"author":[{"embeddable":true,"href":"https:\/\/www.ntf.uni-lj.si\/igt\/wp-json\/wp\/v2\/users\/51"}],"replies":[{"embeddable":true,"href":"https:\/\/www.ntf.uni-lj.si\/igt\/wp-json\/wp\/v2\/comments?post=31634"}],"version-history":[{"count":7,"href":"https:\/\/www.ntf.uni-lj.si\/igt\/wp-json\/wp\/v2\/pages\/31634\/revisions"}],"predecessor-version":[{"id":34582,"href":"https:\/\/www.ntf.uni-lj.si\/igt\/wp-json\/wp\/v2\/pages\/31634\/revisions\/34582"}],"wp:attachment":[{"href":"https:\/\/www.ntf.uni-lj.si\/igt\/wp-json\/wp\/v2\/media?parent=31634"}],"curies":[{"name":"wp","href":"https:\/\/api.w.org\/{rel}","templated":true}]}}