{"id":11810,"date":"2019-03-19T15:16:48","date_gmt":"2019-03-19T14:16:48","guid":{"rendered":"http:\/\/www.ntf.uni-lj.si\/ntf\/?post_type=notification&#038;p=11810"},"modified":"2019-03-21T08:15:39","modified_gmt":"2019-03-21T07:15:39","slug":"jubilejna-10-podelitev-priznanja-mentor-leta-19-3-2019","status":"publish","type":"notification","link":"https:\/\/www.ntf.uni-lj.si\/ntf\/notification\/jubilejna-10-podelitev-priznanja-mentor-leta-19-3-2019\/","title":{"rendered":"Jubilejna 10. podelitev priznanja Mentor leta &#8211; 19.3.2019"},"content":{"rendered":"<p>Dne 19. 3. 2019 bo Dru\u0161tvo mlada akademija na slavnostni prireditvi v Predsedni\u0161ki pala\u010di \u017ee deseti\u010d podelilo nagrado Mentor leta.<\/p>\n<p align=\"justify\">Jubilejni izbor Mentor leta poteka pod \u010dastnim pokroviteljstvom Predsednika Republike Slovenije Boruta Pahorja in v sodelovanju z Javno agencijo za raziskovalno dejavnost RS (ARRS).<\/p>\n<p align=\"justify\">Ve\u010d na: <a href=\"http:\/\/www.arrs.si\/sl\/dogodki\/19\/mentor-leta-2018.asp\">http:\/\/www.arrs.si\/sl\/dogodki\/19\/mentor-leta-2018.asp<\/a><\/p>\n","protected":false},"excerpt":{"rendered":"Dne 19. 3. 2019 bo Dru\u0161tvo mlada akademija na slavnostni prireditvi v Predsedni\u0161ki pala\u010di \u017ee deseti\u010d podelilo nagrado Mentor leta. Jubilejni izbor Mentor leta poteka pod \u010dastnim pokroviteljstvom Predsednika Republike Slovenije Boruta Pahorja in v sodelovanju z Javno agencijo za raziskovalno dejavnost RS (ARRS). Ve\u010d na: http:\/\/www.arrs.si\/sl\/dogodki\/19\/mentor-leta-2018.asp","protected":false},"author":201,"featured_media":0,"template":"","categories":[390],"acf":[],"yoast_head":"<!-- This site is optimized with the Yoast SEO plugin v17.0 - https:\/\/yoast.com\/wordpress\/plugins\/seo\/ -->\n<meta name=\"robots\" content=\"index, follow, max-snippet:-1, max-image-preview:large, max-video-preview:-1\" \/>\n<link rel=\"canonical\" href=\"https:\/\/www.ntf.uni-lj.si\/ntf\/notification\/jubilejna-10-podelitev-priznanja-mentor-leta-19-3-2019\/\" \/>\n<meta property=\"og:locale\" content=\"en_US\" \/>\n<meta property=\"og:type\" content=\"article\" \/>\n<meta property=\"og:title\" content=\"Jubilejna 10. podelitev priznanja Mentor leta - 19.3.2019 - NTF\" \/>\n<meta property=\"og:description\" content=\"Dne 19. 3. 2019 bo Dru\u0161tvo mlada akademija na slavnostni prireditvi v Predsedni\u0161ki pala\u010di \u017ee deseti\u010d podelilo nagrado Mentor leta. Jubilejni izbor Mentor leta poteka pod \u010dastnim pokroviteljstvom Predsednika Republike Slovenije Boruta Pahorja in v sodelovanju z Javno agencijo za raziskovalno dejavnost RS (ARRS). Ve\u010d na: http:\/\/www.arrs.si\/sl\/dogodki\/19\/mentor-leta-2018.asp\" \/>\n<meta property=\"og:url\" content=\"https:\/\/www.ntf.uni-lj.si\/ntf\/notification\/jubilejna-10-podelitev-priznanja-mentor-leta-19-3-2019\/\" \/>\n<meta property=\"og:site_name\" content=\"NTF\" \/>\n<meta property=\"article:modified_time\" content=\"2019-03-21T07:15:39+00:00\" \/>\n<script type=\"application\/ld+json\" class=\"yoast-schema-graph\">{\"@context\":\"https:\/\/schema.org\",\"@graph\":[{\"@type\":\"WebSite\",\"@id\":\"https:\/\/www.ntf.uni-lj.si\/ntf\/#website\",\"url\":\"https:\/\/www.ntf.uni-lj.si\/ntf\/\",\"name\":\"NTF\",\"description\":\"Naravoslovnotehni\\u0161ka fakulteta\",\"potentialAction\":[{\"@type\":\"SearchAction\",\"target\":{\"@type\":\"EntryPoint\",\"urlTemplate\":\"https:\/\/www.ntf.uni-lj.si\/ntf\/?s={search_term_string}\"},\"query-input\":\"required name=search_term_string\"}],\"inLanguage\":\"en-US\"},{\"@type\":\"WebPage\",\"@id\":\"https:\/\/www.ntf.uni-lj.si\/ntf\/notification\/jubilejna-10-podelitev-priznanja-mentor-leta-19-3-2019\/#webpage\",\"url\":\"https:\/\/www.ntf.uni-lj.si\/ntf\/notification\/jubilejna-10-podelitev-priznanja-mentor-leta-19-3-2019\/\",\"name\":\"Jubilejna 10. podelitev priznanja Mentor leta - 19.3.2019 - NTF\",\"isPartOf\":{\"@id\":\"https:\/\/www.ntf.uni-lj.si\/ntf\/#website\"},\"datePublished\":\"2019-03-19T14:16:48+00:00\",\"dateModified\":\"2019-03-21T07:15:39+00:00\",\"breadcrumb\":{\"@id\":\"https:\/\/www.ntf.uni-lj.si\/ntf\/notification\/jubilejna-10-podelitev-priznanja-mentor-leta-19-3-2019\/#breadcrumb\"},\"inLanguage\":\"en-US\",\"potentialAction\":[{\"@type\":\"ReadAction\",\"target\":[\"https:\/\/www.ntf.uni-lj.si\/ntf\/notification\/jubilejna-10-podelitev-priznanja-mentor-leta-19-3-2019\/\"]}]},{\"@type\":\"BreadcrumbList\",\"@id\":\"https:\/\/www.ntf.uni-lj.si\/ntf\/notification\/jubilejna-10-podelitev-priznanja-mentor-leta-19-3-2019\/#breadcrumb\",\"itemListElement\":[{\"@type\":\"ListItem\",\"position\":1,\"name\":\"Domov\",\"item\":\"https:\/\/www.ntf.uni-lj.si\/ntf\/\"},{\"@type\":\"ListItem\",\"position\":2,\"name\":\"Obvestila\",\"item\":\"https:\/\/www.ntf.uni-lj.si\/ntf\/notification\/\"},{\"@type\":\"ListItem\",\"position\":3,\"name\":\"Jubilejna 10. podelitev priznanja Mentor leta &#8211; 19.3.2019\"}]}]}<\/script>\n<!-- \/ Yoast SEO plugin. -->","yoast_head_json":{"robots":{"index":"index","follow":"follow","max-snippet":"max-snippet:-1","max-image-preview":"max-image-preview:large","max-video-preview":"max-video-preview:-1"},"canonical":"https:\/\/www.ntf.uni-lj.si\/ntf\/notification\/jubilejna-10-podelitev-priznanja-mentor-leta-19-3-2019\/","og_locale":"en_US","og_type":"article","og_title":"Jubilejna 10. podelitev priznanja Mentor leta - 19.3.2019 - NTF","og_description":"Dne 19. 3. 2019 bo Dru\u0161tvo mlada akademija na slavnostni prireditvi v Predsedni\u0161ki pala\u010di \u017ee deseti\u010d podelilo nagrado Mentor leta. Jubilejni izbor Mentor leta poteka pod \u010dastnim pokroviteljstvom Predsednika Republike Slovenije Boruta Pahorja in v sodelovanju z Javno agencijo za raziskovalno dejavnost RS (ARRS). Ve\u010d na: http:\/\/www.arrs.si\/sl\/dogodki\/19\/mentor-leta-2018.asp","og_url":"https:\/\/www.ntf.uni-lj.si\/ntf\/notification\/jubilejna-10-podelitev-priznanja-mentor-leta-19-3-2019\/","og_site_name":"NTF","article_modified_time":"2019-03-21T07:15:39+00:00","schema":{"@context":"https:\/\/schema.org","@graph":[{"@type":"WebSite","@id":"https:\/\/www.ntf.uni-lj.si\/ntf\/#website","url":"https:\/\/www.ntf.uni-lj.si\/ntf\/","name":"NTF","description":"Naravoslovnotehni\u0161ka fakulteta","potentialAction":[{"@type":"SearchAction","target":{"@type":"EntryPoint","urlTemplate":"https:\/\/www.ntf.uni-lj.si\/ntf\/?s={search_term_string}"},"query-input":"required name=search_term_string"}],"inLanguage":"en-US"},{"@type":"WebPage","@id":"https:\/\/www.ntf.uni-lj.si\/ntf\/notification\/jubilejna-10-podelitev-priznanja-mentor-leta-19-3-2019\/#webpage","url":"https:\/\/www.ntf.uni-lj.si\/ntf\/notification\/jubilejna-10-podelitev-priznanja-mentor-leta-19-3-2019\/","name":"Jubilejna 10. podelitev priznanja Mentor leta - 19.3.2019 - NTF","isPartOf":{"@id":"https:\/\/www.ntf.uni-lj.si\/ntf\/#website"},"datePublished":"2019-03-19T14:16:48+00:00","dateModified":"2019-03-21T07:15:39+00:00","breadcrumb":{"@id":"https:\/\/www.ntf.uni-lj.si\/ntf\/notification\/jubilejna-10-podelitev-priznanja-mentor-leta-19-3-2019\/#breadcrumb"},"inLanguage":"en-US","potentialAction":[{"@type":"ReadAction","target":["https:\/\/www.ntf.uni-lj.si\/ntf\/notification\/jubilejna-10-podelitev-priznanja-mentor-leta-19-3-2019\/"]}]},{"@type":"BreadcrumbList","@id":"https:\/\/www.ntf.uni-lj.si\/ntf\/notification\/jubilejna-10-podelitev-priznanja-mentor-leta-19-3-2019\/#breadcrumb","itemListElement":[{"@type":"ListItem","position":1,"name":"Domov","item":"https:\/\/www.ntf.uni-lj.si\/ntf\/"},{"@type":"ListItem","position":2,"name":"Obvestila","item":"https:\/\/www.ntf.uni-lj.si\/ntf\/notification\/"},{"@type":"ListItem","position":3,"name":"Jubilejna 10. podelitev priznanja Mentor leta &#8211; 19.3.2019"}]}]}},"_links":{"self":[{"href":"https:\/\/www.ntf.uni-lj.si\/ntf\/wp-json\/wp\/v2\/notification\/11810"}],"collection":[{"href":"https:\/\/www.ntf.uni-lj.si\/ntf\/wp-json\/wp\/v2\/notification"}],"about":[{"href":"https:\/\/www.ntf.uni-lj.si\/ntf\/wp-json\/wp\/v2\/types\/notification"}],"author":[{"embeddable":true,"href":"https:\/\/www.ntf.uni-lj.si\/ntf\/wp-json\/wp\/v2\/users\/201"}],"version-history":[{"count":2,"href":"https:\/\/www.ntf.uni-lj.si\/ntf\/wp-json\/wp\/v2\/notification\/11810\/revisions"}],"predecessor-version":[{"id":11812,"href":"https:\/\/www.ntf.uni-lj.si\/ntf\/wp-json\/wp\/v2\/notification\/11810\/revisions\/11812"}],"wp:attachment":[{"href":"https:\/\/www.ntf.uni-lj.si\/ntf\/wp-json\/wp\/v2\/media?parent=11810"}],"wp:term":[{"taxonomy":"category","embeddable":true,"href":"https:\/\/www.ntf.uni-lj.si\/ntf\/wp-json\/wp\/v2\/categories?post=11810"}],"curies":[{"name":"wp","href":"https:\/\/api.w.org\/{rel}","templated":true}]}}

<p>Dne 19. 3. 2019 bo Društvo mlada akademija na slavnostni prireditvi v Predsedniški palači že desetič podelilo nagrado Mentor leta.</p>
<p align="justify">Jubilejni izbor Mentor leta poteka pod častnim pokroviteljstvom Predsednika Republike Slovenije Boruta Pahorja in v sodelovanju z Javno agencijo za raziskovalno dejavnost RS (ARRS).</p>
<p align="justify">Več na: <a href="http://www.arrs.si/sl/dogodki/19/mentor-leta-2018.asp">http://www.arrs.si/sl/dogodki/19/mentor-leta-2018.asp</a></p>

Dne 19. 3. 2019 bo Društvo mlada akademija na slavnostni prireditvi v Predsedniški palači že desetič podelilo nagrado Mentor leta. Jubilejni izbor Mentor leta poteka pod častnim pokroviteljstvom Predsednika Republike Slovenije Boruta Pahorja in v sodelovanju z Javno agencijo za raziskovalno dejavnost RS (ARRS). Več na: http://www.arrs.si/sl/dogodki/19/mentor-leta-2018.asp

<!-- This site is optimized with the Yoast SEO plugin v17.0 - https://yoast.com/wordpress/plugins/seo/ -->
<meta name="robots" content="index, follow, max-snippet:-1, max-image-preview:large, max-video-preview:-1" />
<link rel="canonical" href="https://www.ntf.uni-lj.si/ntf/notification/jubilejna-10-podelitev-priznanja-mentor-leta-19-3-2019/" />
<meta property="og:locale" content="en_US" />
<meta property="og:type" content="article" />
<meta property="og:title" content="Jubilejna 10. podelitev priznanja Mentor leta - 19.3.2019 - NTF" />
<meta property="og:description" content="Dne 19. 3. 2019 bo Društvo mlada akademija na slavnostni prireditvi v Predsedniški palači že desetič podelilo nagrado Mentor leta. Jubilejni izbor Mentor leta poteka pod častnim pokroviteljstvom Predsednika Republike Slovenije Boruta Pahorja in v sodelovanju z Javno agencijo za raziskovalno dejavnost RS (ARRS). Več na: http://www.arrs.si/sl/dogodki/19/mentor-leta-2018.asp" />
<meta property="og:url" content="https://www.ntf.uni-lj.si/ntf/notification/jubilejna-10-podelitev-priznanja-mentor-leta-19-3-2019/" />
<meta property="og:site_name" content="NTF" />
<meta property="article:modified_time" content="2019-03-21T07:15:39+00:00" />
<script type="application/ld+json" class="yoast-schema-graph">{"@context":"https://schema.org","@graph":[{"@type":"WebSite","@id":"https://www.ntf.uni-lj.si/ntf/#website","url":"https://www.ntf.uni-lj.si/ntf/","name":"NTF","description":"Naravoslovnotehni\u0161ka fakulteta","potentialAction":[{"@type":"SearchAction","target":{"@type":"EntryPoint","urlTemplate":"https://www.ntf.uni-lj.si/ntf/?s={search_term_string}"},"query-input":"required name=search_term_string"}],"inLanguage":"en-US"},{"@type":"WebPage","@id":"https://www.ntf.uni-lj.si/ntf/notification/jubilejna-10-podelitev-priznanja-mentor-leta-19-3-2019/#webpage","url":"https://www.ntf.uni-lj.si/ntf/notification/jubilejna-10-podelitev-priznanja-mentor-leta-19-3-2019/","name":"Jubilejna 10. podelitev priznanja Mentor leta - 19.3.2019 - NTF","isPartOf":{"@id":"https://www.ntf.uni-lj.si/ntf/#website"},"datePublished":"2019-03-19T14:16:48+00:00","dateModified":"2019-03-21T07:15:39+00:00","breadcrumb":{"@id":"https://www.ntf.uni-lj.si/ntf/notification/jubilejna-10-podelitev-priznanja-mentor-leta-19-3-2019/#breadcrumb"},"inLanguage":"en-US","potentialAction":[{"@type":"ReadAction","target":["https://www.ntf.uni-lj.si/ntf/notification/jubilejna-10-podelitev-priznanja-mentor-leta-19-3-2019/"]}]},{"@type":"BreadcrumbList","@id":"https://www.ntf.uni-lj.si/ntf/notification/jubilejna-10-podelitev-priznanja-mentor-leta-19-3-2019/#breadcrumb","itemListElement":[{"@type":"ListItem","position":1,"name":"Domov","item":"https://www.ntf.uni-lj.si/ntf/"},{"@type":"ListItem","position":2,"name":"Obvestila","item":"https://www.ntf.uni-lj.si/ntf/notification/"},{"@type":"ListItem","position":3,"name":"Jubilejna 10. podelitev priznanja Mentor leta &#8211; 19.3.2019"}]}]}</script>
<!-- / Yoast SEO plugin. -->

Naravoslovnotehniška fakulteta
