{"id":12797,"date":"2019-09-03T09:45:37","date_gmt":"2019-09-03T07:45:37","guid":{"rendered":"http:\/\/www.ntf.uni-lj.si\/ntf\/?post_type=notification&#038;p=12797"},"modified":"2019-09-16T09:45:15","modified_gmt":"2019-09-16T07:45:15","slug":"javna-razprava-glede-implementacije-programa-obzorje-evropa-se-do-15-septembra-2019","status":"publish","type":"notification","link":"https:\/\/www.ntf.uni-lj.si\/ntf\/notification\/javna-razprava-glede-implementacije-programa-obzorje-evropa-se-do-15-septembra-2019\/","title":{"rendered":"Javna razprava glede implementacije programa Obzorje Evropa &#8211; \u0161e do 15. septembra 2019"},"content":{"rendered":"<p>Evropska komisija ima \u0161e do 15. septembra odprto javno razpravo (vpra\u0161alnik) glede programa Obzorje Evropa in njegove implementacije. \u00a0Vpra\u0161alnik postavlja vpra\u0161anja glede oblikovanja delovnih paketov, evalvacij, Model Grant Agreementa, diseminacije, itn.<\/p>\n<p>V kolikor \u017eelite prispevati svoje mnenje in predloge, lahko to naredite preko povezave <a href=\"https:\/\/ec.europa.eu\/eusurvey\/runner\/HorizonEurope_Codesign_Implementation\">another consultation on Horizon Europe, and its implementation principles<\/a>.<\/p>\n","protected":false},"excerpt":{"rendered":"Evropska komisija ima \u0161e do 15. septembra odprto javno razpravo (vpra\u0161alnik) glede programa Obzorje Evropa in njegove implementacije. \u00a0Vpra\u0161alnik postavlja vpra\u0161anja glede oblikovanja delovnih paketov, evalvacij, Model Grant Agreementa, diseminacije, itn. V kolikor \u017eelite prispevati svoje mnenje in predloge, lahko to naredite preko povezave another consultation on Horizon Europe, and its implementation principles.","protected":false},"author":201,"featured_media":0,"template":"","categories":[390],"acf":[],"yoast_head":"<!-- This site is optimized with the Yoast SEO plugin v17.0 - https:\/\/yoast.com\/wordpress\/plugins\/seo\/ -->\n<meta name=\"robots\" content=\"index, follow, max-snippet:-1, max-image-preview:large, max-video-preview:-1\" \/>\n<link rel=\"canonical\" href=\"https:\/\/www.ntf.uni-lj.si\/ntf\/notification\/javna-razprava-glede-implementacije-programa-obzorje-evropa-se-do-15-septembra-2019\/\" \/>\n<meta property=\"og:locale\" content=\"en_US\" \/>\n<meta property=\"og:type\" content=\"article\" \/>\n<meta property=\"og:title\" content=\"Javna razprava glede implementacije programa Obzorje Evropa - \u0161e do 15. septembra 2019 - NTF\" \/>\n<meta property=\"og:description\" content=\"Evropska komisija ima \u0161e do 15. septembra odprto javno razpravo (vpra\u0161alnik) glede programa Obzorje Evropa in njegove implementacije. \u00a0Vpra\u0161alnik postavlja vpra\u0161anja glede oblikovanja delovnih paketov, evalvacij, Model Grant Agreementa, diseminacije, itn. V kolikor \u017eelite prispevati svoje mnenje in predloge, lahko to naredite preko povezave another consultation on Horizon Europe, and its implementation principles.\" \/>\n<meta property=\"og:url\" content=\"https:\/\/www.ntf.uni-lj.si\/ntf\/notification\/javna-razprava-glede-implementacije-programa-obzorje-evropa-se-do-15-septembra-2019\/\" \/>\n<meta property=\"og:site_name\" content=\"NTF\" \/>\n<meta property=\"article:modified_time\" content=\"2019-09-16T07:45:15+00:00\" \/>\n<script type=\"application\/ld+json\" class=\"yoast-schema-graph\">{\"@context\":\"https:\/\/schema.org\",\"@graph\":[{\"@type\":\"WebSite\",\"@id\":\"https:\/\/www.ntf.uni-lj.si\/ntf\/#website\",\"url\":\"https:\/\/www.ntf.uni-lj.si\/ntf\/\",\"name\":\"NTF\",\"description\":\"Naravoslovnotehni\\u0161ka fakulteta\",\"potentialAction\":[{\"@type\":\"SearchAction\",\"target\":{\"@type\":\"EntryPoint\",\"urlTemplate\":\"https:\/\/www.ntf.uni-lj.si\/ntf\/?s={search_term_string}\"},\"query-input\":\"required name=search_term_string\"}],\"inLanguage\":\"en-US\"},{\"@type\":\"WebPage\",\"@id\":\"https:\/\/www.ntf.uni-lj.si\/ntf\/notification\/javna-razprava-glede-implementacije-programa-obzorje-evropa-se-do-15-septembra-2019\/#webpage\",\"url\":\"https:\/\/www.ntf.uni-lj.si\/ntf\/notification\/javna-razprava-glede-implementacije-programa-obzorje-evropa-se-do-15-septembra-2019\/\",\"name\":\"Javna razprava glede implementacije programa Obzorje Evropa - \\u0161e do 15. septembra 2019 - NTF\",\"isPartOf\":{\"@id\":\"https:\/\/www.ntf.uni-lj.si\/ntf\/#website\"},\"datePublished\":\"2019-09-03T07:45:37+00:00\",\"dateModified\":\"2019-09-16T07:45:15+00:00\",\"breadcrumb\":{\"@id\":\"https:\/\/www.ntf.uni-lj.si\/ntf\/notification\/javna-razprava-glede-implementacije-programa-obzorje-evropa-se-do-15-septembra-2019\/#breadcrumb\"},\"inLanguage\":\"en-US\",\"potentialAction\":[{\"@type\":\"ReadAction\",\"target\":[\"https:\/\/www.ntf.uni-lj.si\/ntf\/notification\/javna-razprava-glede-implementacije-programa-obzorje-evropa-se-do-15-septembra-2019\/\"]}]},{\"@type\":\"BreadcrumbList\",\"@id\":\"https:\/\/www.ntf.uni-lj.si\/ntf\/notification\/javna-razprava-glede-implementacije-programa-obzorje-evropa-se-do-15-septembra-2019\/#breadcrumb\",\"itemListElement\":[{\"@type\":\"ListItem\",\"position\":1,\"name\":\"Domov\",\"item\":\"https:\/\/www.ntf.uni-lj.si\/ntf\/\"},{\"@type\":\"ListItem\",\"position\":2,\"name\":\"Obvestila\",\"item\":\"https:\/\/www.ntf.uni-lj.si\/ntf\/notification\/\"},{\"@type\":\"ListItem\",\"position\":3,\"name\":\"Javna razprava glede implementacije programa Obzorje Evropa &#8211; \\u0161e do 15. septembra 2019\"}]}]}<\/script>\n<!-- \/ Yoast SEO plugin. -->","yoast_head_json":{"robots":{"index":"index","follow":"follow","max-snippet":"max-snippet:-1","max-image-preview":"max-image-preview:large","max-video-preview":"max-video-preview:-1"},"canonical":"https:\/\/www.ntf.uni-lj.si\/ntf\/notification\/javna-razprava-glede-implementacije-programa-obzorje-evropa-se-do-15-septembra-2019\/","og_locale":"en_US","og_type":"article","og_title":"Javna razprava glede implementacije programa Obzorje Evropa - \u0161e do 15. septembra 2019 - NTF","og_description":"Evropska komisija ima \u0161e do 15. septembra odprto javno razpravo (vpra\u0161alnik) glede programa Obzorje Evropa in njegove implementacije. \u00a0Vpra\u0161alnik postavlja vpra\u0161anja glede oblikovanja delovnih paketov, evalvacij, Model Grant Agreementa, diseminacije, itn. V kolikor \u017eelite prispevati svoje mnenje in predloge, lahko to naredite preko povezave another consultation on Horizon Europe, and its implementation principles.","og_url":"https:\/\/www.ntf.uni-lj.si\/ntf\/notification\/javna-razprava-glede-implementacije-programa-obzorje-evropa-se-do-15-septembra-2019\/","og_site_name":"NTF","article_modified_time":"2019-09-16T07:45:15+00:00","schema":{"@context":"https:\/\/schema.org","@graph":[{"@type":"WebSite","@id":"https:\/\/www.ntf.uni-lj.si\/ntf\/#website","url":"https:\/\/www.ntf.uni-lj.si\/ntf\/","name":"NTF","description":"Naravoslovnotehni\u0161ka fakulteta","potentialAction":[{"@type":"SearchAction","target":{"@type":"EntryPoint","urlTemplate":"https:\/\/www.ntf.uni-lj.si\/ntf\/?s={search_term_string}"},"query-input":"required name=search_term_string"}],"inLanguage":"en-US"},{"@type":"WebPage","@id":"https:\/\/www.ntf.uni-lj.si\/ntf\/notification\/javna-razprava-glede-implementacije-programa-obzorje-evropa-se-do-15-septembra-2019\/#webpage","url":"https:\/\/www.ntf.uni-lj.si\/ntf\/notification\/javna-razprava-glede-implementacije-programa-obzorje-evropa-se-do-15-septembra-2019\/","name":"Javna razprava glede implementacije programa Obzorje Evropa - \u0161e do 15. septembra 2019 - NTF","isPartOf":{"@id":"https:\/\/www.ntf.uni-lj.si\/ntf\/#website"},"datePublished":"2019-09-03T07:45:37+00:00","dateModified":"2019-09-16T07:45:15+00:00","breadcrumb":{"@id":"https:\/\/www.ntf.uni-lj.si\/ntf\/notification\/javna-razprava-glede-implementacije-programa-obzorje-evropa-se-do-15-septembra-2019\/#breadcrumb"},"inLanguage":"en-US","potentialAction":[{"@type":"ReadAction","target":["https:\/\/www.ntf.uni-lj.si\/ntf\/notification\/javna-razprava-glede-implementacije-programa-obzorje-evropa-se-do-15-septembra-2019\/"]}]},{"@type":"BreadcrumbList","@id":"https:\/\/www.ntf.uni-lj.si\/ntf\/notification\/javna-razprava-glede-implementacije-programa-obzorje-evropa-se-do-15-septembra-2019\/#breadcrumb","itemListElement":[{"@type":"ListItem","position":1,"name":"Domov","item":"https:\/\/www.ntf.uni-lj.si\/ntf\/"},{"@type":"ListItem","position":2,"name":"Obvestila","item":"https:\/\/www.ntf.uni-lj.si\/ntf\/notification\/"},{"@type":"ListItem","position":3,"name":"Javna razprava glede implementacije programa Obzorje Evropa &#8211; \u0161e do 15. septembra 2019"}]}]}},"_links":{"self":[{"href":"https:\/\/www.ntf.uni-lj.si\/ntf\/wp-json\/wp\/v2\/notification\/12797"}],"collection":[{"href":"https:\/\/www.ntf.uni-lj.si\/ntf\/wp-json\/wp\/v2\/notification"}],"about":[{"href":"https:\/\/www.ntf.uni-lj.si\/ntf\/wp-json\/wp\/v2\/types\/notification"}],"author":[{"embeddable":true,"href":"https:\/\/www.ntf.uni-lj.si\/ntf\/wp-json\/wp\/v2\/users\/201"}],"version-history":[{"count":2,"href":"https:\/\/www.ntf.uni-lj.si\/ntf\/wp-json\/wp\/v2\/notification\/12797\/revisions"}],"predecessor-version":[{"id":12799,"href":"https:\/\/www.ntf.uni-lj.si\/ntf\/wp-json\/wp\/v2\/notification\/12797\/revisions\/12799"}],"wp:attachment":[{"href":"https:\/\/www.ntf.uni-lj.si\/ntf\/wp-json\/wp\/v2\/media?parent=12797"}],"wp:term":[{"taxonomy":"category","embeddable":true,"href":"https:\/\/www.ntf.uni-lj.si\/ntf\/wp-json\/wp\/v2\/categories?post=12797"}],"curies":[{"name":"wp","href":"https:\/\/api.w.org\/{rel}","templated":true}]}}

Javna razprava glede implementacije programa Obzorje Evropa &#8211; še do 15. septembra 2019

<p>Evropska komisija ima še do 15. septembra odprto javno razpravo (vprašalnik) glede programa Obzorje Evropa in njegove implementacije.  Vprašalnik postavlja vprašanja glede oblikovanja delovnih paketov, evalvacij, Model Grant Agreementa, diseminacije, itn.</p>
<p>V kolikor želite prispevati svoje mnenje in predloge, lahko to naredite preko povezave <a href="https://ec.europa.eu/eusurvey/runner/HorizonEurope_Codesign_Implementation">another consultation on Horizon Europe, and its implementation principles</a>.</p>

Evropska komisija ima še do 15. septembra odprto javno razpravo (vprašalnik) glede programa Obzorje Evropa in njegove implementacije.  Vprašalnik postavlja vprašanja glede oblikovanja delovnih paketov, evalvacij, Model Grant Agreementa, diseminacije, itn. V kolikor želite prispevati svoje mnenje in predloge, lahko to naredite preko povezave another consultation on Horizon Europe, and its implementation principles.

<!-- This site is optimized with the Yoast SEO plugin v17.0 - https://yoast.com/wordpress/plugins/seo/ -->
<meta name="robots" content="index, follow, max-snippet:-1, max-image-preview:large, max-video-preview:-1" />
<link rel="canonical" href="https://www.ntf.uni-lj.si/ntf/notification/javna-razprava-glede-implementacije-programa-obzorje-evropa-se-do-15-septembra-2019/" />
<meta property="og:locale" content="en_US" />
<meta property="og:type" content="article" />
<meta property="og:title" content="Javna razprava glede implementacije programa Obzorje Evropa - še do 15. septembra 2019 - NTF" />
<meta property="og:description" content="Evropska komisija ima še do 15. septembra odprto javno razpravo (vprašalnik) glede programa Obzorje Evropa in njegove implementacije.  Vprašalnik postavlja vprašanja glede oblikovanja delovnih paketov, evalvacij, Model Grant Agreementa, diseminacije, itn. V kolikor želite prispevati svoje mnenje in predloge, lahko to naredite preko povezave another consultation on Horizon Europe, and its implementation principles." />
<meta property="og:url" content="https://www.ntf.uni-lj.si/ntf/notification/javna-razprava-glede-implementacije-programa-obzorje-evropa-se-do-15-septembra-2019/" />
<meta property="og:site_name" content="NTF" />
<meta property="article:modified_time" content="2019-09-16T07:45:15+00:00" />
<script type="application/ld+json" class="yoast-schema-graph">{"@context":"https://schema.org","@graph":[{"@type":"WebSite","@id":"https://www.ntf.uni-lj.si/ntf/#website","url":"https://www.ntf.uni-lj.si/ntf/","name":"NTF","description":"Naravoslovnotehni\u0161ka fakulteta","potentialAction":[{"@type":"SearchAction","target":{"@type":"EntryPoint","urlTemplate":"https://www.ntf.uni-lj.si/ntf/?s={search_term_string}"},"query-input":"required name=search_term_string"}],"inLanguage":"en-US"},{"@type":"WebPage","@id":"https://www.ntf.uni-lj.si/ntf/notification/javna-razprava-glede-implementacije-programa-obzorje-evropa-se-do-15-septembra-2019/#webpage","url":"https://www.ntf.uni-lj.si/ntf/notification/javna-razprava-glede-implementacije-programa-obzorje-evropa-se-do-15-septembra-2019/","name":"Javna razprava glede implementacije programa Obzorje Evropa - \u0161e do 15. septembra 2019 - NTF","isPartOf":{"@id":"https://www.ntf.uni-lj.si/ntf/#website"},"datePublished":"2019-09-03T07:45:37+00:00","dateModified":"2019-09-16T07:45:15+00:00","breadcrumb":{"@id":"https://www.ntf.uni-lj.si/ntf/notification/javna-razprava-glede-implementacije-programa-obzorje-evropa-se-do-15-septembra-2019/#breadcrumb"},"inLanguage":"en-US","potentialAction":[{"@type":"ReadAction","target":["https://www.ntf.uni-lj.si/ntf/notification/javna-razprava-glede-implementacije-programa-obzorje-evropa-se-do-15-septembra-2019/"]}]},{"@type":"BreadcrumbList","@id":"https://www.ntf.uni-lj.si/ntf/notification/javna-razprava-glede-implementacije-programa-obzorje-evropa-se-do-15-septembra-2019/#breadcrumb","itemListElement":[{"@type":"ListItem","position":1,"name":"Domov","item":"https://www.ntf.uni-lj.si/ntf/"},{"@type":"ListItem","position":2,"name":"Obvestila","item":"https://www.ntf.uni-lj.si/ntf/notification/"},{"@type":"ListItem","position":3,"name":"Javna razprava glede implementacije programa Obzorje Evropa &#8211; \u0161e do 15. septembra 2019"}]}]}</script>
<!-- / Yoast SEO plugin. -->

Javna razprava glede implementacije programa Obzorje Evropa - še do 15. septembra 2019 - NTF

Naravoslovnotehniška fakulteta
