{"id":13927,"date":"2020-01-20T15:29:36","date_gmt":"2020-01-20T14:29:36","guid":{"rendered":"http:\/\/www.ntf.uni-lj.si\/ntf\/?post_type=notification&#038;p=13927"},"modified":"2020-02-24T08:19:38","modified_gmt":"2020-02-24T07:19:38","slug":"obzorje2020-coordinators-day-on-gap-21-februar-2020","status":"publish","type":"notification","link":"https:\/\/www.ntf.uni-lj.si\/ntf\/notification\/obzorje2020-coordinators-day-on-gap-21-februar-2020\/","title":{"rendered":"OBZORJE2020: Coordinator\u2019s Day on GAP; 21. Februar 2020"},"content":{"rendered":"<p>Evropska komisija vabi na informativni dan za koordinatorje evropski projektov Obzorja 2020 na temo priprave pogodbe za financiranje (Grant Agreement) izbranih projektov.<\/p>\n<p>Dogodek bo 21. februarja v Bruslju. Prijavite se lahko preko spodnjega posredovanega sporo\u010dila. Dogodek je odprte narave, a prednost imajo koordinatorji projektov. Dogodek bo mo\u017eno spremljati tudi preko spleta.<\/p>\n<hr \/>\n<p><strong>Originalno sporo\u010dilo EC:<\/strong><\/p>\n<p>Dear National Contact Point Coordinator for Horizon 2020,<\/p>\n<p>On 21st February 2020 the European Commission will organise a \u201cCoordinators\u2019 Day on Grant Agreement Preparation\u201d for coordinators of successful proposals. The purpose of this event is to explain the details on the preparation and signature of grant agreements. It will take place at the Charlemagne building in Brussels from 09:30H to 17:00H. This session is <strong>mai<\/strong><strong>nly meant for coordinators of proposals who are invited to prepare a grant agreement,<\/strong> but other participants are also welcome to attend, <strong>subject <\/strong><strong>to the availability of seats.<\/strong> \u00a0 Of course, NCPs are also welcome to participate. Please note that, unfortunately, the Commission will not be able to cover your travel\/subsistence expenses. We apologise for this inconvenience. \u00a0 Registration (first-come first-served basis) is via the following website: <a href=\"https:\/\/ec.europa.eu\/digital-single-market\/events\/cf\/coordinators-day-on-grant-agreement-preparation-21-02-2020\/register.cfm\">https:\/\/ec.europa.eu\/digital-single-market\/events\/cf\/coordinators-day-on-grant-agreement-preparation-21-02-2020\/register.cfm<\/a>.<\/p>\n<p>The agenda is also available under the same link. It will also be possible to follow the event online <a href=\"https:\/\/webcast.ec.europa.eu\/horizon-2020-coordinators-day-grant-agreement-preparation-21-02-20\">here<\/a> (no need to register). \u00a0 We would be grateful if you could <strong>distribute this announcement broadly among your constituencies<\/strong>. As a reference, a News item about this event will be soon available on the Funding and Tenders Portal (<a href=\"https:\/\/ec.europa.eu\/info\/funding-tenders\/opportunities\/portal\/screen\/home\">https:\/\/ec.europa.eu\/info\/funding-tenders\/opportunities\/portal\/screen\/home<\/a>).<\/p>\n<p>For any question, please contact <a href=\"mailto:EC-EGRANTS-TRAINING@ec.europa.eu\">EC-EGRANTS-TRAINING@ec.europa.eu<\/a>.<\/p>\n","protected":false},"excerpt":{"rendered":"Evropska komisija vabi na informativni dan za koordinatorje evropski projektov Obzorja 2020 na temo priprave pogodbe za financiranje (Grant Agreement) izbranih projektov. Dogodek bo 21. februarja v Bruslju. Prijavite se lahko preko spodnjega posredovanega sporo\u010dila. Dogodek je odprte narave, a prednost imajo koordinatorji projektov. Dogodek bo mo\u017eno spremljati tudi preko spleta. Originalno sporo\u010dilo EC: Dear &#8230; <a class=\"view-article\" href=\"https:\/\/www.ntf.uni-lj.si\/ntf\/notification\/obzorje2020-coordinators-day-on-gap-21-februar-2020\/\">Read more<\/a>","protected":false},"author":201,"featured_media":0,"template":"","categories":[390],"acf":[],"yoast_head":"<!-- This site is optimized with the Yoast SEO plugin v17.0 - https:\/\/yoast.com\/wordpress\/plugins\/seo\/ -->\n<meta name=\"robots\" content=\"index, follow, max-snippet:-1, max-image-preview:large, max-video-preview:-1\" \/>\n<link rel=\"canonical\" href=\"https:\/\/www.ntf.uni-lj.si\/ntf\/notification\/obzorje2020-coordinators-day-on-gap-21-februar-2020\/\" \/>\n<meta property=\"og:locale\" content=\"en_US\" \/>\n<meta property=\"og:type\" content=\"article\" \/>\n<meta property=\"og:title\" content=\"OBZORJE2020: Coordinator\u2019s Day on GAP; 21. Februar 2020 - NTF\" \/>\n<meta property=\"og:description\" content=\"Evropska komisija vabi na informativni dan za koordinatorje evropski projektov Obzorja 2020 na temo priprave pogodbe za financiranje (Grant Agreement) izbranih projektov. Dogodek bo 21. februarja v Bruslju. Prijavite se lahko preko spodnjega posredovanega sporo\u010dila. Dogodek je odprte narave, a prednost imajo koordinatorji projektov. Dogodek bo mo\u017eno spremljati tudi preko spleta. Originalno sporo\u010dilo EC: Dear ... Read more\" \/>\n<meta property=\"og:url\" content=\"https:\/\/www.ntf.uni-lj.si\/ntf\/notification\/obzorje2020-coordinators-day-on-gap-21-februar-2020\/\" \/>\n<meta property=\"og:site_name\" content=\"NTF\" \/>\n<meta property=\"article:modified_time\" content=\"2020-02-24T07:19:38+00:00\" \/>\n<meta name=\"twitter:label1\" content=\"Est. reading time\" \/>\n\t<meta name=\"twitter:data1\" content=\"1 minute\" \/>\n<script type=\"application\/ld+json\" class=\"yoast-schema-graph\">{\"@context\":\"https:\/\/schema.org\",\"@graph\":[{\"@type\":\"WebSite\",\"@id\":\"https:\/\/www.ntf.uni-lj.si\/ntf\/#website\",\"url\":\"https:\/\/www.ntf.uni-lj.si\/ntf\/\",\"name\":\"NTF\",\"description\":\"Naravoslovnotehni\\u0161ka fakulteta\",\"potentialAction\":[{\"@type\":\"SearchAction\",\"target\":{\"@type\":\"EntryPoint\",\"urlTemplate\":\"https:\/\/www.ntf.uni-lj.si\/ntf\/?s={search_term_string}\"},\"query-input\":\"required name=search_term_string\"}],\"inLanguage\":\"en-US\"},{\"@type\":\"WebPage\",\"@id\":\"https:\/\/www.ntf.uni-lj.si\/ntf\/notification\/obzorje2020-coordinators-day-on-gap-21-februar-2020\/#webpage\",\"url\":\"https:\/\/www.ntf.uni-lj.si\/ntf\/notification\/obzorje2020-coordinators-day-on-gap-21-februar-2020\/\",\"name\":\"OBZORJE2020: Coordinator\\u2019s Day on GAP; 21. Februar 2020 - NTF\",\"isPartOf\":{\"@id\":\"https:\/\/www.ntf.uni-lj.si\/ntf\/#website\"},\"datePublished\":\"2020-01-20T14:29:36+00:00\",\"dateModified\":\"2020-02-24T07:19:38+00:00\",\"breadcrumb\":{\"@id\":\"https:\/\/www.ntf.uni-lj.si\/ntf\/notification\/obzorje2020-coordinators-day-on-gap-21-februar-2020\/#breadcrumb\"},\"inLanguage\":\"en-US\",\"potentialAction\":[{\"@type\":\"ReadAction\",\"target\":[\"https:\/\/www.ntf.uni-lj.si\/ntf\/notification\/obzorje2020-coordinators-day-on-gap-21-februar-2020\/\"]}]},{\"@type\":\"BreadcrumbList\",\"@id\":\"https:\/\/www.ntf.uni-lj.si\/ntf\/notification\/obzorje2020-coordinators-day-on-gap-21-februar-2020\/#breadcrumb\",\"itemListElement\":[{\"@type\":\"ListItem\",\"position\":1,\"name\":\"Domov\",\"item\":\"https:\/\/www.ntf.uni-lj.si\/ntf\/\"},{\"@type\":\"ListItem\",\"position\":2,\"name\":\"Obvestila\",\"item\":\"https:\/\/www.ntf.uni-lj.si\/ntf\/notification\/\"},{\"@type\":\"ListItem\",\"position\":3,\"name\":\"OBZORJE2020: Coordinator\\u2019s Day on GAP; 21. Februar 2020\"}]}]}<\/script>\n<!-- \/ Yoast SEO plugin. -->","yoast_head_json":{"robots":{"index":"index","follow":"follow","max-snippet":"max-snippet:-1","max-image-preview":"max-image-preview:large","max-video-preview":"max-video-preview:-1"},"canonical":"https:\/\/www.ntf.uni-lj.si\/ntf\/notification\/obzorje2020-coordinators-day-on-gap-21-februar-2020\/","og_locale":"en_US","og_type":"article","og_title":"OBZORJE2020: Coordinator\u2019s Day on GAP; 21. Februar 2020 - NTF","og_description":"Evropska komisija vabi na informativni dan za koordinatorje evropski projektov Obzorja 2020 na temo priprave pogodbe za financiranje (Grant Agreement) izbranih projektov. Dogodek bo 21. februarja v Bruslju. Prijavite se lahko preko spodnjega posredovanega sporo\u010dila. Dogodek je odprte narave, a prednost imajo koordinatorji projektov. Dogodek bo mo\u017eno spremljati tudi preko spleta. Originalno sporo\u010dilo EC: Dear ... Read more","og_url":"https:\/\/www.ntf.uni-lj.si\/ntf\/notification\/obzorje2020-coordinators-day-on-gap-21-februar-2020\/","og_site_name":"NTF","article_modified_time":"2020-02-24T07:19:38+00:00","twitter_misc":{"Est. reading time":"1 minute"},"schema":{"@context":"https:\/\/schema.org","@graph":[{"@type":"WebSite","@id":"https:\/\/www.ntf.uni-lj.si\/ntf\/#website","url":"https:\/\/www.ntf.uni-lj.si\/ntf\/","name":"NTF","description":"Naravoslovnotehni\u0161ka fakulteta","potentialAction":[{"@type":"SearchAction","target":{"@type":"EntryPoint","urlTemplate":"https:\/\/www.ntf.uni-lj.si\/ntf\/?s={search_term_string}"},"query-input":"required name=search_term_string"}],"inLanguage":"en-US"},{"@type":"WebPage","@id":"https:\/\/www.ntf.uni-lj.si\/ntf\/notification\/obzorje2020-coordinators-day-on-gap-21-februar-2020\/#webpage","url":"https:\/\/www.ntf.uni-lj.si\/ntf\/notification\/obzorje2020-coordinators-day-on-gap-21-februar-2020\/","name":"OBZORJE2020: Coordinator\u2019s Day on GAP; 21. Februar 2020 - NTF","isPartOf":{"@id":"https:\/\/www.ntf.uni-lj.si\/ntf\/#website"},"datePublished":"2020-01-20T14:29:36+00:00","dateModified":"2020-02-24T07:19:38+00:00","breadcrumb":{"@id":"https:\/\/www.ntf.uni-lj.si\/ntf\/notification\/obzorje2020-coordinators-day-on-gap-21-februar-2020\/#breadcrumb"},"inLanguage":"en-US","potentialAction":[{"@type":"ReadAction","target":["https:\/\/www.ntf.uni-lj.si\/ntf\/notification\/obzorje2020-coordinators-day-on-gap-21-februar-2020\/"]}]},{"@type":"BreadcrumbList","@id":"https:\/\/www.ntf.uni-lj.si\/ntf\/notification\/obzorje2020-coordinators-day-on-gap-21-februar-2020\/#breadcrumb","itemListElement":[{"@type":"ListItem","position":1,"name":"Domov","item":"https:\/\/www.ntf.uni-lj.si\/ntf\/"},{"@type":"ListItem","position":2,"name":"Obvestila","item":"https:\/\/www.ntf.uni-lj.si\/ntf\/notification\/"},{"@type":"ListItem","position":3,"name":"OBZORJE2020: Coordinator\u2019s Day on GAP; 21. Februar 2020"}]}]}},"_links":{"self":[{"href":"https:\/\/www.ntf.uni-lj.si\/ntf\/wp-json\/wp\/v2\/notification\/13927"}],"collection":[{"href":"https:\/\/www.ntf.uni-lj.si\/ntf\/wp-json\/wp\/v2\/notification"}],"about":[{"href":"https:\/\/www.ntf.uni-lj.si\/ntf\/wp-json\/wp\/v2\/types\/notification"}],"author":[{"embeddable":true,"href":"https:\/\/www.ntf.uni-lj.si\/ntf\/wp-json\/wp\/v2\/users\/201"}],"version-history":[{"count":4,"href":"https:\/\/www.ntf.uni-lj.si\/ntf\/wp-json\/wp\/v2\/notification\/13927\/revisions"}],"predecessor-version":[{"id":13931,"href":"https:\/\/www.ntf.uni-lj.si\/ntf\/wp-json\/wp\/v2\/notification\/13927\/revisions\/13931"}],"wp:attachment":[{"href":"https:\/\/www.ntf.uni-lj.si\/ntf\/wp-json\/wp\/v2\/media?parent=13927"}],"wp:term":[{"taxonomy":"category","embeddable":true,"href":"https:\/\/www.ntf.uni-lj.si\/ntf\/wp-json\/wp\/v2\/categories?post=13927"}],"curies":[{"name":"wp","href":"https:\/\/api.w.org\/{rel}","templated":true}]}}

<p>Evropska komisija vabi na informativni dan za koordinatorje evropski projektov Obzorja 2020 na temo priprave pogodbe za financiranje (Grant Agreement) izbranih projektov.</p>
<p>Dogodek bo 21. februarja v Bruslju. Prijavite se lahko preko spodnjega posredovanega sporočila. Dogodek je odprte narave, a prednost imajo koordinatorji projektov. Dogodek bo možno spremljati tudi preko spleta.</p>
<hr />
<p><strong>Originalno sporočilo EC:</strong></p>
<p>Dear National Contact Point Coordinator for Horizon 2020,</p>
<p>On 21st February 2020 the European Commission will organise a “Coordinators’ Day on Grant Agreement Preparation” for coordinators of successful proposals. The purpose of this event is to explain the details on the preparation and signature of grant agreements. It will take place at the Charlemagne building in Brussels from 09:30H to 17:00H. This session is <strong>mai</strong><strong>nly meant for coordinators of proposals who are invited to prepare a grant agreement,</strong> but other participants are also welcome to attend, <strong>subject </strong><strong>to the availability of seats.</strong>   Of course, NCPs are also welcome to participate. Please note that, unfortunately, the Commission will not be able to cover your travel/subsistence expenses. We apologise for this inconvenience.   Registration (first-come first-served basis) is via the following website: <a href="https://ec.europa.eu/digital-single-market/events/cf/coordinators-day-on-grant-agreement-preparation-21-02-2020/register.cfm">https://ec.europa.eu/digital-single-market/events/cf/coordinators-day-on-grant-agreement-preparation-21-02-2020/register.cfm</a>.</p>
<p>The agenda is also available under the same link. It will also be possible to follow the event online <a href="https://webcast.ec.europa.eu/horizon-2020-coordinators-day-grant-agreement-preparation-21-02-20">here</a> (no need to register).   We would be grateful if you could <strong>distribute this announcement broadly among your constituencies</strong>. As a reference, a News item about this event will be soon available on the Funding and Tenders Portal (<a href="https://ec.europa.eu/info/funding-tenders/opportunities/portal/screen/home">https://ec.europa.eu/info/funding-tenders/opportunities/portal/screen/home</a>).</p>
<p>For any question, please contact <a href="mailto:EC-EGRANTS-TRAINING@ec.europa.eu">EC-EGRANTS-TRAINING@ec.europa.eu</a>.</p>

Evropska komisija vabi na informativni dan za koordinatorje evropski projektov Obzorja 2020 na temo priprave pogodbe za financiranje (Grant Agreement) izbranih projektov. Dogodek bo 21. februarja v Bruslju. Prijavite se lahko preko spodnjega posredovanega sporočila. Dogodek je odprte narave, a prednost imajo koordinatorji projektov. Dogodek bo možno spremljati tudi preko spleta. Originalno sporočilo EC: Dear &#8230; <a class="view-article" href="https://www.ntf.uni-lj.si/ntf/notification/obzorje2020-coordinators-day-on-gap-21-februar-2020/">Read more</a>

<!-- This site is optimized with the Yoast SEO plugin v17.0 - https://yoast.com/wordpress/plugins/seo/ -->
<meta name="robots" content="index, follow, max-snippet:-1, max-image-preview:large, max-video-preview:-1" />
<link rel="canonical" href="https://www.ntf.uni-lj.si/ntf/notification/obzorje2020-coordinators-day-on-gap-21-februar-2020/" />
<meta property="og:locale" content="en_US" />
<meta property="og:type" content="article" />
<meta property="og:title" content="OBZORJE2020: Coordinator’s Day on GAP; 21. Februar 2020 - NTF" />
<meta property="og:description" content="Evropska komisija vabi na informativni dan za koordinatorje evropski projektov Obzorja 2020 na temo priprave pogodbe za financiranje (Grant Agreement) izbranih projektov. Dogodek bo 21. februarja v Bruslju. Prijavite se lahko preko spodnjega posredovanega sporočila. Dogodek je odprte narave, a prednost imajo koordinatorji projektov. Dogodek bo možno spremljati tudi preko spleta. Originalno sporočilo EC: Dear ... Read more" />
<meta property="og:url" content="https://www.ntf.uni-lj.si/ntf/notification/obzorje2020-coordinators-day-on-gap-21-februar-2020/" />
<meta property="og:site_name" content="NTF" />
<meta property="article:modified_time" content="2020-02-24T07:19:38+00:00" />
<meta name="twitter:label1" content="Est. reading time" />
	<meta name="twitter:data1" content="1 minute" />
<script type="application/ld+json" class="yoast-schema-graph">{"@context":"https://schema.org","@graph":[{"@type":"WebSite","@id":"https://www.ntf.uni-lj.si/ntf/#website","url":"https://www.ntf.uni-lj.si/ntf/","name":"NTF","description":"Naravoslovnotehni\u0161ka fakulteta","potentialAction":[{"@type":"SearchAction","target":{"@type":"EntryPoint","urlTemplate":"https://www.ntf.uni-lj.si/ntf/?s={search_term_string}"},"query-input":"required name=search_term_string"}],"inLanguage":"en-US"},{"@type":"WebPage","@id":"https://www.ntf.uni-lj.si/ntf/notification/obzorje2020-coordinators-day-on-gap-21-februar-2020/#webpage","url":"https://www.ntf.uni-lj.si/ntf/notification/obzorje2020-coordinators-day-on-gap-21-februar-2020/","name":"OBZORJE2020: Coordinator\u2019s Day on GAP; 21. Februar 2020 - NTF","isPartOf":{"@id":"https://www.ntf.uni-lj.si/ntf/#website"},"datePublished":"2020-01-20T14:29:36+00:00","dateModified":"2020-02-24T07:19:38+00:00","breadcrumb":{"@id":"https://www.ntf.uni-lj.si/ntf/notification/obzorje2020-coordinators-day-on-gap-21-februar-2020/#breadcrumb"},"inLanguage":"en-US","potentialAction":[{"@type":"ReadAction","target":["https://www.ntf.uni-lj.si/ntf/notification/obzorje2020-coordinators-day-on-gap-21-februar-2020/"]}]},{"@type":"BreadcrumbList","@id":"https://www.ntf.uni-lj.si/ntf/notification/obzorje2020-coordinators-day-on-gap-21-februar-2020/#breadcrumb","itemListElement":[{"@type":"ListItem","position":1,"name":"Domov","item":"https://www.ntf.uni-lj.si/ntf/"},{"@type":"ListItem","position":2,"name":"Obvestila","item":"https://www.ntf.uni-lj.si/ntf/notification/"},{"@type":"ListItem","position":3,"name":"OBZORJE2020: Coordinator\u2019s Day on GAP; 21. Februar 2020"}]}]}</script>
<!-- / Yoast SEO plugin. -->

Evropska komisija vabi na informativni dan za koordinatorje evropski projektov Obzorja 2020 na temo priprave pogodbe za financiranje (Grant Agreement) izbranih projektov. Dogodek bo 21. februarja v Bruslju. Prijavite se lahko preko spodnjega posredovanega sporočila. Dogodek je odprte narave, a prednost imajo koordinatorji projektov. Dogodek bo možno spremljati tudi preko spleta. Originalno sporočilo EC: Dear ... Read more

Naravoslovnotehniška fakulteta
