{"id":16775,"date":"2020-11-30T08:38:21","date_gmt":"2020-11-30T07:38:21","guid":{"rendered":"http:\/\/www.ntf.uni-lj.si\/ntf\/?post_type=notification&#038;p=16775"},"modified":"2020-12-11T09:03:37","modified_gmt":"2020-12-11T08:03:37","slug":"teden-univerze","status":"publish","type":"notification","link":"https:\/\/www.ntf.uni-lj.si\/ntf\/notification\/teden-univerze\/","title":{"rendered":"Teden Univerze"},"content":{"rendered":"<p>Spo\u0161tovane sodelavke in sodelavci,<\/p>\n<p>z dana\u0161njim dnem se za\u010denja Teden Univerze, ki ga vsako leto obele\u017eujemo na za\u010detku decembra, ko na\u0161a univerza praznuje rojstni dan &#8211; v letu 2020 \u017ee stoprvega.<\/p>\n<p>Letos zaradi epidemiolo\u0161kih razmer Tedna Univerze \u017eal ne moremo slavnostno obele\u017eiti v \u017eivo. A ker nam je nadvse pomembno, da izpostavimo navdihujo\u010de posameznice in posameznike, ki so pomembno prispevali k nadaljnjemu uspe\u0161nemu delu na\u0161e univerze, smo ga preselili na splet. Tako najodli\u010dnej\u0161e raziskovalne dose\u017eke, prejemnice in prejemnike \u010dastnih nazivov, plaket, nagrad, listin in priznanj s ponosom predstavljamo na posebni spletni strani <a href=\"http:\/\/www.uni-lj.si\/tedenuniverze\">www.uni-lj.si\/tedenuniverze<\/a>. Vljudno vas vabim, da si jo ogledate in se tako vsaj virtualno udele\u017eite na\u0161ega najslavnej\u0161ega tedna v letu.<\/p>\n<p>Lepo vas pozdravljam in ostanite zdravi,<\/p>\n<p>prof. dr.\u00a0Igor Papi\u010d, rektor<\/p>\n","protected":false},"excerpt":{"rendered":"Spo\u0161tovane sodelavke in sodelavci, z dana\u0161njim dnem se za\u010denja Teden Univerze, ki ga vsako leto obele\u017eujemo na za\u010detku decembra, ko na\u0161a univerza praznuje rojstni dan &#8211; v letu 2020 \u017ee stoprvega. Letos zaradi epidemiolo\u0161kih razmer Tedna Univerze \u017eal ne moremo slavnostno obele\u017eiti v \u017eivo. A ker nam je nadvse pomembno, da izpostavimo navdihujo\u010de posameznice in &#8230; <a class=\"view-article\" href=\"https:\/\/www.ntf.uni-lj.si\/ntf\/notification\/teden-univerze\/\">Read more<\/a>","protected":false},"author":201,"featured_media":0,"template":"","categories":[390],"class_list":["post-16775","notification","type-notification","status-publish","hentry","category-rr-arhiv","employee-marija-petek"],"acf":[],"_links":{"self":[{"href":"https:\/\/www.ntf.uni-lj.si\/ntf\/wp-json\/wp\/v2\/notification\/16775","targetHints":{"allow":["GET"]}}],"collection":[{"href":"https:\/\/www.ntf.uni-lj.si\/ntf\/wp-json\/wp\/v2\/notification"}],"about":[{"href":"https:\/\/www.ntf.uni-lj.si\/ntf\/wp-json\/wp\/v2\/types\/notification"}],"author":[{"embeddable":true,"href":"https:\/\/www.ntf.uni-lj.si\/ntf\/wp-json\/wp\/v2\/users\/201"}],"version-history":[{"count":2,"href":"https:\/\/www.ntf.uni-lj.si\/ntf\/wp-json\/wp\/v2\/notification\/16775\/revisions"}],"predecessor-version":[{"id":16777,"href":"https:\/\/www.ntf.uni-lj.si\/ntf\/wp-json\/wp\/v2\/notification\/16775\/revisions\/16777"}],"wp:attachment":[{"href":"https:\/\/www.ntf.uni-lj.si\/ntf\/wp-json\/wp\/v2\/media?parent=16775"}],"wp:term":[{"taxonomy":"category","embeddable":true,"href":"https:\/\/www.ntf.uni-lj.si\/ntf\/wp-json\/wp\/v2\/categories?post=16775"}],"curies":[{"name":"wp","href":"https:\/\/api.w.org\/{rel}","templated":true}]}}

<p>Spoštovane sodelavke in sodelavci,</p>
<p>z današnjim dnem se začenja Teden Univerze, ki ga vsako leto obeležujemo na začetku decembra, ko naša univerza praznuje rojstni dan &#8211; v letu 2020 že stoprvega.</p>
<p>Letos zaradi epidemioloških razmer Tedna Univerze žal ne moremo slavnostno obeležiti v živo. A ker nam je nadvse pomembno, da izpostavimo navdihujoče posameznice in posameznike, ki so pomembno prispevali k nadaljnjemu uspešnemu delu naše univerze, smo ga preselili na splet. Tako najodličnejše raziskovalne dosežke, prejemnice in prejemnike častnih nazivov, plaket, nagrad, listin in priznanj s ponosom predstavljamo na posebni spletni strani <a href="http://www.uni-lj.si/tedenuniverze">www.uni-lj.si/tedenuniverze</a>. Vljudno vas vabim, da si jo ogledate in se tako vsaj virtualno udeležite našega najslavnejšega tedna v letu.</p>
<p>Lepo vas pozdravljam in ostanite zdravi,</p>
<p>prof. dr. Igor Papič, rektor</p>

Spoštovane sodelavke in sodelavci, z današnjim dnem se začenja Teden Univerze, ki ga vsako leto obeležujemo na začetku decembra, ko naša univerza praznuje rojstni dan &#8211; v letu 2020 že stoprvega. Letos zaradi epidemioloških razmer Tedna Univerze žal ne moremo slavnostno obeležiti v živo. A ker nam je nadvse pomembno, da izpostavimo navdihujoče posameznice in &#8230; <a class="view-article" href="https://www.ntf.uni-lj.si/ntf/notification/teden-univerze/">Read more</a>
