{"id":18394,"date":"2021-06-02T08:26:46","date_gmt":"2021-06-02T06:26:46","guid":{"rendered":"http:\/\/www.ntf.uni-lj.si\/ntf\/?post_type=notification&#038;p=18394"},"modified":"2021-07-09T11:26:44","modified_gmt":"2021-07-09T09:26:44","slug":"informativni-dnevi-ek-program-obzorje-evropa-od-28-6-do-9-7-2021","status":"publish","type":"notification","link":"https:\/\/www.ntf.uni-lj.si\/ntf\/notification\/informativni-dnevi-ek-program-obzorje-evropa-od-28-6-do-9-7-2021\/","title":{"rendered":"Informativni dnevi EK &#8211; program Obzorje Evropa, od 28.6. do 9.7.2021"},"content":{"rendered":"<p>Evropska Komisija bo junija in julija organizirala informativne dneve po razli\u010dnih podro\u010djih programa Obzorja Evropa 2021- 2027. Prvi javni razpisi naj bi bili objavljeni 29.6.2021.<\/p>\n<p><a href=\"https:\/\/www.horizon-europe-infodays2021.eu\/\">Informativni dnevi bodo prilo\u017enost, da pridobite dodatne informacije o javnih razpisih, procesih in prijavah na program Obzorje Evropa.<\/a><\/p>\n<p>Termini po programih:\u00a0<a href=\"https:\/\/www.horizon-europe-infodays2021.eu\/\">Homepage | Horizon Europe Info Days 2021 (horizon-europe-infodays2021.eu)<\/a><\/p>\n<p>Za del programa Spodbujanje odli\u010dnosti in pove\u010devanje udele\u017ebe bo informativni dan v petek, 9.7.2021, nacionalni informativni dnevi pa bodo sledili v drugi polovici avgusta 2021.<\/p>\n<p>Informacije o informativnih dnevih najdete na:\u00a0<a href=\"https:\/\/www.horizon-europe-infodays2021.eu\/\">https:\/\/www.horizon-europe-infodays2021.eu\/<\/a><br \/>\n<strong>\u00a0Dodatne informacije:\u00a0<\/strong><strong>\u00a0mag. Tanja Vertelj,\u00a0<\/strong>\u00a0MIZ\u0160-Direktorat za znanost,\u00a0Nacionalni predstavnik in kontaktna oseba,\u00a0 T: \u00a000386 1 4784730,\u00a0\u00a0M: 00386 51 622 368,\u00a0\u00a0E: <a href=\"mailto:tanja.vertelj@gov.si\">tanja.vertelj@gov.si<\/a><\/p>\n","protected":false},"excerpt":{"rendered":"Evropska Komisija bo junija in julija organizirala informativne dneve po razli\u010dnih podro\u010djih programa Obzorja Evropa 2021- 2027. Prvi javni razpisi naj bi bili objavljeni 29.6.2021. Informativni dnevi bodo prilo\u017enost, da pridobite dodatne informacije o javnih razpisih, procesih in prijavah na program Obzorje Evropa. Termini po programih:\u00a0Homepage | Horizon Europe Info Days 2021 (horizon-europe-infodays2021.eu) Za del &#8230; <a class=\"view-article\" href=\"https:\/\/www.ntf.uni-lj.si\/ntf\/notification\/informativni-dnevi-ek-program-obzorje-evropa-od-28-6-do-9-7-2021\/\">Read more<\/a>","protected":false},"author":201,"featured_media":0,"template":"","categories":[390],"class_list":["post-18394","notification","type-notification","status-publish","hentry","category-rr-arhiv","employee-marija-petek"],"acf":[],"_links":{"self":[{"href":"https:\/\/www.ntf.uni-lj.si\/ntf\/wp-json\/wp\/v2\/notification\/18394","targetHints":{"allow":["GET"]}}],"collection":[{"href":"https:\/\/www.ntf.uni-lj.si\/ntf\/wp-json\/wp\/v2\/notification"}],"about":[{"href":"https:\/\/www.ntf.uni-lj.si\/ntf\/wp-json\/wp\/v2\/types\/notification"}],"author":[{"embeddable":true,"href":"https:\/\/www.ntf.uni-lj.si\/ntf\/wp-json\/wp\/v2\/users\/201"}],"version-history":[{"count":6,"href":"https:\/\/www.ntf.uni-lj.si\/ntf\/wp-json\/wp\/v2\/notification\/18394\/revisions"}],"predecessor-version":[{"id":18400,"href":"https:\/\/www.ntf.uni-lj.si\/ntf\/wp-json\/wp\/v2\/notification\/18394\/revisions\/18400"}],"wp:attachment":[{"href":"https:\/\/www.ntf.uni-lj.si\/ntf\/wp-json\/wp\/v2\/media?parent=18394"}],"wp:term":[{"taxonomy":"category","embeddable":true,"href":"https:\/\/www.ntf.uni-lj.si\/ntf\/wp-json\/wp\/v2\/categories?post=18394"}],"curies":[{"name":"wp","href":"https:\/\/api.w.org\/{rel}","templated":true}]}}

<p>Evropska Komisija bo junija in julija organizirala informativne dneve po različnih področjih programa Obzorja Evropa 2021- 2027. Prvi javni razpisi naj bi bili objavljeni 29.6.2021.</p>
<p><a href="https://www.horizon-europe-infodays2021.eu/">Informativni dnevi bodo priložnost, da pridobite dodatne informacije o javnih razpisih, procesih in prijavah na program Obzorje Evropa.</a></p>
<p>Termini po programih: <a href="https://www.horizon-europe-infodays2021.eu/">Homepage | Horizon Europe Info Days 2021 (horizon-europe-infodays2021.eu)</a></p>
<p>Za del programa Spodbujanje odličnosti in povečevanje udeležbe bo informativni dan v petek, 9.7.2021, nacionalni informativni dnevi pa bodo sledili v drugi polovici avgusta 2021.</p>
<p>Informacije o informativnih dnevih najdete na: <a href="https://www.horizon-europe-infodays2021.eu/">https://www.horizon-europe-infodays2021.eu/</a><br />
<strong> Dodatne informacije: </strong><strong> mag. Tanja Vertelj, </strong> MIZŠ-Direktorat za znanost, Nacionalni predstavnik in kontaktna oseba,  T:  00386 1 4784730,  M: 00386 51 622 368,  E: <a href="mailto:tanja.vertelj@gov.si">tanja.vertelj@gov.si</a></p>

Evropska Komisija bo junija in julija organizirala informativne dneve po različnih področjih programa Obzorja Evropa 2021- 2027. Prvi javni razpisi naj bi bili objavljeni 29.6.2021. Informativni dnevi bodo priložnost, da pridobite dodatne informacije o javnih razpisih, procesih in prijavah na program Obzorje Evropa. Termini po programih: Homepage | Horizon Europe Info Days 2021 (horizon-europe-infodays2021.eu) Za del &#8230; <a class="view-article" href="https://www.ntf.uni-lj.si/ntf/notification/informativni-dnevi-ek-program-obzorje-evropa-od-28-6-do-9-7-2021/">Read more</a>
