{"id":26557,"date":"2024-03-22T13:01:22","date_gmt":"2024-03-22T12:01:22","guid":{"rendered":"https:\/\/www.ntf.uni-lj.si\/ntf\/?post_type=notification&#038;p=26557"},"modified":"2024-03-27T07:20:21","modified_gmt":"2024-03-27T06:20:21","slug":"odprt-je-3-razpis-interreg-europe","status":"publish","type":"notification","link":"https:\/\/www.ntf.uni-lj.si\/ntf\/notification\/odprt-je-3-razpis-interreg-europe\/","title":{"rendered":"Odprt je 3. razpis Interreg Europe"},"content":{"rendered":"<p class=\"x_MsoNormal\">Objavljen je 3. razpis medregionalnega programa Interreg Europe, ki pa bo\u00a0<b><u>tudi zadnji razpis v finan\u010dni shemi 2021-27, ki je odprt za vsa podro\u010dja<\/u><\/b>. Cilj programa je podpreti projekte, ki prispevajo k izbolj\u0161anju regionalnih razvojnih politik, vklju\u010dno s programi strukturnih skladov.<\/p>\n<p class=\"x_MsoNormal\"><b>PODRO\u010cJA RAZPISA<\/b><\/p>\n<ul type=\"disc\">\n<li class=\"x_MsoListParagraph\">Pametnej\u0161a Evropa<u><\/u><\/li>\n<li class=\"x_MsoListParagraph\">Bolj zelena Evropa<u><\/u><\/li>\n<li class=\"x_MsoListParagraph\">Bolj povezana Evropa<u><\/u><\/li>\n<li class=\"x_MsoListParagraph\">Bolj socialna Evropa<u><\/u><\/li>\n<li class=\"x_MsoListParagraph\">Evropa, ki je bli\u017eje dr\u017eavljanom<u><\/u><\/li>\n<li class=\"x_MsoListParagraph\">Bolj\u0161e upravljanje<u><\/u><\/li>\n<\/ul>\n<p class=\"x_MsoNormal\"><b>PARTNERSTVO<\/b><\/p>\n<p class=\"x_MsoNormal\">Programu se je pridru\u017eilo sedem novih \u010dlanic. Partnerstvo mora vklju\u010devati partnerje iz \u0161tirih od skupno petih geografskih podro\u010dij:<\/p>\n<ul type=\"disc\">\n<li class=\"x_MsoListParagraph\">sever (Danska, Estonija, Finska, Nem\u010dija, Latvija, Litva, Norve\u0161ka, \u0160vedska),<\/li>\n<li class=\"x_MsoListParagraph\">vzhod (Avstrija, Bulgarija, \u010ce\u0161ka, Mad\u017earska, Poljska, Romunija, Slova\u0161ka, Slovenija),<\/li>\n<li class=\"x_MsoListParagraph\">jug (Hrva\u0161ka, Ciper, Gr\u010dija, Italija Malta, Portugalska, \u0160panija),<\/li>\n<li class=\"x_MsoListParagraph\">zahod (Belgija, Francija, Irska, Luksemburg, Nizozemska, \u0160vica) in<\/li>\n<li class=\"x_MsoListParagraph\">dr\u017eave kandidatke (Albanija, BIH, Moldavija, \u010crna gora, Severna Makedonija, Srbija in Ukrajina), pri \u010demer je\u00a0<u>zelo za\u017eeleno, da partnerstvo vklju\u010duje tudi dr\u017eave kandidatke<\/u>.<\/li>\n<\/ul>\n<p class=\"x_MsoNormal\">Priporo\u010da se vklju\u010ditev od 5 do 8 regij.<\/p>\n<p class=\"x_MsoNormal\"><b>ROK PRIJAVE IN FINANCIRANJE<\/b><\/p>\n<p class=\"x_MsoNormal\">Rok za prijavo projektnih prijav se izte\u010de\u00a0<b>7. junija 2024 ob 12. uri.\u00a0<\/b>Prijavnico je potrebno oddati\u00a0<a href=\"https:\/\/portal.interregeurope.eu\/login\" target=\"_blank\" rel=\"noopener noreferrer\" data-auth=\"NotApplicable\" data-linkindex=\"0\">prek Interreg portala<\/a>.<\/p>\n<p class=\"x_MsoNormal\">Financiranje je predvideno v vi\u0161ini 80%. Trajanje projekta je dolo\u010deno na \u0161tiri leta.<\/p>\n<p class=\"x_MsoNormal\">V primeru, da vsa sredstva na razpisu ne bodo podeljena, bo pripravljen dodaten razpis, ki pa zagotovo ne bo odprt za vsa podro\u010dja.\u00a0Celoten razpis je na voljo\u00a0<a href=\"https:\/\/www.interregeurope.eu\/apply-for-the-call\" target=\"_blank\" rel=\"noopener noreferrer\" data-auth=\"NotApplicable\" data-linkindex=\"1\">tukaj<\/a>.<\/p>\n","protected":false},"excerpt":{"rendered":"Objavljen je 3. razpis medregionalnega programa Interreg Europe, ki pa bo\u00a0tudi zadnji razpis v finan\u010dni shemi 2021-27, ki je odprt za vsa podro\u010dja. Cilj programa je podpreti projekte, ki prispevajo k izbolj\u0161anju regionalnih razvojnih politik, vklju\u010dno s programi strukturnih skladov. PODRO\u010cJA RAZPISA Pametnej\u0161a Evropa Bolj zelena Evropa Bolj povezana Evropa Bolj socialna Evropa Evropa, ki &#8230; <a class=\"view-article\" href=\"https:\/\/www.ntf.uni-lj.si\/ntf\/notification\/odprt-je-3-razpis-interreg-europe\/\">Read more<\/a>","protected":false},"author":206,"featured_media":0,"template":"","categories":[390],"class_list":["post-26557","notification","type-notification","status-publish","hentry","category-rr-arhiv","employee-marinko-kondic"],"acf":[],"_links":{"self":[{"href":"https:\/\/www.ntf.uni-lj.si\/ntf\/wp-json\/wp\/v2\/notification\/26557","targetHints":{"allow":["GET"]}}],"collection":[{"href":"https:\/\/www.ntf.uni-lj.si\/ntf\/wp-json\/wp\/v2\/notification"}],"about":[{"href":"https:\/\/www.ntf.uni-lj.si\/ntf\/wp-json\/wp\/v2\/types\/notification"}],"author":[{"embeddable":true,"href":"https:\/\/www.ntf.uni-lj.si\/ntf\/wp-json\/wp\/v2\/users\/206"}],"version-history":[{"count":1,"href":"https:\/\/www.ntf.uni-lj.si\/ntf\/wp-json\/wp\/v2\/notification\/26557\/revisions"}],"predecessor-version":[{"id":26558,"href":"https:\/\/www.ntf.uni-lj.si\/ntf\/wp-json\/wp\/v2\/notification\/26557\/revisions\/26558"}],"wp:attachment":[{"href":"https:\/\/www.ntf.uni-lj.si\/ntf\/wp-json\/wp\/v2\/media?parent=26557"}],"wp:term":[{"taxonomy":"category","embeddable":true,"href":"https:\/\/www.ntf.uni-lj.si\/ntf\/wp-json\/wp\/v2\/categories?post=26557"}],"curies":[{"name":"wp","href":"https:\/\/api.w.org\/{rel}","templated":true}]}}

<p class="x_MsoNormal">Objavljen je 3. razpis medregionalnega programa Interreg Europe, ki pa bo <b><u>tudi zadnji razpis v finančni shemi 2021-27, ki je odprt za vsa področja</u></b>. Cilj programa je podpreti projekte, ki prispevajo k izboljšanju regionalnih razvojnih politik, vključno s programi strukturnih skladov.</p>
<p class="x_MsoNormal"><b>PODROČJA RAZPISA</b></p>
<ul type="disc">
<li class="x_MsoListParagraph">Pametnejša Evropa<u></u></li>
<li class="x_MsoListParagraph">Bolj zelena Evropa<u></u></li>
<li class="x_MsoListParagraph">Bolj povezana Evropa<u></u></li>
<li class="x_MsoListParagraph">Bolj socialna Evropa<u></u></li>
<li class="x_MsoListParagraph">Evropa, ki je bližje državljanom<u></u></li>
<li class="x_MsoListParagraph">Boljše upravljanje<u></u></li>
</ul>
<p class="x_MsoNormal"><b>PARTNERSTVO</b></p>
<p class="x_MsoNormal">Programu se je pridružilo sedem novih članic. Partnerstvo mora vključevati partnerje iz štirih od skupno petih geografskih področij:</p>
<ul type="disc">
<li class="x_MsoListParagraph">sever (Danska, Estonija, Finska, Nemčija, Latvija, Litva, Norveška, Švedska),</li>
<li class="x_MsoListParagraph">vzhod (Avstrija, Bulgarija, Češka, Madžarska, Poljska, Romunija, Slovaška, Slovenija),</li>
<li class="x_MsoListParagraph">jug (Hrvaška, Ciper, Grčija, Italija Malta, Portugalska, Španija),</li>
<li class="x_MsoListParagraph">zahod (Belgija, Francija, Irska, Luksemburg, Nizozemska, Švica) in</li>
<li class="x_MsoListParagraph">države kandidatke (Albanija, BIH, Moldavija, Črna gora, Severna Makedonija, Srbija in Ukrajina), pri čemer je <u>zelo zaželeno, da partnerstvo vključuje tudi države kandidatke</u>.</li>
</ul>
<p class="x_MsoNormal">Priporoča se vključitev od 5 do 8 regij.</p>
<p class="x_MsoNormal"><b>ROK PRIJAVE IN FINANCIRANJE</b></p>
<p class="x_MsoNormal">Rok za prijavo projektnih prijav se izteče <b>7. junija 2024 ob 12. uri. </b>Prijavnico je potrebno oddati <a href="https://portal.interregeurope.eu/login" target="_blank" rel="noopener noreferrer" data-auth="NotApplicable" data-linkindex="0">prek Interreg portala</a>.</p>
<p class="x_MsoNormal">Financiranje je predvideno v višini 80%. Trajanje projekta je določeno na štiri leta.</p>
<p class="x_MsoNormal">V primeru, da vsa sredstva na razpisu ne bodo podeljena, bo pripravljen dodaten razpis, ki pa zagotovo ne bo odprt za vsa področja. Celoten razpis je na voljo <a href="https://www.interregeurope.eu/apply-for-the-call" target="_blank" rel="noopener noreferrer" data-auth="NotApplicable" data-linkindex="1">tukaj</a>.</p>

Objavljen je 3. razpis medregionalnega programa Interreg Europe, ki pa bo tudi zadnji razpis v finančni shemi 2021-27, ki je odprt za vsa področja. Cilj programa je podpreti projekte, ki prispevajo k izboljšanju regionalnih razvojnih politik, vključno s programi strukturnih skladov. PODROČJA RAZPISA Pametnejša Evropa Bolj zelena Evropa Bolj povezana Evropa Bolj socialna Evropa Evropa, ki &#8230; <a class="view-article" href="https://www.ntf.uni-lj.si/ntf/notification/odprt-je-3-razpis-interreg-europe/">Read more</a>
