{"id":29733,"date":"2025-03-03T06:38:29","date_gmt":"2025-03-03T05:38:29","guid":{"rendered":"https:\/\/www.ntf.uni-lj.si\/ntf\/?post_type=notification&#038;p=29733"},"modified":"2025-04-08T09:42:28","modified_gmt":"2025-04-08T07:42:28","slug":"februarska-stevilka-vizije-kohezije","status":"publish","type":"notification","link":"https:\/\/www.ntf.uni-lj.si\/ntf\/notification\/februarska-stevilka-vizije-kohezije\/","title":{"rendered":"Februarska \u0161tevilka Vizije kohezije"},"content":{"rendered":"<p>Tudi v tokratni \u0161tevilki izpostavljajo pomembne odlo\u010ditve o podprtih projektih, aktualne razpise, dobre zgodbe in druge pomembne mejnike.<\/p>\n<p>Posebej je potrebno izpostaviti februarja sprejeto <strong>spremembo Programa evropske kohezijske politike v obdobju 2021\u20132027 v Sloveniji, ki bo omogo\u010dila pospe\u0161itev kori\u0161\u010denja evropskih sredstev in s tem hitrej\u0161i razvoj<\/strong>.<\/p>\n<p>Preberite ve\u010d o sre\u010danju ministra dr. Jev\u0161ka z novim komisarjem za kohezijo in reforme Raffaelejem Fittom, seznanite se z novim projektom RTV Slovenija Talenti EU regij ter \u0161oli kohezije, ki je v polnem zamahu. V Interreg koti\u010dku boste na\u0161li najnovej\u0161e informacije o \u010dezmejnem sodelovanju, v posebnem delu pa tudi vpogled v izvajanje Na\u010drta za okrevanje in odpornost. Na koncu pa ne spreglejte \u0161e uporabnega nasveta na\u0161e svetovalke Eme.<\/p>\n<p>Vizijo kohezijo najdete na povezavi: <a href=\"https:\/\/6g1l8.r.a.d.sendibm1.com\/mk\/cl\/f\/sh\/SMK1E8tHeFuBm0KoRAVjYEocGPi7\/fFvBwsVMDUBw\">https:\/\/bit.ly\/4bij45X<\/a><\/p>\n","protected":false},"excerpt":{"rendered":"Tudi v tokratni \u0161tevilki izpostavljajo pomembne odlo\u010ditve o podprtih projektih, aktualne razpise, dobre zgodbe in druge pomembne mejnike. Posebej je potrebno izpostaviti februarja sprejeto spremembo Programa evropske kohezijske politike v obdobju 2021\u20132027 v Sloveniji, ki bo omogo\u010dila pospe\u0161itev kori\u0161\u010denja evropskih sredstev in s tem hitrej\u0161i razvoj. Preberite ve\u010d o sre\u010danju ministra dr. Jev\u0161ka z novim &#8230; <a class=\"view-article\" href=\"https:\/\/www.ntf.uni-lj.si\/ntf\/notification\/februarska-stevilka-vizije-kohezije\/\">Read more<\/a>","protected":false},"author":201,"featured_media":0,"template":"","categories":[390],"class_list":["post-29733","notification","type-notification","status-publish","hentry","category-rr-arhiv","employee-marija-petek"],"acf":[],"_links":{"self":[{"href":"https:\/\/www.ntf.uni-lj.si\/ntf\/wp-json\/wp\/v2\/notification\/29733","targetHints":{"allow":["GET"]}}],"collection":[{"href":"https:\/\/www.ntf.uni-lj.si\/ntf\/wp-json\/wp\/v2\/notification"}],"about":[{"href":"https:\/\/www.ntf.uni-lj.si\/ntf\/wp-json\/wp\/v2\/types\/notification"}],"author":[{"embeddable":true,"href":"https:\/\/www.ntf.uni-lj.si\/ntf\/wp-json\/wp\/v2\/users\/201"}],"version-history":[{"count":2,"href":"https:\/\/www.ntf.uni-lj.si\/ntf\/wp-json\/wp\/v2\/notification\/29733\/revisions"}],"predecessor-version":[{"id":29736,"href":"https:\/\/www.ntf.uni-lj.si\/ntf\/wp-json\/wp\/v2\/notification\/29733\/revisions\/29736"}],"wp:attachment":[{"href":"https:\/\/www.ntf.uni-lj.si\/ntf\/wp-json\/wp\/v2\/media?parent=29733"}],"wp:term":[{"taxonomy":"category","embeddable":true,"href":"https:\/\/www.ntf.uni-lj.si\/ntf\/wp-json\/wp\/v2\/categories?post=29733"}],"curies":[{"name":"wp","href":"https:\/\/api.w.org\/{rel}","templated":true}]}}

Februarska številka Vizije kohezije

<p>Tudi v tokratni številki izpostavljajo pomembne odločitve o podprtih projektih, aktualne razpise, dobre zgodbe in druge pomembne mejnike.</p>
<p>Posebej je potrebno izpostaviti februarja sprejeto <strong>spremembo Programa evropske kohezijske politike v obdobju 2021–2027 v Sloveniji, ki bo omogočila pospešitev koriščenja evropskih sredstev in s tem hitrejši razvoj</strong>.</p>
<p>Preberite več o srečanju ministra dr. Jevška z novim komisarjem za kohezijo in reforme Raffaelejem Fittom, seznanite se z novim projektom RTV Slovenija Talenti EU regij ter šoli kohezije, ki je v polnem zamahu. V Interreg kotičku boste našli najnovejše informacije o čezmejnem sodelovanju, v posebnem delu pa tudi vpogled v izvajanje Načrta za okrevanje in odpornost. Na koncu pa ne spreglejte še uporabnega nasveta naše svetovalke Eme.</p>
<p>Vizijo kohezijo najdete na povezavi: <a href="https://6g1l8.r.a.d.sendibm1.com/mk/cl/f/sh/SMK1E8tHeFuBm0KoRAVjYEocGPi7/fFvBwsVMDUBw">https://bit.ly/4bij45X</a></p>

Tudi v tokratni številki izpostavljajo pomembne odločitve o podprtih projektih, aktualne razpise, dobre zgodbe in druge pomembne mejnike. Posebej je potrebno izpostaviti februarja sprejeto spremembo Programa evropske kohezijske politike v obdobju 2021–2027 v Sloveniji, ki bo omogočila pospešitev koriščenja evropskih sredstev in s tem hitrejši razvoj. Preberite več o srečanju ministra dr. Jevška z novim &#8230; <a class="view-article" href="https://www.ntf.uni-lj.si/ntf/notification/februarska-stevilka-vizije-kohezije/">Read more</a>
