{"id":30523,"date":"2025-06-27T10:21:08","date_gmt":"2025-06-27T08:21:08","guid":{"rendered":"https:\/\/www.ntf.uni-lj.si\/ntf\/?post_type=notification&#038;p=30523"},"modified":"2025-09-02T10:55:01","modified_gmt":"2025-09-02T08:55:01","slug":"rezervirajte-si-datum-13-posvet-platforme-znanja-1-september-2025","status":"publish","type":"notification","link":"https:\/\/www.ntf.uni-lj.si\/ntf\/notification\/rezervirajte-si-datum-13-posvet-platforme-znanja-1-september-2025\/","title":{"rendered":"Rezervirajte si datum \u2013 13. posvet Platforme znanja, 1. september 2025"},"content":{"rendered":"<p>Spo\u0161tovani,<\/p>\n<p>vabljeni, da si \u017ee danes <strong>rezervirate ponedeljek, 1. septembra 2025<\/strong>, za <strong>13. posvet Platforme znanja<\/strong>, ki bo tokrat potekal pod naslovom: <strong>\u00bbVisoko \u0161olstvo smo ljudje: Kako zagotoviti privla\u010dno, spodbudno in stabilno okolje za zaposlene v visokem \u0161olstvu?\u00ab<\/strong><\/p>\n<p>Tokratni posvet <strong>Ministrstvo za visoko \u0161olstvo, znanost in inovacije<\/strong> ponovno organizira v sodelovanju z <strong>Rektorsko konferenco Republike Slovenije<\/strong>, dogodek pa bo gostila <strong>Univerza v Mariboru<\/strong>, ki v leto\u0161njem letu praznuje <strong>50-letnico delovanja<\/strong> \u2013 \u0161e en razlog ve\u010d za sre\u010danje v \u017eivo in skupni razmislek o prihodnosti.<\/p>\n<p>Na dogodku bodo predstavili <strong><a href=\"https:\/\/data.consilium.europa.eu\/doc\/document\/ST-15477-2024-INIT\/sl\/pdf\">Priporo\u010dilo Sveta EU o privla\u010dnih in trajnostnih poklicnih poteh v visokem \u0161olstvu<\/a><\/strong>, kako priporo\u010dilo uresni\u010dujemo na sistemski in na institucionalni ravni ter kak\u0161ne na\u010drte snujemo za prihodnost.<\/p>\n<p><strong>Podrobnej\u0161e informacije<\/strong>, vklju\u010dno s <strong>programom<\/strong> in <strong>povezavo za prijavo na dogodek<\/strong>, bodo do <strong>konca junija<\/strong> objavljene na spletni strani <strong>Ministrstva za visoko \u0161olstvo, znanost in inovacije<\/strong>:<br \/>\n\ud83d\udc49 <a href=\"https:\/\/www.gov.si\/zbirke\/projekti-in-programi\/platforma-znanja\/\">Platforma znanja | GOV.SI<\/a><\/p>\n","protected":false},"excerpt":{"rendered":"Spo\u0161tovani, vabljeni, da si \u017ee danes rezervirate ponedeljek, 1. septembra 2025, za 13. posvet Platforme znanja, ki bo tokrat potekal pod naslovom: \u00bbVisoko \u0161olstvo smo ljudje: Kako zagotoviti privla\u010dno, spodbudno in stabilno okolje za zaposlene v visokem \u0161olstvu?\u00ab Tokratni posvet Ministrstvo za visoko \u0161olstvo, znanost in inovacije ponovno organizira v sodelovanju z Rektorsko konferenco Republike &#8230; <a class=\"view-article\" href=\"https:\/\/www.ntf.uni-lj.si\/ntf\/notification\/rezervirajte-si-datum-13-posvet-platforme-znanja-1-september-2025\/\">Read more<\/a>","protected":false},"author":201,"featured_media":0,"template":"","categories":[390],"acf":[],"yoast_head":"<!-- This site is optimized with the Yoast SEO plugin v17.0 - https:\/\/yoast.com\/wordpress\/plugins\/seo\/ -->\n<meta name=\"robots\" content=\"index, follow, max-snippet:-1, max-image-preview:large, max-video-preview:-1\" \/>\n<link rel=\"canonical\" href=\"https:\/\/www.ntf.uni-lj.si\/ntf\/notification\/rezervirajte-si-datum-13-posvet-platforme-znanja-1-september-2025\/\" \/>\n<meta property=\"og:locale\" content=\"en_US\" \/>\n<meta property=\"og:type\" content=\"article\" \/>\n<meta property=\"og:title\" content=\"Rezervirajte si datum \u2013 13. posvet Platforme znanja, 1. september 2025 - NTF\" \/>\n<meta property=\"og:description\" content=\"Spo\u0161tovani, vabljeni, da si \u017ee danes rezervirate ponedeljek, 1. septembra 2025, za 13. posvet Platforme znanja, ki bo tokrat potekal pod naslovom: \u00bbVisoko \u0161olstvo smo ljudje: Kako zagotoviti privla\u010dno, spodbudno in stabilno okolje za zaposlene v visokem \u0161olstvu?\u00ab Tokratni posvet Ministrstvo za visoko \u0161olstvo, znanost in inovacije ponovno organizira v sodelovanju z Rektorsko konferenco Republike ... Read more\" \/>\n<meta property=\"og:url\" content=\"https:\/\/www.ntf.uni-lj.si\/ntf\/notification\/rezervirajte-si-datum-13-posvet-platforme-znanja-1-september-2025\/\" \/>\n<meta property=\"og:site_name\" content=\"NTF\" \/>\n<meta property=\"article:modified_time\" content=\"2025-09-02T08:55:01+00:00\" \/>\n<meta name=\"twitter:label1\" content=\"Est. reading time\" \/>\n\t<meta name=\"twitter:data1\" content=\"1 minute\" \/>\n<script type=\"application\/ld+json\" class=\"yoast-schema-graph\">{\"@context\":\"https:\/\/schema.org\",\"@graph\":[{\"@type\":\"WebSite\",\"@id\":\"https:\/\/www.ntf.uni-lj.si\/ntf\/#website\",\"url\":\"https:\/\/www.ntf.uni-lj.si\/ntf\/\",\"name\":\"NTF\",\"description\":\"Naravoslovnotehni\\u0161ka fakulteta\",\"potentialAction\":[{\"@type\":\"SearchAction\",\"target\":{\"@type\":\"EntryPoint\",\"urlTemplate\":\"https:\/\/www.ntf.uni-lj.si\/ntf\/?s={search_term_string}\"},\"query-input\":\"required name=search_term_string\"}],\"inLanguage\":\"en-US\"},{\"@type\":\"WebPage\",\"@id\":\"https:\/\/www.ntf.uni-lj.si\/ntf\/notification\/rezervirajte-si-datum-13-posvet-platforme-znanja-1-september-2025\/#webpage\",\"url\":\"https:\/\/www.ntf.uni-lj.si\/ntf\/notification\/rezervirajte-si-datum-13-posvet-platforme-znanja-1-september-2025\/\",\"name\":\"Rezervirajte si datum \\u2013 13. posvet Platforme znanja, 1. september 2025 - NTF\",\"isPartOf\":{\"@id\":\"https:\/\/www.ntf.uni-lj.si\/ntf\/#website\"},\"datePublished\":\"2025-06-27T08:21:08+00:00\",\"dateModified\":\"2025-09-02T08:55:01+00:00\",\"breadcrumb\":{\"@id\":\"https:\/\/www.ntf.uni-lj.si\/ntf\/notification\/rezervirajte-si-datum-13-posvet-platforme-znanja-1-september-2025\/#breadcrumb\"},\"inLanguage\":\"en-US\",\"potentialAction\":[{\"@type\":\"ReadAction\",\"target\":[\"https:\/\/www.ntf.uni-lj.si\/ntf\/notification\/rezervirajte-si-datum-13-posvet-platforme-znanja-1-september-2025\/\"]}]},{\"@type\":\"BreadcrumbList\",\"@id\":\"https:\/\/www.ntf.uni-lj.si\/ntf\/notification\/rezervirajte-si-datum-13-posvet-platforme-znanja-1-september-2025\/#breadcrumb\",\"itemListElement\":[{\"@type\":\"ListItem\",\"position\":1,\"name\":\"Domov\",\"item\":\"https:\/\/www.ntf.uni-lj.si\/ntf\/\"},{\"@type\":\"ListItem\",\"position\":2,\"name\":\"Obvestila\",\"item\":\"https:\/\/www.ntf.uni-lj.si\/ntf\/notification\/\"},{\"@type\":\"ListItem\",\"position\":3,\"name\":\"Rezervirajte si datum \\u2013 13. posvet Platforme znanja, 1. september 2025\"}]}]}<\/script>\n<!-- \/ Yoast SEO plugin. -->","yoast_head_json":{"robots":{"index":"index","follow":"follow","max-snippet":"max-snippet:-1","max-image-preview":"max-image-preview:large","max-video-preview":"max-video-preview:-1"},"canonical":"https:\/\/www.ntf.uni-lj.si\/ntf\/notification\/rezervirajte-si-datum-13-posvet-platforme-znanja-1-september-2025\/","og_locale":"en_US","og_type":"article","og_title":"Rezervirajte si datum \u2013 13. posvet Platforme znanja, 1. september 2025 - NTF","og_description":"Spo\u0161tovani, vabljeni, da si \u017ee danes rezervirate ponedeljek, 1. septembra 2025, za 13. posvet Platforme znanja, ki bo tokrat potekal pod naslovom: \u00bbVisoko \u0161olstvo smo ljudje: Kako zagotoviti privla\u010dno, spodbudno in stabilno okolje za zaposlene v visokem \u0161olstvu?\u00ab Tokratni posvet Ministrstvo za visoko \u0161olstvo, znanost in inovacije ponovno organizira v sodelovanju z Rektorsko konferenco Republike ... Read more","og_url":"https:\/\/www.ntf.uni-lj.si\/ntf\/notification\/rezervirajte-si-datum-13-posvet-platforme-znanja-1-september-2025\/","og_site_name":"NTF","article_modified_time":"2025-09-02T08:55:01+00:00","twitter_misc":{"Est. reading time":"1 minute"},"schema":{"@context":"https:\/\/schema.org","@graph":[{"@type":"WebSite","@id":"https:\/\/www.ntf.uni-lj.si\/ntf\/#website","url":"https:\/\/www.ntf.uni-lj.si\/ntf\/","name":"NTF","description":"Naravoslovnotehni\u0161ka fakulteta","potentialAction":[{"@type":"SearchAction","target":{"@type":"EntryPoint","urlTemplate":"https:\/\/www.ntf.uni-lj.si\/ntf\/?s={search_term_string}"},"query-input":"required name=search_term_string"}],"inLanguage":"en-US"},{"@type":"WebPage","@id":"https:\/\/www.ntf.uni-lj.si\/ntf\/notification\/rezervirajte-si-datum-13-posvet-platforme-znanja-1-september-2025\/#webpage","url":"https:\/\/www.ntf.uni-lj.si\/ntf\/notification\/rezervirajte-si-datum-13-posvet-platforme-znanja-1-september-2025\/","name":"Rezervirajte si datum \u2013 13. posvet Platforme znanja, 1. september 2025 - NTF","isPartOf":{"@id":"https:\/\/www.ntf.uni-lj.si\/ntf\/#website"},"datePublished":"2025-06-27T08:21:08+00:00","dateModified":"2025-09-02T08:55:01+00:00","breadcrumb":{"@id":"https:\/\/www.ntf.uni-lj.si\/ntf\/notification\/rezervirajte-si-datum-13-posvet-platforme-znanja-1-september-2025\/#breadcrumb"},"inLanguage":"en-US","potentialAction":[{"@type":"ReadAction","target":["https:\/\/www.ntf.uni-lj.si\/ntf\/notification\/rezervirajte-si-datum-13-posvet-platforme-znanja-1-september-2025\/"]}]},{"@type":"BreadcrumbList","@id":"https:\/\/www.ntf.uni-lj.si\/ntf\/notification\/rezervirajte-si-datum-13-posvet-platforme-znanja-1-september-2025\/#breadcrumb","itemListElement":[{"@type":"ListItem","position":1,"name":"Domov","item":"https:\/\/www.ntf.uni-lj.si\/ntf\/"},{"@type":"ListItem","position":2,"name":"Obvestila","item":"https:\/\/www.ntf.uni-lj.si\/ntf\/notification\/"},{"@type":"ListItem","position":3,"name":"Rezervirajte si datum \u2013 13. posvet Platforme znanja, 1. september 2025"}]}]}},"_links":{"self":[{"href":"https:\/\/www.ntf.uni-lj.si\/ntf\/wp-json\/wp\/v2\/notification\/30523"}],"collection":[{"href":"https:\/\/www.ntf.uni-lj.si\/ntf\/wp-json\/wp\/v2\/notification"}],"about":[{"href":"https:\/\/www.ntf.uni-lj.si\/ntf\/wp-json\/wp\/v2\/types\/notification"}],"author":[{"embeddable":true,"href":"https:\/\/www.ntf.uni-lj.si\/ntf\/wp-json\/wp\/v2\/users\/201"}],"version-history":[{"count":1,"href":"https:\/\/www.ntf.uni-lj.si\/ntf\/wp-json\/wp\/v2\/notification\/30523\/revisions"}],"predecessor-version":[{"id":30524,"href":"https:\/\/www.ntf.uni-lj.si\/ntf\/wp-json\/wp\/v2\/notification\/30523\/revisions\/30524"}],"wp:attachment":[{"href":"https:\/\/www.ntf.uni-lj.si\/ntf\/wp-json\/wp\/v2\/media?parent=30523"}],"wp:term":[{"taxonomy":"category","embeddable":true,"href":"https:\/\/www.ntf.uni-lj.si\/ntf\/wp-json\/wp\/v2\/categories?post=30523"}],"curies":[{"name":"wp","href":"https:\/\/api.w.org\/{rel}","templated":true}]}}

<p>Spoštovani,</p>
<p>vabljeni, da si že danes <strong>rezervirate ponedeljek, 1. septembra 2025</strong>, za <strong>13. posvet Platforme znanja</strong>, ki bo tokrat potekal pod naslovom: <strong>»Visoko šolstvo smo ljudje: Kako zagotoviti privlačno, spodbudno in stabilno okolje za zaposlene v visokem šolstvu?«</strong></p>
<p>Tokratni posvet <strong>Ministrstvo za visoko šolstvo, znanost in inovacije</strong> ponovno organizira v sodelovanju z <strong>Rektorsko konferenco Republike Slovenije</strong>, dogodek pa bo gostila <strong>Univerza v Mariboru</strong>, ki v letošnjem letu praznuje <strong>50-letnico delovanja</strong> – še en razlog več za srečanje v živo in skupni razmislek o prihodnosti.</p>
<p>Na dogodku bodo predstavili <strong><a href="https://data.consilium.europa.eu/doc/document/ST-15477-2024-INIT/sl/pdf">Priporočilo Sveta EU o privlačnih in trajnostnih poklicnih poteh v visokem šolstvu</a></strong>, kako priporočilo uresničujemo na sistemski in na institucionalni ravni ter kakšne načrte snujemo za prihodnost.</p>
<p><strong>Podrobnejše informacije</strong>, vključno s <strong>programom</strong> in <strong>povezavo za prijavo na dogodek</strong>, bodo do <strong>konca junija</strong> objavljene na spletni strani <strong>Ministrstva za visoko šolstvo, znanost in inovacije</strong>:<br />
👉 <a href="https://www.gov.si/zbirke/projekti-in-programi/platforma-znanja/">Platforma znanja | GOV.SI</a></p>

Spoštovani, vabljeni, da si že danes rezervirate ponedeljek, 1. septembra 2025, za 13. posvet Platforme znanja, ki bo tokrat potekal pod naslovom: »Visoko šolstvo smo ljudje: Kako zagotoviti privlačno, spodbudno in stabilno okolje za zaposlene v visokem šolstvu?« Tokratni posvet Ministrstvo za visoko šolstvo, znanost in inovacije ponovno organizira v sodelovanju z Rektorsko konferenco Republike &#8230; <a class="view-article" href="https://www.ntf.uni-lj.si/ntf/notification/rezervirajte-si-datum-13-posvet-platforme-znanja-1-september-2025/">Read more</a>

<!-- This site is optimized with the Yoast SEO plugin v17.0 - https://yoast.com/wordpress/plugins/seo/ -->
<meta name="robots" content="index, follow, max-snippet:-1, max-image-preview:large, max-video-preview:-1" />
<link rel="canonical" href="https://www.ntf.uni-lj.si/ntf/notification/rezervirajte-si-datum-13-posvet-platforme-znanja-1-september-2025/" />
<meta property="og:locale" content="en_US" />
<meta property="og:type" content="article" />
<meta property="og:title" content="Rezervirajte si datum – 13. posvet Platforme znanja, 1. september 2025 - NTF" />
<meta property="og:description" content="Spoštovani, vabljeni, da si že danes rezervirate ponedeljek, 1. septembra 2025, za 13. posvet Platforme znanja, ki bo tokrat potekal pod naslovom: »Visoko šolstvo smo ljudje: Kako zagotoviti privlačno, spodbudno in stabilno okolje za zaposlene v visokem šolstvu?« Tokratni posvet Ministrstvo za visoko šolstvo, znanost in inovacije ponovno organizira v sodelovanju z Rektorsko konferenco Republike ... Read more" />
<meta property="og:url" content="https://www.ntf.uni-lj.si/ntf/notification/rezervirajte-si-datum-13-posvet-platforme-znanja-1-september-2025/" />
<meta property="og:site_name" content="NTF" />
<meta property="article:modified_time" content="2025-09-02T08:55:01+00:00" />
<meta name="twitter:label1" content="Est. reading time" />
	<meta name="twitter:data1" content="1 minute" />
<script type="application/ld+json" class="yoast-schema-graph">{"@context":"https://schema.org","@graph":[{"@type":"WebSite","@id":"https://www.ntf.uni-lj.si/ntf/#website","url":"https://www.ntf.uni-lj.si/ntf/","name":"NTF","description":"Naravoslovnotehni\u0161ka fakulteta","potentialAction":[{"@type":"SearchAction","target":{"@type":"EntryPoint","urlTemplate":"https://www.ntf.uni-lj.si/ntf/?s={search_term_string}"},"query-input":"required name=search_term_string"}],"inLanguage":"en-US"},{"@type":"WebPage","@id":"https://www.ntf.uni-lj.si/ntf/notification/rezervirajte-si-datum-13-posvet-platforme-znanja-1-september-2025/#webpage","url":"https://www.ntf.uni-lj.si/ntf/notification/rezervirajte-si-datum-13-posvet-platforme-znanja-1-september-2025/","name":"Rezervirajte si datum \u2013 13. posvet Platforme znanja, 1. september 2025 - NTF","isPartOf":{"@id":"https://www.ntf.uni-lj.si/ntf/#website"},"datePublished":"2025-06-27T08:21:08+00:00","dateModified":"2025-09-02T08:55:01+00:00","breadcrumb":{"@id":"https://www.ntf.uni-lj.si/ntf/notification/rezervirajte-si-datum-13-posvet-platforme-znanja-1-september-2025/#breadcrumb"},"inLanguage":"en-US","potentialAction":[{"@type":"ReadAction","target":["https://www.ntf.uni-lj.si/ntf/notification/rezervirajte-si-datum-13-posvet-platforme-znanja-1-september-2025/"]}]},{"@type":"BreadcrumbList","@id":"https://www.ntf.uni-lj.si/ntf/notification/rezervirajte-si-datum-13-posvet-platforme-znanja-1-september-2025/#breadcrumb","itemListElement":[{"@type":"ListItem","position":1,"name":"Domov","item":"https://www.ntf.uni-lj.si/ntf/"},{"@type":"ListItem","position":2,"name":"Obvestila","item":"https://www.ntf.uni-lj.si/ntf/notification/"},{"@type":"ListItem","position":3,"name":"Rezervirajte si datum \u2013 13. posvet Platforme znanja, 1. september 2025"}]}]}</script>
<!-- / Yoast SEO plugin. -->

Spoštovani, vabljeni, da si že danes rezervirate ponedeljek, 1. septembra 2025, za 13. posvet Platforme znanja, ki bo tokrat potekal pod naslovom: »Visoko šolstvo smo ljudje: Kako zagotoviti privlačno, spodbudno in stabilno okolje za zaposlene v visokem šolstvu?« Tokratni posvet Ministrstvo za visoko šolstvo, znanost in inovacije ponovno organizira v sodelovanju z Rektorsko konferenco Republike ... Read more

Naravoslovnotehniška fakulteta
