{"id":31074,"date":"2025-09-23T06:18:07","date_gmt":"2025-09-23T04:18:07","guid":{"rendered":"https:\/\/www.ntf.uni-lj.si\/ntf\/?post_type=notification&#038;p=31074"},"modified":"2025-11-27T12:52:14","modified_gmt":"2025-11-27T11:52:14","slug":"dan-aris-2025-12-11-2025","status":"publish","type":"notification","link":"https:\/\/www.ntf.uni-lj.si\/ntf\/notification\/dan-aris-2025-12-11-2025\/","title":{"rendered":"Dan ARIS 2025, 12.11.2025"},"content":{"rendered":"<p align=\"justify\">Obve\u0161\u010damo vas, da bo <b>Dan ARIS 2025<\/b>\u00a0potekal v sredo,\u00a0<b>12. novembra 2025<\/b>\u00a0v\u00a0<a href=\"https:\/\/www.google.com\/maps\/place\/Grand+Hotel+Union\/@46.0527237,14.506327,1088m\/data=!3m2!1e3!4b1!4m9!3m8!1s0x47652d620c63725b:0xaa704304984fea35!5m2!4m1!1i2!8m2!3d46.0527237!4d14.506327!16s\/m\/03y0dzh?entry=ttu&amp;g_ep=EgoyMDI1MDkwMy4wIKXMDSoASAFQAw==\">Grand Hotelu Union<\/a>\u00a0v Ljubljani.<\/p>\n<p align=\"justify\">Dogodek bo namenjen povezovanju znanstvenoraziskovalnega in inovacijskega ekosistema, razpravi o inovacijskem potencialu raziskovalcev in odprti znanosti ter predstavitvi in podelitvi priznanj najvidnej\u0161ih raziskovalnih dose\u017ekov Odli\u010dni v znanosti 2025. Na dogodku bodo sodelovali zanimivi sogovorniki iz znanstvenoraziskovalne in gospodarske sfere ter odlo\u010devalci z obeh podro\u010dij.<\/p>\n<p align=\"justify\">Podrobnej\u0161i program in prijave sledijo kmalu.<\/p>\n","protected":false},"excerpt":{"rendered":"Obve\u0161\u010damo vas, da bo Dan ARIS 2025\u00a0potekal v sredo,\u00a012. novembra 2025\u00a0v\u00a0Grand Hotelu Union\u00a0v Ljubljani. Dogodek bo namenjen povezovanju znanstvenoraziskovalnega in inovacijskega ekosistema, razpravi o inovacijskem potencialu raziskovalcev in odprti znanosti ter predstavitvi in podelitvi priznanj najvidnej\u0161ih raziskovalnih dose\u017ekov Odli\u010dni v znanosti 2025. Na dogodku bodo sodelovali zanimivi sogovorniki iz znanstvenoraziskovalne in gospodarske sfere ter odlo\u010devalci &#8230; <a class=\"view-article\" href=\"https:\/\/www.ntf.uni-lj.si\/ntf\/notification\/dan-aris-2025-12-11-2025\/\">Read more<\/a>","protected":false},"author":201,"featured_media":0,"template":"","categories":[390],"class_list":["post-31074","notification","type-notification","status-publish","hentry","category-rr-arhiv","employee-marija-petek"],"acf":[],"_links":{"self":[{"href":"https:\/\/www.ntf.uni-lj.si\/ntf\/wp-json\/wp\/v2\/notification\/31074","targetHints":{"allow":["GET"]}}],"collection":[{"href":"https:\/\/www.ntf.uni-lj.si\/ntf\/wp-json\/wp\/v2\/notification"}],"about":[{"href":"https:\/\/www.ntf.uni-lj.si\/ntf\/wp-json\/wp\/v2\/types\/notification"}],"author":[{"embeddable":true,"href":"https:\/\/www.ntf.uni-lj.si\/ntf\/wp-json\/wp\/v2\/users\/201"}],"version-history":[{"count":2,"href":"https:\/\/www.ntf.uni-lj.si\/ntf\/wp-json\/wp\/v2\/notification\/31074\/revisions"}],"predecessor-version":[{"id":31077,"href":"https:\/\/www.ntf.uni-lj.si\/ntf\/wp-json\/wp\/v2\/notification\/31074\/revisions\/31077"}],"wp:attachment":[{"href":"https:\/\/www.ntf.uni-lj.si\/ntf\/wp-json\/wp\/v2\/media?parent=31074"}],"wp:term":[{"taxonomy":"category","embeddable":true,"href":"https:\/\/www.ntf.uni-lj.si\/ntf\/wp-json\/wp\/v2\/categories?post=31074"}],"curies":[{"name":"wp","href":"https:\/\/api.w.org\/{rel}","templated":true}]}}

<p align="justify">Obveščamo vas, da bo <b>Dan ARIS 2025</b> potekal v sredo, <b>12. novembra 2025</b> v <a href="https://www.google.com/maps/place/Grand+Hotel+Union/@46.0527237,14.506327,1088m/data=!3m2!1e3!4b1!4m9!3m8!1s0x47652d620c63725b:0xaa704304984fea35!5m2!4m1!1i2!8m2!3d46.0527237!4d14.506327!16s/m/03y0dzh?entry=ttu&amp;g_ep=EgoyMDI1MDkwMy4wIKXMDSoASAFQAw==">Grand Hotelu Union</a> v Ljubljani.</p>
<p align="justify">Dogodek bo namenjen povezovanju znanstvenoraziskovalnega in inovacijskega ekosistema, razpravi o inovacijskem potencialu raziskovalcev in odprti znanosti ter predstavitvi in podelitvi priznanj najvidnejših raziskovalnih dosežkov Odlični v znanosti 2025. Na dogodku bodo sodelovali zanimivi sogovorniki iz znanstvenoraziskovalne in gospodarske sfere ter odločevalci z obeh področij.</p>
<p align="justify">Podrobnejši program in prijave sledijo kmalu.</p>

Obveščamo vas, da bo Dan ARIS 2025 potekal v sredo, 12. novembra 2025 v Grand Hotelu Union v Ljubljani. Dogodek bo namenjen povezovanju znanstvenoraziskovalnega in inovacijskega ekosistema, razpravi o inovacijskem potencialu raziskovalcev in odprti znanosti ter predstavitvi in podelitvi priznanj najvidnejših raziskovalnih dosežkov Odlični v znanosti 2025. Na dogodku bodo sodelovali zanimivi sogovorniki iz znanstvenoraziskovalne in gospodarske sfere ter odločevalci &#8230; <a class="view-article" href="https://www.ntf.uni-lj.si/ntf/notification/dan-aris-2025-12-11-2025/">Read more</a>
