{"id":31130,"date":"2025-09-29T11:18:50","date_gmt":"2025-09-29T09:18:50","guid":{"rendered":"https:\/\/www.ntf.uni-lj.si\/ntf\/?post_type=notification&#038;p=31130"},"modified":"2025-11-11T08:50:35","modified_gmt":"2025-11-11T07:50:35","slug":"nova-stevilka-mesecnega-e-informatorja-vizija-kohezija-2","status":"publish","type":"notification","link":"https:\/\/www.ntf.uni-lj.si\/ntf\/notification\/nova-stevilka-mesecnega-e-informatorja-vizija-kohezija-2\/","title":{"rendered":"Nova \u0161tevilka mese\u010dnega e-informatorja Vizija kohezija"},"content":{"rendered":"<p>Vas zanimajo mo\u017enosti evropskega sofinanciranja? \u0160tevilne prilo\u017enosti najdete v Viziji koheziji v obliki javnih razpisov in javnih pozivov, ne spreglejte pa niti zanimivih novic s podro\u010dja evropske kohezijske politike.<\/p>\n<p>V jesenskih mesecih ekipa Vizije kohezije praviloma najdete na \u0161tevilnih sejmih in javnih dogodkih po Sloveniji. Naslednja prilo\u017enost, da lahko v \u017eivo povpra\u0161ate o evropskih sredstvih, bo v Ljubljani na Festivalu za 3. \u017eivljenjsko obdobje med 30. septembrom in 2. oktobrom. Nadaljujejo pa tudi z dogodki v okviru nate\u010daja EU projekt, moj projekt &#8211; njihov razpored si lahko ogledate na strani 40 v Viziji koheziji, ki je pred vami.<\/p>\n<p>Va\u0161o Vizijo kohezijo najdete tukaj: <a href=\"https:\/\/6g1l8.r.sp1-brevo.net\/mk\/cl\/f\/sh\/SMK1E8tHeFuBm0KoRAVjYEocGPi7\/CqCc3DJ_92tS\">https:\/\/shorturl.at\/norHI<\/a><\/p>\n<p>&nbsp;<\/p>\n","protected":false},"excerpt":{"rendered":"Vas zanimajo mo\u017enosti evropskega sofinanciranja? \u0160tevilne prilo\u017enosti najdete v Viziji koheziji v obliki javnih razpisov in javnih pozivov, ne spreglejte pa niti zanimivih novic s podro\u010dja evropske kohezijske politike. V jesenskih mesecih ekipa Vizije kohezije praviloma najdete na \u0161tevilnih sejmih in javnih dogodkih po Sloveniji. Naslednja prilo\u017enost, da lahko v \u017eivo povpra\u0161ate o evropskih sredstvih, &#8230; <a class=\"view-article\" href=\"https:\/\/www.ntf.uni-lj.si\/ntf\/notification\/nova-stevilka-mesecnega-e-informatorja-vizija-kohezija-2\/\">Read more<\/a>","protected":false},"author":201,"featured_media":0,"template":"","categories":[390],"class_list":["post-31130","notification","type-notification","status-publish","hentry","category-rr-arhiv","employee-marija-petek"],"acf":[],"_links":{"self":[{"href":"https:\/\/www.ntf.uni-lj.si\/ntf\/wp-json\/wp\/v2\/notification\/31130","targetHints":{"allow":["GET"]}}],"collection":[{"href":"https:\/\/www.ntf.uni-lj.si\/ntf\/wp-json\/wp\/v2\/notification"}],"about":[{"href":"https:\/\/www.ntf.uni-lj.si\/ntf\/wp-json\/wp\/v2\/types\/notification"}],"author":[{"embeddable":true,"href":"https:\/\/www.ntf.uni-lj.si\/ntf\/wp-json\/wp\/v2\/users\/201"}],"version-history":[{"count":1,"href":"https:\/\/www.ntf.uni-lj.si\/ntf\/wp-json\/wp\/v2\/notification\/31130\/revisions"}],"predecessor-version":[{"id":31131,"href":"https:\/\/www.ntf.uni-lj.si\/ntf\/wp-json\/wp\/v2\/notification\/31130\/revisions\/31131"}],"wp:attachment":[{"href":"https:\/\/www.ntf.uni-lj.si\/ntf\/wp-json\/wp\/v2\/media?parent=31130"}],"wp:term":[{"taxonomy":"category","embeddable":true,"href":"https:\/\/www.ntf.uni-lj.si\/ntf\/wp-json\/wp\/v2\/categories?post=31130"}],"curies":[{"name":"wp","href":"https:\/\/api.w.org\/{rel}","templated":true}]}}

Nova številka mesečnega e-informatorja Vizija kohezija

<p>Vas zanimajo možnosti evropskega sofinanciranja? Številne priložnosti najdete v Viziji koheziji v obliki javnih razpisov in javnih pozivov, ne spreglejte pa niti zanimivih novic s področja evropske kohezijske politike.</p>
<p>V jesenskih mesecih ekipa Vizije kohezije praviloma najdete na številnih sejmih in javnih dogodkih po Sloveniji. Naslednja priložnost, da lahko v živo povprašate o evropskih sredstvih, bo v Ljubljani na Festivalu za 3. življenjsko obdobje med 30. septembrom in 2. oktobrom. Nadaljujejo pa tudi z dogodki v okviru natečaja EU projekt, moj projekt &#8211; njihov razpored si lahko ogledate na strani 40 v Viziji koheziji, ki je pred vami.</p>
<p>Vašo Vizijo kohezijo najdete tukaj: <a href="https://6g1l8.r.sp1-brevo.net/mk/cl/f/sh/SMK1E8tHeFuBm0KoRAVjYEocGPi7/CqCc3DJ_92tS">https://shorturl.at/norHI</a></p>
<p>&nbsp;</p>

Vas zanimajo možnosti evropskega sofinanciranja? Številne priložnosti najdete v Viziji koheziji v obliki javnih razpisov in javnih pozivov, ne spreglejte pa niti zanimivih novic s področja evropske kohezijske politike. V jesenskih mesecih ekipa Vizije kohezije praviloma najdete na številnih sejmih in javnih dogodkih po Sloveniji. Naslednja priložnost, da lahko v živo povprašate o evropskih sredstvih, &#8230; <a class="view-article" href="https://www.ntf.uni-lj.si/ntf/notification/nova-stevilka-mesecnega-e-informatorja-vizija-kohezija-2/">Read more</a>
