{"id":6227,"date":"2016-09-07T17:16:30","date_gmt":"2016-09-07T15:16:30","guid":{"rendered":"http:\/\/www.ntf.uni-lj.si\/ntf\/?post_type=notification&#038;p=6227"},"modified":"2016-09-07T17:17:34","modified_gmt":"2016-09-07T15:17:34","slug":"prestavljene-uradne-ure-referata-na-askercevi-12","status":"publish","type":"notification","link":"https:\/\/www.ntf.uni-lj.si\/ntf\/notification\/prestavljene-uradne-ure-referata-na-askercevi-12\/","title":{"rendered":"Prestavljene uradne ure referata na A\u0161ker\u010devi 12"},"content":{"rendered":"<p>Spo\u0161tovani!<\/p>\n<p>Obve\u0161\u010damo vas, da bodo v <strong>\u010detrtek 8.9.2016<\/strong> zaradi sestanka \u0161tudijske komisije NTF <strong>uradne ure<\/strong> \u0161tudentskega <strong>referata na A\u0161ker\u010devi 12 <\/strong>samo od 9. &#8211; 10.\u00a0ure<strong>.<\/strong><\/p>\n<p>Hvala za razumevanje!<\/p>\n<p>Majda \u0160trakl<br \/>\n\u0160tudentski referat NTF<\/p>\n","protected":false},"excerpt":{"rendered":"Spo\u0161tovani! Obve\u0161\u010damo vas, da bodo v \u010detrtek 8.9.2016 zaradi sestanka \u0161tudijske komisije NTF uradne ure \u0161tudentskega referata na A\u0161ker\u010devi 12 samo od 9. &#8211; 10.\u00a0ure. Hvala za razumevanje! Majda \u0160trakl \u0160tudentski referat NTF","protected":false},"author":33,"featured_media":0,"template":"","categories":[160,306],"acf":[],"yoast_head":"<!-- This site is optimized with the Yoast SEO plugin v17.0 - https:\/\/yoast.com\/wordpress\/plugins\/seo\/ -->\n<meta name=\"robots\" content=\"index, follow, max-snippet:-1, max-image-preview:large, max-video-preview:-1\" \/>\n<link rel=\"canonical\" href=\"https:\/\/www.ntf.uni-lj.si\/ntf\/notification\/prestavljene-uradne-ure-referata-na-askercevi-12\/\" \/>\n<meta property=\"og:locale\" content=\"en_US\" \/>\n<meta property=\"og:type\" content=\"article\" \/>\n<meta property=\"og:title\" content=\"Prestavljene uradne ure referata na A\u0161ker\u010devi 12 - NTF\" \/>\n<meta property=\"og:description\" content=\"Spo\u0161tovani! Obve\u0161\u010damo vas, da bodo v \u010detrtek 8.9.2016 zaradi sestanka \u0161tudijske komisije NTF uradne ure \u0161tudentskega referata na A\u0161ker\u010devi 12 samo od 9. &#8211; 10.\u00a0ure. Hvala za razumevanje! Majda \u0160trakl \u0160tudentski referat NTF\" \/>\n<meta property=\"og:url\" content=\"https:\/\/www.ntf.uni-lj.si\/ntf\/notification\/prestavljene-uradne-ure-referata-na-askercevi-12\/\" \/>\n<meta property=\"og:site_name\" content=\"NTF\" \/>\n<meta property=\"article:modified_time\" content=\"2016-09-07T15:17:34+00:00\" \/>\n<script type=\"application\/ld+json\" class=\"yoast-schema-graph\">{\"@context\":\"https:\/\/schema.org\",\"@graph\":[{\"@type\":\"WebSite\",\"@id\":\"https:\/\/www.ntf.uni-lj.si\/ntf\/#website\",\"url\":\"https:\/\/www.ntf.uni-lj.si\/ntf\/\",\"name\":\"NTF\",\"description\":\"Naravoslovnotehni\\u0161ka fakulteta\",\"potentialAction\":[{\"@type\":\"SearchAction\",\"target\":{\"@type\":\"EntryPoint\",\"urlTemplate\":\"https:\/\/www.ntf.uni-lj.si\/ntf\/?s={search_term_string}\"},\"query-input\":\"required name=search_term_string\"}],\"inLanguage\":\"en-US\"},{\"@type\":\"WebPage\",\"@id\":\"https:\/\/www.ntf.uni-lj.si\/ntf\/notification\/prestavljene-uradne-ure-referata-na-askercevi-12\/#webpage\",\"url\":\"https:\/\/www.ntf.uni-lj.si\/ntf\/notification\/prestavljene-uradne-ure-referata-na-askercevi-12\/\",\"name\":\"Prestavljene uradne ure referata na A\\u0161ker\\u010devi 12 - NTF\",\"isPartOf\":{\"@id\":\"https:\/\/www.ntf.uni-lj.si\/ntf\/#website\"},\"datePublished\":\"2016-09-07T15:16:30+00:00\",\"dateModified\":\"2016-09-07T15:17:34+00:00\",\"breadcrumb\":{\"@id\":\"https:\/\/www.ntf.uni-lj.si\/ntf\/notification\/prestavljene-uradne-ure-referata-na-askercevi-12\/#breadcrumb\"},\"inLanguage\":\"en-US\",\"potentialAction\":[{\"@type\":\"ReadAction\",\"target\":[\"https:\/\/www.ntf.uni-lj.si\/ntf\/notification\/prestavljene-uradne-ure-referata-na-askercevi-12\/\"]}]},{\"@type\":\"BreadcrumbList\",\"@id\":\"https:\/\/www.ntf.uni-lj.si\/ntf\/notification\/prestavljene-uradne-ure-referata-na-askercevi-12\/#breadcrumb\",\"itemListElement\":[{\"@type\":\"ListItem\",\"position\":1,\"name\":\"Domov\",\"item\":\"https:\/\/www.ntf.uni-lj.si\/ntf\/\"},{\"@type\":\"ListItem\",\"position\":2,\"name\":\"Obvestila\",\"item\":\"https:\/\/www.ntf.uni-lj.si\/ntf\/notification\/\"},{\"@type\":\"ListItem\",\"position\":3,\"name\":\"Prestavljene uradne ure referata na A\\u0161ker\\u010devi 12\"}]}]}<\/script>\n<!-- \/ Yoast SEO plugin. -->","yoast_head_json":{"robots":{"index":"index","follow":"follow","max-snippet":"max-snippet:-1","max-image-preview":"max-image-preview:large","max-video-preview":"max-video-preview:-1"},"canonical":"https:\/\/www.ntf.uni-lj.si\/ntf\/notification\/prestavljene-uradne-ure-referata-na-askercevi-12\/","og_locale":"en_US","og_type":"article","og_title":"Prestavljene uradne ure referata na A\u0161ker\u010devi 12 - NTF","og_description":"Spo\u0161tovani! Obve\u0161\u010damo vas, da bodo v \u010detrtek 8.9.2016 zaradi sestanka \u0161tudijske komisije NTF uradne ure \u0161tudentskega referata na A\u0161ker\u010devi 12 samo od 9. &#8211; 10.\u00a0ure. Hvala za razumevanje! Majda \u0160trakl \u0160tudentski referat NTF","og_url":"https:\/\/www.ntf.uni-lj.si\/ntf\/notification\/prestavljene-uradne-ure-referata-na-askercevi-12\/","og_site_name":"NTF","article_modified_time":"2016-09-07T15:17:34+00:00","schema":{"@context":"https:\/\/schema.org","@graph":[{"@type":"WebSite","@id":"https:\/\/www.ntf.uni-lj.si\/ntf\/#website","url":"https:\/\/www.ntf.uni-lj.si\/ntf\/","name":"NTF","description":"Naravoslovnotehni\u0161ka fakulteta","potentialAction":[{"@type":"SearchAction","target":{"@type":"EntryPoint","urlTemplate":"https:\/\/www.ntf.uni-lj.si\/ntf\/?s={search_term_string}"},"query-input":"required name=search_term_string"}],"inLanguage":"en-US"},{"@type":"WebPage","@id":"https:\/\/www.ntf.uni-lj.si\/ntf\/notification\/prestavljene-uradne-ure-referata-na-askercevi-12\/#webpage","url":"https:\/\/www.ntf.uni-lj.si\/ntf\/notification\/prestavljene-uradne-ure-referata-na-askercevi-12\/","name":"Prestavljene uradne ure referata na A\u0161ker\u010devi 12 - NTF","isPartOf":{"@id":"https:\/\/www.ntf.uni-lj.si\/ntf\/#website"},"datePublished":"2016-09-07T15:16:30+00:00","dateModified":"2016-09-07T15:17:34+00:00","breadcrumb":{"@id":"https:\/\/www.ntf.uni-lj.si\/ntf\/notification\/prestavljene-uradne-ure-referata-na-askercevi-12\/#breadcrumb"},"inLanguage":"en-US","potentialAction":[{"@type":"ReadAction","target":["https:\/\/www.ntf.uni-lj.si\/ntf\/notification\/prestavljene-uradne-ure-referata-na-askercevi-12\/"]}]},{"@type":"BreadcrumbList","@id":"https:\/\/www.ntf.uni-lj.si\/ntf\/notification\/prestavljene-uradne-ure-referata-na-askercevi-12\/#breadcrumb","itemListElement":[{"@type":"ListItem","position":1,"name":"Domov","item":"https:\/\/www.ntf.uni-lj.si\/ntf\/"},{"@type":"ListItem","position":2,"name":"Obvestila","item":"https:\/\/www.ntf.uni-lj.si\/ntf\/notification\/"},{"@type":"ListItem","position":3,"name":"Prestavljene uradne ure referata na A\u0161ker\u010devi 12"}]}]}},"_links":{"self":[{"href":"https:\/\/www.ntf.uni-lj.si\/ntf\/wp-json\/wp\/v2\/notification\/6227"}],"collection":[{"href":"https:\/\/www.ntf.uni-lj.si\/ntf\/wp-json\/wp\/v2\/notification"}],"about":[{"href":"https:\/\/www.ntf.uni-lj.si\/ntf\/wp-json\/wp\/v2\/types\/notification"}],"author":[{"embeddable":true,"href":"https:\/\/www.ntf.uni-lj.si\/ntf\/wp-json\/wp\/v2\/users\/33"}],"version-history":[{"count":3,"href":"https:\/\/www.ntf.uni-lj.si\/ntf\/wp-json\/wp\/v2\/notification\/6227\/revisions"}],"predecessor-version":[{"id":6230,"href":"https:\/\/www.ntf.uni-lj.si\/ntf\/wp-json\/wp\/v2\/notification\/6227\/revisions\/6230"}],"wp:attachment":[{"href":"https:\/\/www.ntf.uni-lj.si\/ntf\/wp-json\/wp\/v2\/media?parent=6227"}],"wp:term":[{"taxonomy":"category","embeddable":true,"href":"https:\/\/www.ntf.uni-lj.si\/ntf\/wp-json\/wp\/v2\/categories?post=6227"}],"curies":[{"name":"wp","href":"https:\/\/api.w.org\/{rel}","templated":true}]}}

Prestavljene uradne ure referata na Aškerčevi 12

<p>Spoštovani!</p>
<p>Obveščamo vas, da bodo v <strong>četrtek 8.9.2016</strong> zaradi sestanka študijske komisije NTF <strong>uradne ure</strong> študentskega <strong>referata na Aškerčevi 12 </strong>samo od 9. &#8211; 10. ure<strong>.</strong></p>
<p>Hvala za razumevanje!</p>
<p>Majda Štrakl<br />
Študentski referat NTF</p>

Spoštovani! Obveščamo vas, da bodo v četrtek 8.9.2016 zaradi sestanka študijske komisije NTF uradne ure študentskega referata na Aškerčevi 12 samo od 9. &#8211; 10. ure. Hvala za razumevanje! Majda Štrakl Študentski referat NTF

<!-- This site is optimized with the Yoast SEO plugin v17.0 - https://yoast.com/wordpress/plugins/seo/ -->
<meta name="robots" content="index, follow, max-snippet:-1, max-image-preview:large, max-video-preview:-1" />
<link rel="canonical" href="https://www.ntf.uni-lj.si/ntf/notification/prestavljene-uradne-ure-referata-na-askercevi-12/" />
<meta property="og:locale" content="en_US" />
<meta property="og:type" content="article" />
<meta property="og:title" content="Prestavljene uradne ure referata na Aškerčevi 12 - NTF" />
<meta property="og:description" content="Spoštovani! Obveščamo vas, da bodo v četrtek 8.9.2016 zaradi sestanka študijske komisije NTF uradne ure študentskega referata na Aškerčevi 12 samo od 9. &#8211; 10. ure. Hvala za razumevanje! Majda Štrakl Študentski referat NTF" />
<meta property="og:url" content="https://www.ntf.uni-lj.si/ntf/notification/prestavljene-uradne-ure-referata-na-askercevi-12/" />
<meta property="og:site_name" content="NTF" />
<meta property="article:modified_time" content="2016-09-07T15:17:34+00:00" />
<script type="application/ld+json" class="yoast-schema-graph">{"@context":"https://schema.org","@graph":[{"@type":"WebSite","@id":"https://www.ntf.uni-lj.si/ntf/#website","url":"https://www.ntf.uni-lj.si/ntf/","name":"NTF","description":"Naravoslovnotehni\u0161ka fakulteta","potentialAction":[{"@type":"SearchAction","target":{"@type":"EntryPoint","urlTemplate":"https://www.ntf.uni-lj.si/ntf/?s={search_term_string}"},"query-input":"required name=search_term_string"}],"inLanguage":"en-US"},{"@type":"WebPage","@id":"https://www.ntf.uni-lj.si/ntf/notification/prestavljene-uradne-ure-referata-na-askercevi-12/#webpage","url":"https://www.ntf.uni-lj.si/ntf/notification/prestavljene-uradne-ure-referata-na-askercevi-12/","name":"Prestavljene uradne ure referata na A\u0161ker\u010devi 12 - NTF","isPartOf":{"@id":"https://www.ntf.uni-lj.si/ntf/#website"},"datePublished":"2016-09-07T15:16:30+00:00","dateModified":"2016-09-07T15:17:34+00:00","breadcrumb":{"@id":"https://www.ntf.uni-lj.si/ntf/notification/prestavljene-uradne-ure-referata-na-askercevi-12/#breadcrumb"},"inLanguage":"en-US","potentialAction":[{"@type":"ReadAction","target":["https://www.ntf.uni-lj.si/ntf/notification/prestavljene-uradne-ure-referata-na-askercevi-12/"]}]},{"@type":"BreadcrumbList","@id":"https://www.ntf.uni-lj.si/ntf/notification/prestavljene-uradne-ure-referata-na-askercevi-12/#breadcrumb","itemListElement":[{"@type":"ListItem","position":1,"name":"Domov","item":"https://www.ntf.uni-lj.si/ntf/"},{"@type":"ListItem","position":2,"name":"Obvestila","item":"https://www.ntf.uni-lj.si/ntf/notification/"},{"@type":"ListItem","position":3,"name":"Prestavljene uradne ure referata na A\u0161ker\u010devi 12"}]}]}</script>
<!-- / Yoast SEO plugin. -->

Prestavljene uradne ure referata na Aškerčevi 12 - NTF

Naravoslovnotehniška fakulteta
