{"id":131,"date":"2015-03-17T09:10:52","date_gmt":"2015-03-17T09:10:52","guid":{"rendered":"http:\/\/www.ntf.uni-lj.si\/ntf\/?page_id=131"},"modified":"2023-04-21T10:54:33","modified_gmt":"2023-04-21T08:54:33","slug":"pravno-obvestilo","status":"publish","type":"page","link":"https:\/\/www.ntf.uni-lj.si\/ntf\/pravno-obvestilo\/","title":{"rendered":"Pravno obvestilo"},"content":{"rendered":"<p><b>Pravice intelektualne lastnine<\/b><br \/>\nSpletno mesto je za namen tega pravnega obvestila pojem, ki zajema vse spletne strani na spletnem naslovu\u00a0www.ntf.uni-lj.si\u00a0(v nadaljevanju: Spletno mesto).<\/p>\n<p>Imetnik avtorskih pravic na vseh avtorskih delih, ki so na kakr\u0161enkoli na\u010din vklju\u010deni v Spletno mesto je Naravoslovnotehni\u0161ka fakulteta.<\/p>\n<p>Spletno mesto je bilo pripravljeno ob finan\u010dni pomo\u010di Evropske unije. Za vsebino tega dokumenta je izklju\u010dno odgovoren ntf.uni-lj in zanj v nobenem primeru ne velja, da odra\u017ea stali\u0161\u010de Evropske unije.<\/p>\n<p>Znak Naravoslovnotehni\u0161ka fakulteta je varovan kot storitveni oziroma blagovna znamka po Zakonu o industrijski lastnini (Ur.l. RS 51\/06, ZIL-UPB1 in 100\/13) in mednarodnimi akti ter so registrirane pri Uradu Republike Slovenije za intelektualno lastnino.<\/p>\n<p>Vse pravice pridr\u017eane. Uporabnik lahko uporablja vsebine na Spletnem mestu izklju\u010dno za svojo osebno, to je nekomercialno rabo. Vsaka druga oblika uporabe vsebin Spletnega mesta (kot je npr. kopiranje, reproduciranje, distribuiranje in podobno) v komercialne namene je prepovedana.<\/p>\n<p><b>Omejitev uporabe informacij in gradiv<\/b><br \/>\nInformacije in gradiva, ki so prikazana na tem Spletnem mestu, lahko uporabnik nalo\u017ei iz stre\u017enika za svojo osebno, doma\u010do rabo, pri \u010demer ne sme spreminjati ozna\u010db avtorskih pravic, drugih obvestil o pravicah intelektualne lastnine ali obvestil o drugih pravicah. Dovoljeno je nalaganje in tiskanje informacij in gradiv z namenom ogledovanja in branja za nekomercialne namene. Vsako drugo kopiranje, distribuiranje, ponovno objavljanje, spreminjanje informacij in gradiv na\u00a0www.ntf.uni-lj.si\u00a0ali njihovo po\u0161iljanje po po\u0161ti ter raz\u0161irjanje na kakr\u0161enkoli drug na\u010din brez predhodnega pisnega dovoljenja, je prepovedano. Prav tako je prepovedana uporaba kateregakoli elementa\u00a0www.ntf.uni-lj.si\u00a0za kakr\u0161nekoli druge namene, kot za izklju\u010dno osebno, nekomercialno, doma\u010do rabo.<\/p>\n<p>Naravoslovnotehni\u0161ka Fakulteta ne odgovarja za obliko in vsebino spletnega mesta, ki so na kakr\u0161enkoli na\u010din povezane s spletnim mestom\u00a0www.ntf.uni-lj.si. Pri obisku in uporabi povezanih spletnih mest je odgovornost\u00a0 Naravoslovnotehni\u0161ke fakultete za vse primere izklju\u010dena.<\/p>\n<p><b>Omejitev odgovornosti<\/b><br \/>\nNaravoslovnotehni\u0161ka fakulteta se bo trudila, da bodo podatki na Spletnem mestu pravilni in a\u017eurni, vendar ne Naravoslovnotehni\u0161ka fakulteta niti druga pravna ali fizi\u010dna oseba, ki je sodelovala pri izdelavi Spletnega mesta ali \u0161e sodeluje pri nadgradnjah Spletnega mesta ne more biti odgovorna za navadno \u0161kodo ali izgubljeni dobi\u010dek ali nepremo\u017eenjsko \u0161kodo, ki bi lahko uporabniku nastala zaradi uporabe Spletnega mesta ali nezmo\u017enosti uporabe le-tega.<\/p>\n<p>Naravoslovnotehni\u0161ka fakulteta se bo trudila za nemoteno delovanje Spletnega mesta, vendar ne more biti odgovorna za navadno \u0161kodo ali izgubljeni dobi\u010dek ali nepremo\u017eenjsko \u0161kodo, ki bi lahko uporabniku nastala zaradi motenega delovanja Spletnega mesta.<\/p>\n<p>Naravoslovnotehni\u0161ka fakulteta lahko kadarkoli brez predhodnega obvestila spremeni Spletno mesto.<\/p>\n<p><b>Varstvo osebnih podatkov<\/b><br \/>\nKakr\u0161nekoli podatke, ki jih Naravoslovnotehni\u0161ka fakulteta pridobi na kakr\u0161enkoli na\u010din preko Spletnega mesta, so namenjeni izklju\u010dno za interno rabo in jih Naravoslovnotehni\u0161ka fakulteta varuje v skladu z Zakonom o varstvu osebnih podatkov (Uradni list RS \u0161t. 163\/22; ZVOP-2) in Obligacijskem zakoniku (Ur.l. RS 97\/04, OZ-UPB1).<\/p>\n<p><b>Splo\u0161no<\/b><br \/>\nZa morebitne spore iz naslova uporabe Spletnega mesta se uporabi slovenska zakonodaja. Za re\u0161itev morebitnih sporov je pristojno sodi\u0161\u010de v Ljubljani.<\/p>\n<p>Z uporabo Spletnega mesta uporabnik potrjuje, da je sprejel tu opisane pogoje in da se z njimi strinja.<\/p>\n","protected":false},"excerpt":{"rendered":"Pravice intelektualne lastnine Spletno mesto je za namen tega pravnega obvestila pojem, ki zajema vse spletne strani na spletnem naslovu\u00a0www.ntf.uni-lj.si\u00a0(v nadaljevanju: Spletno mesto). Imetnik avtorskih pravic na vseh avtorskih delih, ki so na kakr\u0161enkoli na\u010din vklju\u010deni v Spletno mesto je Naravoslovnotehni\u0161ka fakulteta. Spletno mesto je bilo pripravljeno ob finan\u010dni pomo\u010di Evropske unije. Za vsebino tega &#8230; <a class=\"view-article\" href=\"https:\/\/www.ntf.uni-lj.si\/ntf\/pravno-obvestilo\/\">Read more<\/a>","protected":false},"author":15,"featured_media":0,"parent":0,"menu_order":234,"comment_status":"closed","ping_status":"closed","template":"","meta":[],"acf":[],"yoast_head":"<!-- This site is optimized with the Yoast SEO plugin v17.0 - https:\/\/yoast.com\/wordpress\/plugins\/seo\/ -->\n<meta name=\"robots\" content=\"index, follow, max-snippet:-1, max-image-preview:large, max-video-preview:-1\" \/>\n<link rel=\"canonical\" href=\"https:\/\/www.ntf.uni-lj.si\/ntf\/pravno-obvestilo\/\" \/>\n<meta property=\"og:locale\" content=\"en_US\" \/>\n<meta property=\"og:type\" content=\"article\" \/>\n<meta property=\"og:title\" content=\"Pravno obvestilo - NTF\" \/>\n<meta property=\"og:description\" content=\"Pravice intelektualne lastnine Spletno mesto je za namen tega pravnega obvestila pojem, ki zajema vse spletne strani na spletnem naslovu\u00a0www.ntf.uni-lj.si\u00a0(v nadaljevanju: Spletno mesto). Imetnik avtorskih pravic na vseh avtorskih delih, ki so na kakr\u0161enkoli na\u010din vklju\u010deni v Spletno mesto je Naravoslovnotehni\u0161ka fakulteta. Spletno mesto je bilo pripravljeno ob finan\u010dni pomo\u010di Evropske unije. Za vsebino tega ... Read more\" \/>\n<meta property=\"og:url\" content=\"https:\/\/www.ntf.uni-lj.si\/ntf\/pravno-obvestilo\/\" \/>\n<meta property=\"og:site_name\" content=\"NTF\" \/>\n<meta property=\"article:modified_time\" content=\"2023-04-21T08:54:33+00:00\" \/>\n<meta name=\"twitter:label1\" content=\"Est. reading time\" \/>\n\t<meta name=\"twitter:data1\" content=\"3 minutes\" \/>\n<script type=\"application\/ld+json\" class=\"yoast-schema-graph\">{\"@context\":\"https:\/\/schema.org\",\"@graph\":[{\"@type\":\"WebSite\",\"@id\":\"https:\/\/www.ntf.uni-lj.si\/ntf\/#website\",\"url\":\"https:\/\/www.ntf.uni-lj.si\/ntf\/\",\"name\":\"NTF\",\"description\":\"Naravoslovnotehni\\u0161ka fakulteta\",\"potentialAction\":[{\"@type\":\"SearchAction\",\"target\":{\"@type\":\"EntryPoint\",\"urlTemplate\":\"https:\/\/www.ntf.uni-lj.si\/ntf\/?s={search_term_string}\"},\"query-input\":\"required name=search_term_string\"}],\"inLanguage\":\"en-US\"},{\"@type\":\"WebPage\",\"@id\":\"https:\/\/www.ntf.uni-lj.si\/ntf\/pravno-obvestilo\/#webpage\",\"url\":\"https:\/\/www.ntf.uni-lj.si\/ntf\/pravno-obvestilo\/\",\"name\":\"Pravno obvestilo - NTF\",\"isPartOf\":{\"@id\":\"https:\/\/www.ntf.uni-lj.si\/ntf\/#website\"},\"datePublished\":\"2015-03-17T09:10:52+00:00\",\"dateModified\":\"2023-04-21T08:54:33+00:00\",\"breadcrumb\":{\"@id\":\"https:\/\/www.ntf.uni-lj.si\/ntf\/pravno-obvestilo\/#breadcrumb\"},\"inLanguage\":\"en-US\",\"potentialAction\":[{\"@type\":\"ReadAction\",\"target\":[\"https:\/\/www.ntf.uni-lj.si\/ntf\/pravno-obvestilo\/\"]}]},{\"@type\":\"BreadcrumbList\",\"@id\":\"https:\/\/www.ntf.uni-lj.si\/ntf\/pravno-obvestilo\/#breadcrumb\",\"itemListElement\":[{\"@type\":\"ListItem\",\"position\":1,\"name\":\"Domov\",\"item\":\"https:\/\/www.ntf.uni-lj.si\/ntf\/\"},{\"@type\":\"ListItem\",\"position\":2,\"name\":\"Pravno obvestilo\"}]}]}<\/script>\n<!-- \/ Yoast SEO plugin. -->","yoast_head_json":{"robots":{"index":"index","follow":"follow","max-snippet":"max-snippet:-1","max-image-preview":"max-image-preview:large","max-video-preview":"max-video-preview:-1"},"canonical":"https:\/\/www.ntf.uni-lj.si\/ntf\/pravno-obvestilo\/","og_locale":"en_US","og_type":"article","og_title":"Pravno obvestilo - NTF","og_description":"Pravice intelektualne lastnine Spletno mesto je za namen tega pravnega obvestila pojem, ki zajema vse spletne strani na spletnem naslovu\u00a0www.ntf.uni-lj.si\u00a0(v nadaljevanju: Spletno mesto). Imetnik avtorskih pravic na vseh avtorskih delih, ki so na kakr\u0161enkoli na\u010din vklju\u010deni v Spletno mesto je Naravoslovnotehni\u0161ka fakulteta. Spletno mesto je bilo pripravljeno ob finan\u010dni pomo\u010di Evropske unije. Za vsebino tega ... Read more","og_url":"https:\/\/www.ntf.uni-lj.si\/ntf\/pravno-obvestilo\/","og_site_name":"NTF","article_modified_time":"2023-04-21T08:54:33+00:00","twitter_misc":{"Est. reading time":"3 minutes"},"schema":{"@context":"https:\/\/schema.org","@graph":[{"@type":"WebSite","@id":"https:\/\/www.ntf.uni-lj.si\/ntf\/#website","url":"https:\/\/www.ntf.uni-lj.si\/ntf\/","name":"NTF","description":"Naravoslovnotehni\u0161ka fakulteta","potentialAction":[{"@type":"SearchAction","target":{"@type":"EntryPoint","urlTemplate":"https:\/\/www.ntf.uni-lj.si\/ntf\/?s={search_term_string}"},"query-input":"required name=search_term_string"}],"inLanguage":"en-US"},{"@type":"WebPage","@id":"https:\/\/www.ntf.uni-lj.si\/ntf\/pravno-obvestilo\/#webpage","url":"https:\/\/www.ntf.uni-lj.si\/ntf\/pravno-obvestilo\/","name":"Pravno obvestilo - NTF","isPartOf":{"@id":"https:\/\/www.ntf.uni-lj.si\/ntf\/#website"},"datePublished":"2015-03-17T09:10:52+00:00","dateModified":"2023-04-21T08:54:33+00:00","breadcrumb":{"@id":"https:\/\/www.ntf.uni-lj.si\/ntf\/pravno-obvestilo\/#breadcrumb"},"inLanguage":"en-US","potentialAction":[{"@type":"ReadAction","target":["https:\/\/www.ntf.uni-lj.si\/ntf\/pravno-obvestilo\/"]}]},{"@type":"BreadcrumbList","@id":"https:\/\/www.ntf.uni-lj.si\/ntf\/pravno-obvestilo\/#breadcrumb","itemListElement":[{"@type":"ListItem","position":1,"name":"Domov","item":"https:\/\/www.ntf.uni-lj.si\/ntf\/"},{"@type":"ListItem","position":2,"name":"Pravno obvestilo"}]}]}},"_links":{"self":[{"href":"https:\/\/www.ntf.uni-lj.si\/ntf\/wp-json\/wp\/v2\/pages\/131"}],"collection":[{"href":"https:\/\/www.ntf.uni-lj.si\/ntf\/wp-json\/wp\/v2\/pages"}],"about":[{"href":"https:\/\/www.ntf.uni-lj.si\/ntf\/wp-json\/wp\/v2\/types\/page"}],"author":[{"embeddable":true,"href":"https:\/\/www.ntf.uni-lj.si\/ntf\/wp-json\/wp\/v2\/users\/15"}],"replies":[{"embeddable":true,"href":"https:\/\/www.ntf.uni-lj.si\/ntf\/wp-json\/wp\/v2\/comments?post=131"}],"version-history":[{"count":7,"href":"https:\/\/www.ntf.uni-lj.si\/ntf\/wp-json\/wp\/v2\/pages\/131\/revisions"}],"predecessor-version":[{"id":24264,"href":"https:\/\/www.ntf.uni-lj.si\/ntf\/wp-json\/wp\/v2\/pages\/131\/revisions\/24264"}],"wp:attachment":[{"href":"https:\/\/www.ntf.uni-lj.si\/ntf\/wp-json\/wp\/v2\/media?parent=131"}],"curies":[{"name":"wp","href":"https:\/\/api.w.org\/{rel}","templated":true}]}}