{"id":17485,"date":"2021-02-18T12:12:13","date_gmt":"2021-02-18T11:12:13","guid":{"rendered":"http:\/\/www.ntf.uni-lj.si\/ntf\/?page_id=17485"},"modified":"2025-09-29T12:16:40","modified_gmt":"2025-09-29T10:16:40","slug":"moodle-ucilnice","status":"publish","type":"page","link":"https:\/\/www.ntf.uni-lj.si\/ntf\/studij\/moodle-ucilnice\/","title":{"rendered":"Moodle u\u010dilnice"},"content":{"rendered":"<p><strong>U\u010dilnice za leto\u0161nje leto 2025\/26 so na znanem naslovu<\/strong><\/p>\n<h2><strong><a href=\"https:\/\/ucilnica-ntf.uni-lj.si\/\">https:\/\/ucilnica-ntf.uni-lj.si\/<\/a><\/strong><\/h2>\n<p>&nbsp;<\/p>\n<p>Vse u\u010dilnice, ki niso del VIS-a se nahajajo v zavihku Razno<\/p>\n<p>Prosimo izvajalce, da pregledajo svoje u\u010dilnice in na <a href=\"mailto:helpdesk-moodle@ntf.uni-lj.si\">helpdesk-moodle@ntf.uni-lj.si<\/a> javijo potencialne napake ali manjkajo\u010de vsebine. Datoteke, ki jih ne potrebujete v tem \u0161olskem letu enostavno izbri\u0161ete iz u\u010dilnice.<\/p>\n<p>&nbsp;<\/p>\n<p>V u\u010dilnicah so vsi predmeti iz predmetnika vseh smeri na NTF, povezane so z\u00a0domenskim\u00a0imenikom zaposlenih na NTF in s \u0161tudentskimi identitetami.<br \/>\nVanje se prijavite s svojim domenskim imenom ime.priimek@ntf.uni-lj.si in geslom, \u0161tudentje pa s svojo \u0161tudentsko identiteto XY1234@student.uni-lj.si in geslom.<\/p>\n<p>Med predmeti je tudi u\u010dilnica &#8220;<a href=\"https:\/\/ucilnica-ntf.uni-lj.si\/course\/view.php?id=913#section-0\">Uporaba IKT v pedago\u0161kem procesu<\/a>&#8221; kjer boste na\u0161li zbirko navodil, <a href=\"https:\/\/ucilnica-ntf.uni-lj.si\/course\/view.php?id=913&amp;section=2\">videoposnetkov delavnic o uporabi u\u010dilnic<\/a>.<\/p>\n<p>Vpra\u0161anja in pomo\u010d dobite na naslovu:\u00a0<a href=\"mailto:helpdesk-moodle@ntf.uni-lj.si\">helpdesk-moodle@ntf.uni-lj.si<\/a><\/p>\n<p>U\u010dilnice 2024\/25 so dostopne na naslovu aktualnih u\u010dilnic.<\/p>\n<p>U\u010dilnice preteklih \u0161tudijskih let so arhivirane in dostopne na svojem naslovu:<\/p>\n<p><a href=\"https:\/\/arhiv-ucilnica-ntf.uni-lj.si\/2023-24\/\">https:\/\/arhiv-ucilnica-ntf.uni-lj.si\/2023-24\/<\/a><br \/>\n<a href=\"https:\/\/arhiv-ucilnica-ntf.uni-lj.si\/2022-23\/\">https:\/\/arhiv-ucilnica-ntf.uni-lj.si\/2022-23\/<\/a><br \/>\n<a href=\"https:\/\/arhiv-ucilnica-ntf.uni-lj.si\/2021-22\/\">https:\/\/arhiv-ucilnica-ntf.uni-lj.si\/2021-22\/<\/a><br \/>\n<a href=\"https:\/\/arhiv-ucilnica-ntf.uni-lj.si\/2020-21\/\">https:\/\/arhiv-ucilnica-ntf.uni-lj.si\/2020-21\/<\/a><br \/>\nV arhiviranih spletnih u\u010dilnicah ostanejo vse aktivnosti, ki so bile pripravljene do datuma arhivacije.<br \/>\nVsebin arhivskih u\u010dilnic <strong>ne spreminjajte<\/strong>, saj ne spremembe <strong>ne bodo shranjene<\/strong>.<\/p>\n<p>&nbsp;<\/p>\n<p>&nbsp;<\/p>\n","protected":false},"excerpt":{"rendered":"U\u010dilnice za leto\u0161nje leto 2025\/26 so na znanem naslovu https:\/\/ucilnica-ntf.uni-lj.si\/ &nbsp; Vse u\u010dilnice, ki niso del VIS-a se nahajajo v zavihku Razno Prosimo izvajalce, da pregledajo svoje u\u010dilnice in na helpdesk-moodle@ntf.uni-lj.si javijo potencialne napake ali manjkajo\u010de vsebine. Datoteke, ki jih ne potrebujete v tem \u0161olskem letu enostavno izbri\u0161ete iz u\u010dilnice. &nbsp; V u\u010dilnicah so vsi &#8230; <a class=\"view-article\" href=\"https:\/\/www.ntf.uni-lj.si\/ntf\/studij\/moodle-ucilnice\/\">Read more<\/a>","protected":false},"author":37,"featured_media":0,"parent":2224,"menu_order":206,"comment_status":"closed","ping_status":"closed","template":"","meta":[],"acf":[],"yoast_head":"<!-- This site is optimized with the Yoast SEO plugin v17.0 - https:\/\/yoast.com\/wordpress\/plugins\/seo\/ -->\n<meta name=\"robots\" content=\"index, follow, max-snippet:-1, max-image-preview:large, max-video-preview:-1\" \/>\n<link rel=\"canonical\" href=\"https:\/\/www.ntf.uni-lj.si\/ntf\/studij\/moodle-ucilnice\/\" \/>\n<meta property=\"og:locale\" content=\"en_US\" \/>\n<meta property=\"og:type\" content=\"article\" \/>\n<meta property=\"og:title\" content=\"Moodle u\u010dilnice - NTF\" \/>\n<meta property=\"og:description\" content=\"U\u010dilnice za leto\u0161nje leto 2025\/26 so na znanem naslovu https:\/\/ucilnica-ntf.uni-lj.si\/ &nbsp; Vse u\u010dilnice, ki niso del VIS-a se nahajajo v zavihku Razno Prosimo izvajalce, da pregledajo svoje u\u010dilnice in na helpdesk-moodle@ntf.uni-lj.si javijo potencialne napake ali manjkajo\u010de vsebine. Datoteke, ki jih ne potrebujete v tem \u0161olskem letu enostavno izbri\u0161ete iz u\u010dilnice. &nbsp; V u\u010dilnicah so vsi ... Read more\" \/>\n<meta property=\"og:url\" content=\"https:\/\/www.ntf.uni-lj.si\/ntf\/studij\/moodle-ucilnice\/\" \/>\n<meta property=\"og:site_name\" content=\"NTF\" \/>\n<meta property=\"article:modified_time\" content=\"2025-09-29T10:16:40+00:00\" \/>\n<meta name=\"twitter:label1\" content=\"Est. reading time\" \/>\n\t<meta name=\"twitter:data1\" content=\"1 minute\" \/>\n<script type=\"application\/ld+json\" class=\"yoast-schema-graph\">{\"@context\":\"https:\/\/schema.org\",\"@graph\":[{\"@type\":\"WebSite\",\"@id\":\"https:\/\/www.ntf.uni-lj.si\/ntf\/#website\",\"url\":\"https:\/\/www.ntf.uni-lj.si\/ntf\/\",\"name\":\"NTF\",\"description\":\"Naravoslovnotehni\\u0161ka fakulteta\",\"potentialAction\":[{\"@type\":\"SearchAction\",\"target\":{\"@type\":\"EntryPoint\",\"urlTemplate\":\"https:\/\/www.ntf.uni-lj.si\/ntf\/?s={search_term_string}\"},\"query-input\":\"required name=search_term_string\"}],\"inLanguage\":\"en-US\"},{\"@type\":\"WebPage\",\"@id\":\"https:\/\/www.ntf.uni-lj.si\/ntf\/studij\/moodle-ucilnice\/#webpage\",\"url\":\"https:\/\/www.ntf.uni-lj.si\/ntf\/studij\/moodle-ucilnice\/\",\"name\":\"Moodle u\\u010dilnice - NTF\",\"isPartOf\":{\"@id\":\"https:\/\/www.ntf.uni-lj.si\/ntf\/#website\"},\"datePublished\":\"2021-02-18T11:12:13+00:00\",\"dateModified\":\"2025-09-29T10:16:40+00:00\",\"breadcrumb\":{\"@id\":\"https:\/\/www.ntf.uni-lj.si\/ntf\/studij\/moodle-ucilnice\/#breadcrumb\"},\"inLanguage\":\"en-US\",\"potentialAction\":[{\"@type\":\"ReadAction\",\"target\":[\"https:\/\/www.ntf.uni-lj.si\/ntf\/studij\/moodle-ucilnice\/\"]}]},{\"@type\":\"BreadcrumbList\",\"@id\":\"https:\/\/www.ntf.uni-lj.si\/ntf\/studij\/moodle-ucilnice\/#breadcrumb\",\"itemListElement\":[{\"@type\":\"ListItem\",\"position\":1,\"name\":\"Domov\",\"item\":\"https:\/\/www.ntf.uni-lj.si\/ntf\/\"},{\"@type\":\"ListItem\",\"position\":2,\"name\":\"\\u0160tudij\",\"item\":\"https:\/\/www.ntf.uni-lj.si\/ntf\/studij\/\"},{\"@type\":\"ListItem\",\"position\":3,\"name\":\"Moodle u\\u010dilnice\"}]}]}<\/script>\n<!-- \/ Yoast SEO plugin. -->","yoast_head_json":{"robots":{"index":"index","follow":"follow","max-snippet":"max-snippet:-1","max-image-preview":"max-image-preview:large","max-video-preview":"max-video-preview:-1"},"canonical":"https:\/\/www.ntf.uni-lj.si\/ntf\/studij\/moodle-ucilnice\/","og_locale":"en_US","og_type":"article","og_title":"Moodle u\u010dilnice - NTF","og_description":"U\u010dilnice za leto\u0161nje leto 2025\/26 so na znanem naslovu https:\/\/ucilnica-ntf.uni-lj.si\/ &nbsp; Vse u\u010dilnice, ki niso del VIS-a se nahajajo v zavihku Razno Prosimo izvajalce, da pregledajo svoje u\u010dilnice in na helpdesk-moodle@ntf.uni-lj.si javijo potencialne napake ali manjkajo\u010de vsebine. Datoteke, ki jih ne potrebujete v tem \u0161olskem letu enostavno izbri\u0161ete iz u\u010dilnice. &nbsp; V u\u010dilnicah so vsi ... Read more","og_url":"https:\/\/www.ntf.uni-lj.si\/ntf\/studij\/moodle-ucilnice\/","og_site_name":"NTF","article_modified_time":"2025-09-29T10:16:40+00:00","twitter_misc":{"Est. reading time":"1 minute"},"schema":{"@context":"https:\/\/schema.org","@graph":[{"@type":"WebSite","@id":"https:\/\/www.ntf.uni-lj.si\/ntf\/#website","url":"https:\/\/www.ntf.uni-lj.si\/ntf\/","name":"NTF","description":"Naravoslovnotehni\u0161ka fakulteta","potentialAction":[{"@type":"SearchAction","target":{"@type":"EntryPoint","urlTemplate":"https:\/\/www.ntf.uni-lj.si\/ntf\/?s={search_term_string}"},"query-input":"required name=search_term_string"}],"inLanguage":"en-US"},{"@type":"WebPage","@id":"https:\/\/www.ntf.uni-lj.si\/ntf\/studij\/moodle-ucilnice\/#webpage","url":"https:\/\/www.ntf.uni-lj.si\/ntf\/studij\/moodle-ucilnice\/","name":"Moodle u\u010dilnice - NTF","isPartOf":{"@id":"https:\/\/www.ntf.uni-lj.si\/ntf\/#website"},"datePublished":"2021-02-18T11:12:13+00:00","dateModified":"2025-09-29T10:16:40+00:00","breadcrumb":{"@id":"https:\/\/www.ntf.uni-lj.si\/ntf\/studij\/moodle-ucilnice\/#breadcrumb"},"inLanguage":"en-US","potentialAction":[{"@type":"ReadAction","target":["https:\/\/www.ntf.uni-lj.si\/ntf\/studij\/moodle-ucilnice\/"]}]},{"@type":"BreadcrumbList","@id":"https:\/\/www.ntf.uni-lj.si\/ntf\/studij\/moodle-ucilnice\/#breadcrumb","itemListElement":[{"@type":"ListItem","position":1,"name":"Domov","item":"https:\/\/www.ntf.uni-lj.si\/ntf\/"},{"@type":"ListItem","position":2,"name":"\u0160tudij","item":"https:\/\/www.ntf.uni-lj.si\/ntf\/studij\/"},{"@type":"ListItem","position":3,"name":"Moodle u\u010dilnice"}]}]}},"_links":{"self":[{"href":"https:\/\/www.ntf.uni-lj.si\/ntf\/wp-json\/wp\/v2\/pages\/17485"}],"collection":[{"href":"https:\/\/www.ntf.uni-lj.si\/ntf\/wp-json\/wp\/v2\/pages"}],"about":[{"href":"https:\/\/www.ntf.uni-lj.si\/ntf\/wp-json\/wp\/v2\/types\/page"}],"author":[{"embeddable":true,"href":"https:\/\/www.ntf.uni-lj.si\/ntf\/wp-json\/wp\/v2\/users\/37"}],"replies":[{"embeddable":true,"href":"https:\/\/www.ntf.uni-lj.si\/ntf\/wp-json\/wp\/v2\/comments?post=17485"}],"version-history":[{"count":24,"href":"https:\/\/www.ntf.uni-lj.si\/ntf\/wp-json\/wp\/v2\/pages\/17485\/revisions"}],"predecessor-version":[{"id":31132,"href":"https:\/\/www.ntf.uni-lj.si\/ntf\/wp-json\/wp\/v2\/pages\/17485\/revisions\/31132"}],"up":[{"embeddable":true,"href":"https:\/\/www.ntf.uni-lj.si\/ntf\/wp-json\/wp\/v2\/pages\/2224"}],"wp:attachment":[{"href":"https:\/\/www.ntf.uni-lj.si\/ntf\/wp-json\/wp\/v2\/media?parent=17485"}],"curies":[{"name":"wp","href":"https:\/\/api.w.org\/{rel}","templated":true}]}}