{"id":19120,"date":"2021-09-22T15:24:31","date_gmt":"2021-09-22T13:24:31","guid":{"rendered":"https:\/\/www.ntf.uni-lj.si\/ntf\/?page_id=19120"},"modified":"2022-04-13T13:23:00","modified_gmt":"2022-04-13T11:23:00","slug":"zaupna-oseba","status":"publish","type":"page","link":"https:\/\/www.ntf.uni-lj.si\/ntf\/zaupna-oseba\/","title":{"rendered":"Zaupna oseba"},"content":{"rendered":"<p>Univerza v Ljubljani \u017eeli ustvarjati okolje, v katerem je zagotovljeno spo\u0161tovanje dostojanstva vseh oseb. V ta namen je na \u010dlanicah vzpostavila mre\u017eo zaupnih oseb za varovanje dostojanstva, na katere se lahko obrnejo \u0161tudenti in zaposleni v primeru nasilja, spolnega in drugega nadlegovanja ter trpin\u010denja. Osnovne naloge zaupne osebe so zagotoviti pomo\u010d in podporo \u017ertvi, zlasti pa varen prostor za pogovor, seznanitev \u017ertve z njenimi pravicami, jo informirati o mo\u017enostih in postopkih, ji svetovati in pomagati pri nadaljnjih korakih.<\/p>\n<p>Na Naravoslovnotehni\u0161ki fakulteti Univerze v Ljubljani imamo ni\u010delno toleranco do vsakr\u0161nega trpin\u010denja, nadlegovanja, spolnega nadlegovanja ali drugih oblik nasilja. Zavezujemo se, da bomo na fakulteti dejavno zagotavljali prostor medsebojnega spo\u0161tovanja, varovanja dostojanstva, medsebojnega zaupanja in sprejemanja raznolikosti.<\/p>\n<p>Vsem, ki so \u017ertve kakr\u0161nega koli nasilja, zagotavljamo varen prostor in za\u0161\u010dito ter dosledno izpeljavo vseh za to predvidenih postopkov v skladu s pravilnikom.<\/p>\n<p>Ob tem posebej poudarjamo, da je za nasilje vedno odgovoren povzro\u010ditelj oziroma povzro\u010diteljica in ne \u017ertev.<\/p>\n<p>Ve\u010d o prepoznavanju in prepre\u010devanju nasilja v akademskem okolju je dostopno <a href=\"https:\/\/www.uni-lj.si\/o_univerzi_v_ljubljani\/varovanje_dostojanstva\/\">na strani UL<\/a>.<\/p>\n<h4><strong>Zaupna oseba na fakulteti<\/strong><\/h4>\n<ul>\n<li>doc. dr. Sabina Bra\u010dko<br \/>\n<a href=\"mailto:sabina.bracko@ntf.uni-lj.si\">sabina.bracko@ntf.uni-lj.si<\/a><br \/>\n01\/20 03 238<\/li>\n<li>doc. dr. Tomislav Popit<br \/>\n<a class=\"wp-dark-mode-ignore\" href=\"mailto:tomi.popit@ntf.uni-lj.si\">tomi.popit@ntf.uni-lj.si<\/a><br \/>\n01\/47 04 601<\/li>\n<\/ul>\n<p>&nbsp;<\/p>\n<p>&nbsp;<\/p>\n","protected":false},"excerpt":{"rendered":"Univerza v Ljubljani \u017eeli ustvarjati okolje, v katerem je zagotovljeno spo\u0161tovanje dostojanstva vseh oseb. V ta namen je na \u010dlanicah vzpostavila mre\u017eo zaupnih oseb za varovanje dostojanstva, na katere se lahko obrnejo \u0161tudenti in zaposleni v primeru nasilja, spolnega in drugega nadlegovanja ter trpin\u010denja. Osnovne naloge zaupne osebe so zagotoviti pomo\u010d in podporo \u017ertvi, zlasti &#8230; <a class=\"view-article\" href=\"https:\/\/www.ntf.uni-lj.si\/ntf\/zaupna-oseba\/\">Read more<\/a>","protected":false},"author":221,"featured_media":0,"parent":0,"menu_order":476,"comment_status":"closed","ping_status":"closed","template":"","meta":[],"acf":[],"yoast_head":"<!-- This site is optimized with the Yoast SEO plugin v17.0 - https:\/\/yoast.com\/wordpress\/plugins\/seo\/ -->\n<meta name=\"robots\" content=\"index, follow, max-snippet:-1, max-image-preview:large, max-video-preview:-1\" \/>\n<link rel=\"canonical\" href=\"https:\/\/www.ntf.uni-lj.si\/ntf\/zaupna-oseba\/\" \/>\n<meta property=\"og:locale\" content=\"en_US\" \/>\n<meta property=\"og:type\" content=\"article\" \/>\n<meta property=\"og:title\" content=\"Zaupna oseba - NTF\" \/>\n<meta property=\"og:description\" content=\"Univerza v Ljubljani \u017eeli ustvarjati okolje, v katerem je zagotovljeno spo\u0161tovanje dostojanstva vseh oseb. V ta namen je na \u010dlanicah vzpostavila mre\u017eo zaupnih oseb za varovanje dostojanstva, na katere se lahko obrnejo \u0161tudenti in zaposleni v primeru nasilja, spolnega in drugega nadlegovanja ter trpin\u010denja. Osnovne naloge zaupne osebe so zagotoviti pomo\u010d in podporo \u017ertvi, zlasti ... Read more\" \/>\n<meta property=\"og:url\" content=\"https:\/\/www.ntf.uni-lj.si\/ntf\/zaupna-oseba\/\" \/>\n<meta property=\"og:site_name\" content=\"NTF\" \/>\n<meta property=\"article:modified_time\" content=\"2022-04-13T11:23:00+00:00\" \/>\n<meta name=\"twitter:label1\" content=\"Est. reading time\" \/>\n\t<meta name=\"twitter:data1\" content=\"1 minute\" \/>\n<script type=\"application\/ld+json\" class=\"yoast-schema-graph\">{\"@context\":\"https:\/\/schema.org\",\"@graph\":[{\"@type\":\"WebSite\",\"@id\":\"https:\/\/www.ntf.uni-lj.si\/ntf\/#website\",\"url\":\"https:\/\/www.ntf.uni-lj.si\/ntf\/\",\"name\":\"NTF\",\"description\":\"Naravoslovnotehni\\u0161ka fakulteta\",\"potentialAction\":[{\"@type\":\"SearchAction\",\"target\":{\"@type\":\"EntryPoint\",\"urlTemplate\":\"https:\/\/www.ntf.uni-lj.si\/ntf\/?s={search_term_string}\"},\"query-input\":\"required name=search_term_string\"}],\"inLanguage\":\"en-US\"},{\"@type\":\"WebPage\",\"@id\":\"https:\/\/www.ntf.uni-lj.si\/ntf\/zaupna-oseba\/#webpage\",\"url\":\"https:\/\/www.ntf.uni-lj.si\/ntf\/zaupna-oseba\/\",\"name\":\"Zaupna oseba - NTF\",\"isPartOf\":{\"@id\":\"https:\/\/www.ntf.uni-lj.si\/ntf\/#website\"},\"datePublished\":\"2021-09-22T13:24:31+00:00\",\"dateModified\":\"2022-04-13T11:23:00+00:00\",\"breadcrumb\":{\"@id\":\"https:\/\/www.ntf.uni-lj.si\/ntf\/zaupna-oseba\/#breadcrumb\"},\"inLanguage\":\"en-US\",\"potentialAction\":[{\"@type\":\"ReadAction\",\"target\":[\"https:\/\/www.ntf.uni-lj.si\/ntf\/zaupna-oseba\/\"]}]},{\"@type\":\"BreadcrumbList\",\"@id\":\"https:\/\/www.ntf.uni-lj.si\/ntf\/zaupna-oseba\/#breadcrumb\",\"itemListElement\":[{\"@type\":\"ListItem\",\"position\":1,\"name\":\"Domov\",\"item\":\"https:\/\/www.ntf.uni-lj.si\/ntf\/\"},{\"@type\":\"ListItem\",\"position\":2,\"name\":\"Zaupna oseba\"}]}]}<\/script>\n<!-- \/ Yoast SEO plugin. -->","yoast_head_json":{"robots":{"index":"index","follow":"follow","max-snippet":"max-snippet:-1","max-image-preview":"max-image-preview:large","max-video-preview":"max-video-preview:-1"},"canonical":"https:\/\/www.ntf.uni-lj.si\/ntf\/zaupna-oseba\/","og_locale":"en_US","og_type":"article","og_title":"Zaupna oseba - NTF","og_description":"Univerza v Ljubljani \u017eeli ustvarjati okolje, v katerem je zagotovljeno spo\u0161tovanje dostojanstva vseh oseb. V ta namen je na \u010dlanicah vzpostavila mre\u017eo zaupnih oseb za varovanje dostojanstva, na katere se lahko obrnejo \u0161tudenti in zaposleni v primeru nasilja, spolnega in drugega nadlegovanja ter trpin\u010denja. Osnovne naloge zaupne osebe so zagotoviti pomo\u010d in podporo \u017ertvi, zlasti ... Read more","og_url":"https:\/\/www.ntf.uni-lj.si\/ntf\/zaupna-oseba\/","og_site_name":"NTF","article_modified_time":"2022-04-13T11:23:00+00:00","twitter_misc":{"Est. reading time":"1 minute"},"schema":{"@context":"https:\/\/schema.org","@graph":[{"@type":"WebSite","@id":"https:\/\/www.ntf.uni-lj.si\/ntf\/#website","url":"https:\/\/www.ntf.uni-lj.si\/ntf\/","name":"NTF","description":"Naravoslovnotehni\u0161ka fakulteta","potentialAction":[{"@type":"SearchAction","target":{"@type":"EntryPoint","urlTemplate":"https:\/\/www.ntf.uni-lj.si\/ntf\/?s={search_term_string}"},"query-input":"required name=search_term_string"}],"inLanguage":"en-US"},{"@type":"WebPage","@id":"https:\/\/www.ntf.uni-lj.si\/ntf\/zaupna-oseba\/#webpage","url":"https:\/\/www.ntf.uni-lj.si\/ntf\/zaupna-oseba\/","name":"Zaupna oseba - NTF","isPartOf":{"@id":"https:\/\/www.ntf.uni-lj.si\/ntf\/#website"},"datePublished":"2021-09-22T13:24:31+00:00","dateModified":"2022-04-13T11:23:00+00:00","breadcrumb":{"@id":"https:\/\/www.ntf.uni-lj.si\/ntf\/zaupna-oseba\/#breadcrumb"},"inLanguage":"en-US","potentialAction":[{"@type":"ReadAction","target":["https:\/\/www.ntf.uni-lj.si\/ntf\/zaupna-oseba\/"]}]},{"@type":"BreadcrumbList","@id":"https:\/\/www.ntf.uni-lj.si\/ntf\/zaupna-oseba\/#breadcrumb","itemListElement":[{"@type":"ListItem","position":1,"name":"Domov","item":"https:\/\/www.ntf.uni-lj.si\/ntf\/"},{"@type":"ListItem","position":2,"name":"Zaupna oseba"}]}]}},"_links":{"self":[{"href":"https:\/\/www.ntf.uni-lj.si\/ntf\/wp-json\/wp\/v2\/pages\/19120"}],"collection":[{"href":"https:\/\/www.ntf.uni-lj.si\/ntf\/wp-json\/wp\/v2\/pages"}],"about":[{"href":"https:\/\/www.ntf.uni-lj.si\/ntf\/wp-json\/wp\/v2\/types\/page"}],"author":[{"embeddable":true,"href":"https:\/\/www.ntf.uni-lj.si\/ntf\/wp-json\/wp\/v2\/users\/221"}],"replies":[{"embeddable":true,"href":"https:\/\/www.ntf.uni-lj.si\/ntf\/wp-json\/wp\/v2\/comments?post=19120"}],"version-history":[{"count":7,"href":"https:\/\/www.ntf.uni-lj.si\/ntf\/wp-json\/wp\/v2\/pages\/19120\/revisions"}],"predecessor-version":[{"id":21123,"href":"https:\/\/www.ntf.uni-lj.si\/ntf\/wp-json\/wp\/v2\/pages\/19120\/revisions\/21123"}],"wp:attachment":[{"href":"https:\/\/www.ntf.uni-lj.si\/ntf\/wp-json\/wp\/v2\/media?parent=19120"}],"curies":[{"name":"wp","href":"https:\/\/api.w.org\/{rel}","templated":true}]}}