{"id":2078,"date":"2015-05-20T14:41:08","date_gmt":"2015-05-20T13:41:08","guid":{"rendered":"http:\/\/www.ntf.uni-lj.si\/ntf\/?page_id=2078"},"modified":"2016-06-06T07:35:44","modified_gmt":"2016-06-06T05:35:44","slug":"pkp","status":"publish","type":"page","link":"https:\/\/www.ntf.uni-lj.si\/ntf\/studij\/projekti\/pkp\/","title":{"rendered":"PKP"},"content":{"rendered":"<p><span style=\"color: #ff0000\"><strong>PROJEKT PO KREATIVNI POTI DO PRAKTI\u010cNEGA ZNANJA<\/strong><\/span><\/p>\n<p>Razpis za projekte Po kreativni poti do prakti\u010dnega znanja \u0161e ni objavljen.<\/p>\n<p>Posredujemo vam informacije glede razpisa Po kreativni poti do prakti\u010dnega znanja, ki smo jih prejeli iz Univerze.<\/p>\n<p>Kot \u010dlanica lahko prijavimo 7 projektov, zato bo na UL poslano 7 projektov po kriteriju: po ena vloga na oddelek, za OTGO po ena vloga na katedro, eno prijavo izbere \u0160K.<\/p>\n<p>\u017dal \u0161e ne vemo kdaj to\u010dno bo objavljen razpis (Univerza predvideva, da\u00a0po 15.7.2016), prijave bo Univerza predvidoma oddajala v septembru, ker pa letos Univerza nima rezerviranih sredstev (kot je to bila praksa do sedaj) ampak tekmujemo s celotno Slovenijo, \u017eeli UL prijaviti \u010dim bolj\u0161e projekte.\u00a0Le tako\u00a0bomo lahko zajeli \u010dim ve\u010dji del sredstev.<\/p>\n<p>Ravno zaradi tega razloga je potrebno oddati prijavo do 30.6.2016 na UL, da bo Projektna pisarna UL\u00a0do 7.7.2016 pripravila skupni nabor projektov in pregled prostih mest na \u010dlanicah UL, s ciljem uskladiti prosta mesta s potrebami drugih \u010dlanic.<\/p>\n<p>Ker bo en projekt izbrala \u0161tudijska komisija (seja \u0160K NTF je 9.6.2016 in 30.6.2016) je potrebno <strong>PRIJAVE (NTF)\u00a0ODDATI <\/strong><strong>DO 23.6.2016<\/strong>\u00a0 na <a href=\"mailto:nina.prunk@ntf.uni-lj.si\">e-naslov:<\/a><strong><a href=\"mailto:nina.prunk@ntf.uni-lj.si\"> nina.prunk@ntf.uni-lj.si<\/a><\/strong>.<\/p>\n<p>V prilogi po\u0161iljamo predstavitev projekta in prijavni obrazec (v obrazcu so dopisani komentarji \/ opombe, ki so bili podani na sestanku PKP). Za vso pomo\u010d se obrnite na <a href=\"mailto:nina.prunk@ntf.uni-lj.si\">nina.prunk@ntf.uni-lj.si<\/a> (na telefon\u00a0je dosegljiva v referatu na 01\/4704-607 (referat MONT)\u00a0ali 01\/2003-210 (referat OTGO), odvisno kateri dan jo boste klicali).<\/p>\n<p>&nbsp;<\/p>\n<p>&nbsp;<\/p>\n<p><strong>DODATNE INFORMACIJE:<\/strong><\/p>\n<p>UL nam je danes posredovala \u0161e dodatne informacije glede razpisa, in sicer:<\/p>\n<p>&#8211; \u00a0 predvideva se vklju\u010ditev <strong>6-8 \u0161tudentov<\/strong> (dodiplomskega ali podiplomskega \u0161tudija) na projekt<\/p>\n<p>&#8211; \u00a0 napovedano je tudi, da bosta lahko <strong>malo podjetje \u00a0in drugi partner<\/strong> (organizacija z gospodarskega ali dru\u017ebenega podro\u010dja) <strong>sodelovala le pri enem projektu. \u00a0<\/strong>\u00a0\u00a0\u00a0 <strong>Malo podjetje<\/strong> (kar vklju\u010duje tudi s.p.) <strong>je podjetje, <\/strong>ki ima manj kot 50 zaposlenih in manj kot 10 mio \u20ac letnega prometa. \u00a0\u00a0\u00a0\u00a0 Ve\u010dja podjetja (srednja oz. velika) pa bodo lahko sodelovala pri najve\u010d 3 projektih.<\/p>\n<p>&nbsp;<\/p>\n<p>&nbsp;<\/p>\n<p><em>Projekt delno financira Evropska unija, in sicer iz Evropskega socialnega sklada. Projekt se izvaja v okviru Operativnega programa razvoja \u010dlove\u0161kih virov za obdobje 2007\u20132013, 1. razvojne prioritete \u00bbSpodbujanje podjetni\u0161tva in prilagodljivosti ter prednostne usmeritve\u00ab 1.3. \u00bb\u0160tipendijske sheme\u00ab, v okviru potrjene operacije \u00bbPo kreativni poti do prakti\u010dnega znana\u00ab.<\/em><\/p>\n<div class=\"col-sm-6 no-padding \u201dno-padding\u201d\">\n<p><a href=\"http:\/\/www.ntf.uni-lj.si\/ntf\/wp-content\/uploads\/sites\/2\/2015\/05\/Logotip-PKP-Ministrstvo-e1436347884857.jpg\"><img loading=\"lazy\" width=\"300\" height=\"49\" class=\" size-medium wp-image-3671 aligncenter\" src=\"http:\/\/www.ntf.uni-lj.si\/ntf\/wp-content\/uploads\/sites\/2\/2015\/05\/Logotip-PKP-Ministrstvo-300x49.jpg\" alt=\"Logotip-PKP Ministrstvo\" \/><\/a><\/p>\n<\/div>\n<div class=\"col-sm-6 no-padding \u201dno-padding\u201d\">\n<p><a href=\"http:\/\/www.ntf.uni-lj.si\/ntf\/wp-content\/uploads\/sites\/2\/2015\/05\/Logotip-PKP-Sklad-e1436347947705.png\"><img loading=\"lazy\" width=\"180\" height=\"65\" class=\" size-full wp-image-3673 aligncenter\" src=\"http:\/\/www.ntf.uni-lj.si\/ntf\/wp-content\/uploads\/sites\/2\/2015\/05\/Logotip-PKP-Sklad-e1436347947705.png\" alt=\"Logotip-PKP Sklad\" \/><\/a><\/p>\n<\/div>\n<div class=\"col-sm-6 no-padding \u201dno-padding\u201d\">\n<p style=\"text-align: center\"><a href=\"http:\/\/www.ntf.uni-lj.si\/ntf\/wp-content\/uploads\/sites\/2\/2015\/05\/Logotip-PKP-Prihodnost.jpg\"><img loading=\"lazy\" width=\"205\" height=\"57\" class=\"alignnone size-full wp-image-3679\" src=\"http:\/\/www.ntf.uni-lj.si\/ntf\/wp-content\/uploads\/sites\/2\/2015\/05\/Logotip-PKP-Prihodnost.jpg\" alt=\"Logotip-PKP Prihodnost\" \/><\/a><\/p>\n<\/div>\n","protected":false},"excerpt":{"rendered":"PROJEKT PO KREATIVNI POTI DO PRAKTI\u010cNEGA ZNANJA Razpis za projekte Po kreativni poti do prakti\u010dnega znanja \u0161e ni objavljen. Posredujemo vam informacije glede razpisa Po kreativni poti do prakti\u010dnega znanja, ki smo jih prejeli iz Univerze. Kot \u010dlanica lahko prijavimo 7 projektov, zato bo na UL poslano 7 projektov po kriteriju: po ena vloga na &#8230; <a class=\"view-article\" href=\"https:\/\/www.ntf.uni-lj.si\/ntf\/studij\/projekti\/pkp\/\">Read more<\/a>","protected":false},"author":15,"featured_media":0,"parent":2071,"menu_order":277,"comment_status":"closed","ping_status":"closed","template":"","meta":[],"acf":[],"yoast_head":"<!-- This site is optimized with the Yoast SEO plugin v17.0 - https:\/\/yoast.com\/wordpress\/plugins\/seo\/ -->\n<meta name=\"robots\" content=\"index, follow, max-snippet:-1, max-image-preview:large, max-video-preview:-1\" \/>\n<link rel=\"canonical\" href=\"https:\/\/www.ntf.uni-lj.si\/ntf\/studij\/projekti\/pkp\/\" \/>\n<meta property=\"og:locale\" content=\"en_US\" \/>\n<meta property=\"og:type\" content=\"article\" \/>\n<meta property=\"og:title\" content=\"PKP - NTF\" \/>\n<meta property=\"og:description\" content=\"PROJEKT PO KREATIVNI POTI DO PRAKTI\u010cNEGA ZNANJA Razpis za projekte Po kreativni poti do prakti\u010dnega znanja \u0161e ni objavljen. Posredujemo vam informacije glede razpisa Po kreativni poti do prakti\u010dnega znanja, ki smo jih prejeli iz Univerze. Kot \u010dlanica lahko prijavimo 7 projektov, zato bo na UL poslano 7 projektov po kriteriju: po ena vloga na ... Read more\" \/>\n<meta property=\"og:url\" content=\"https:\/\/www.ntf.uni-lj.si\/ntf\/studij\/projekti\/pkp\/\" \/>\n<meta property=\"og:site_name\" content=\"NTF\" \/>\n<meta property=\"article:modified_time\" content=\"2016-06-06T05:35:44+00:00\" \/>\n<meta property=\"og:image\" content=\"http:\/\/www.ntf.uni-lj.si\/ntf\/wp-content\/uploads\/sites\/2\/2015\/05\/Logotip-PKP-Ministrstvo-300x49.jpg\" \/>\n<meta name=\"twitter:label1\" content=\"Est. reading time\" \/>\n\t<meta name=\"twitter:data1\" content=\"2 minutes\" \/>\n<script type=\"application\/ld+json\" class=\"yoast-schema-graph\">{\"@context\":\"https:\/\/schema.org\",\"@graph\":[{\"@type\":\"WebSite\",\"@id\":\"https:\/\/www.ntf.uni-lj.si\/ntf\/#website\",\"url\":\"https:\/\/www.ntf.uni-lj.si\/ntf\/\",\"name\":\"NTF\",\"description\":\"Naravoslovnotehni\\u0161ka fakulteta\",\"potentialAction\":[{\"@type\":\"SearchAction\",\"target\":{\"@type\":\"EntryPoint\",\"urlTemplate\":\"https:\/\/www.ntf.uni-lj.si\/ntf\/?s={search_term_string}\"},\"query-input\":\"required name=search_term_string\"}],\"inLanguage\":\"en-US\"},{\"@type\":\"ImageObject\",\"@id\":\"https:\/\/www.ntf.uni-lj.si\/ntf\/studij\/projekti\/pkp\/#primaryimage\",\"inLanguage\":\"en-US\",\"url\":\"http:\/\/www.ntf.uni-lj.si\/ntf\/wp-content\/uploads\/sites\/2\/2015\/05\/Logotip-PKP-Ministrstvo-300x49.jpg\",\"contentUrl\":\"http:\/\/www.ntf.uni-lj.si\/ntf\/wp-content\/uploads\/sites\/2\/2015\/05\/Logotip-PKP-Ministrstvo-300x49.jpg\"},{\"@type\":\"WebPage\",\"@id\":\"https:\/\/www.ntf.uni-lj.si\/ntf\/studij\/projekti\/pkp\/#webpage\",\"url\":\"https:\/\/www.ntf.uni-lj.si\/ntf\/studij\/projekti\/pkp\/\",\"name\":\"PKP - NTF\",\"isPartOf\":{\"@id\":\"https:\/\/www.ntf.uni-lj.si\/ntf\/#website\"},\"primaryImageOfPage\":{\"@id\":\"https:\/\/www.ntf.uni-lj.si\/ntf\/studij\/projekti\/pkp\/#primaryimage\"},\"datePublished\":\"2015-05-20T13:41:08+00:00\",\"dateModified\":\"2016-06-06T05:35:44+00:00\",\"breadcrumb\":{\"@id\":\"https:\/\/www.ntf.uni-lj.si\/ntf\/studij\/projekti\/pkp\/#breadcrumb\"},\"inLanguage\":\"en-US\",\"potentialAction\":[{\"@type\":\"ReadAction\",\"target\":[\"https:\/\/www.ntf.uni-lj.si\/ntf\/studij\/projekti\/pkp\/\"]}]},{\"@type\":\"BreadcrumbList\",\"@id\":\"https:\/\/www.ntf.uni-lj.si\/ntf\/studij\/projekti\/pkp\/#breadcrumb\",\"itemListElement\":[{\"@type\":\"ListItem\",\"position\":1,\"name\":\"Domov\",\"item\":\"https:\/\/www.ntf.uni-lj.si\/ntf\/\"},{\"@type\":\"ListItem\",\"position\":2,\"name\":\"\\u0160tudij\",\"item\":\"https:\/\/www.ntf.uni-lj.si\/ntf\/studij\/\"},{\"@type\":\"ListItem\",\"position\":3,\"name\":\"Projekti\",\"item\":\"https:\/\/www.ntf.uni-lj.si\/ntf\/studij\/projekti\/\"},{\"@type\":\"ListItem\",\"position\":4,\"name\":\"PKP\"}]}]}<\/script>\n<!-- \/ Yoast SEO plugin. -->","yoast_head_json":{"robots":{"index":"index","follow":"follow","max-snippet":"max-snippet:-1","max-image-preview":"max-image-preview:large","max-video-preview":"max-video-preview:-1"},"canonical":"https:\/\/www.ntf.uni-lj.si\/ntf\/studij\/projekti\/pkp\/","og_locale":"en_US","og_type":"article","og_title":"PKP - NTF","og_description":"PROJEKT PO KREATIVNI POTI DO PRAKTI\u010cNEGA ZNANJA Razpis za projekte Po kreativni poti do prakti\u010dnega znanja \u0161e ni objavljen. Posredujemo vam informacije glede razpisa Po kreativni poti do prakti\u010dnega znanja, ki smo jih prejeli iz Univerze. Kot \u010dlanica lahko prijavimo 7 projektov, zato bo na UL poslano 7 projektov po kriteriju: po ena vloga na ... Read more","og_url":"https:\/\/www.ntf.uni-lj.si\/ntf\/studij\/projekti\/pkp\/","og_site_name":"NTF","article_modified_time":"2016-06-06T05:35:44+00:00","og_image":[{"url":"http:\/\/www.ntf.uni-lj.si\/ntf\/wp-content\/uploads\/sites\/2\/2015\/05\/Logotip-PKP-Ministrstvo-300x49.jpg"}],"twitter_misc":{"Est. reading time":"2 minutes"},"schema":{"@context":"https:\/\/schema.org","@graph":[{"@type":"WebSite","@id":"https:\/\/www.ntf.uni-lj.si\/ntf\/#website","url":"https:\/\/www.ntf.uni-lj.si\/ntf\/","name":"NTF","description":"Naravoslovnotehni\u0161ka fakulteta","potentialAction":[{"@type":"SearchAction","target":{"@type":"EntryPoint","urlTemplate":"https:\/\/www.ntf.uni-lj.si\/ntf\/?s={search_term_string}"},"query-input":"required name=search_term_string"}],"inLanguage":"en-US"},{"@type":"ImageObject","@id":"https:\/\/www.ntf.uni-lj.si\/ntf\/studij\/projekti\/pkp\/#primaryimage","inLanguage":"en-US","url":"http:\/\/www.ntf.uni-lj.si\/ntf\/wp-content\/uploads\/sites\/2\/2015\/05\/Logotip-PKP-Ministrstvo-300x49.jpg","contentUrl":"http:\/\/www.ntf.uni-lj.si\/ntf\/wp-content\/uploads\/sites\/2\/2015\/05\/Logotip-PKP-Ministrstvo-300x49.jpg"},{"@type":"WebPage","@id":"https:\/\/www.ntf.uni-lj.si\/ntf\/studij\/projekti\/pkp\/#webpage","url":"https:\/\/www.ntf.uni-lj.si\/ntf\/studij\/projekti\/pkp\/","name":"PKP - NTF","isPartOf":{"@id":"https:\/\/www.ntf.uni-lj.si\/ntf\/#website"},"primaryImageOfPage":{"@id":"https:\/\/www.ntf.uni-lj.si\/ntf\/studij\/projekti\/pkp\/#primaryimage"},"datePublished":"2015-05-20T13:41:08+00:00","dateModified":"2016-06-06T05:35:44+00:00","breadcrumb":{"@id":"https:\/\/www.ntf.uni-lj.si\/ntf\/studij\/projekti\/pkp\/#breadcrumb"},"inLanguage":"en-US","potentialAction":[{"@type":"ReadAction","target":["https:\/\/www.ntf.uni-lj.si\/ntf\/studij\/projekti\/pkp\/"]}]},{"@type":"BreadcrumbList","@id":"https:\/\/www.ntf.uni-lj.si\/ntf\/studij\/projekti\/pkp\/#breadcrumb","itemListElement":[{"@type":"ListItem","position":1,"name":"Domov","item":"https:\/\/www.ntf.uni-lj.si\/ntf\/"},{"@type":"ListItem","position":2,"name":"\u0160tudij","item":"https:\/\/www.ntf.uni-lj.si\/ntf\/studij\/"},{"@type":"ListItem","position":3,"name":"Projekti","item":"https:\/\/www.ntf.uni-lj.si\/ntf\/studij\/projekti\/"},{"@type":"ListItem","position":4,"name":"PKP"}]}]}},"_links":{"self":[{"href":"https:\/\/www.ntf.uni-lj.si\/ntf\/wp-json\/wp\/v2\/pages\/2078"}],"collection":[{"href":"https:\/\/www.ntf.uni-lj.si\/ntf\/wp-json\/wp\/v2\/pages"}],"about":[{"href":"https:\/\/www.ntf.uni-lj.si\/ntf\/wp-json\/wp\/v2\/types\/page"}],"author":[{"embeddable":true,"href":"https:\/\/www.ntf.uni-lj.si\/ntf\/wp-json\/wp\/v2\/users\/15"}],"replies":[{"embeddable":true,"href":"https:\/\/www.ntf.uni-lj.si\/ntf\/wp-json\/wp\/v2\/comments?post=2078"}],"version-history":[{"count":11,"href":"https:\/\/www.ntf.uni-lj.si\/ntf\/wp-json\/wp\/v2\/pages\/2078\/revisions"}],"predecessor-version":[{"id":5983,"href":"https:\/\/www.ntf.uni-lj.si\/ntf\/wp-json\/wp\/v2\/pages\/2078\/revisions\/5983"}],"up":[{"embeddable":true,"href":"https:\/\/www.ntf.uni-lj.si\/ntf\/wp-json\/wp\/v2\/pages\/2071"}],"wp:attachment":[{"href":"https:\/\/www.ntf.uni-lj.si\/ntf\/wp-json\/wp\/v2\/media?parent=2078"}],"curies":[{"name":"wp","href":"https:\/\/api.w.org\/{rel}","templated":true}]}}