{"id":2735,"date":"2015-06-02T14:51:11","date_gmt":"2015-06-02T13:51:11","guid":{"rendered":"http:\/\/www.ntf.uni-lj.si\/ntf\/?page_id=2735"},"modified":"2021-04-30T13:11:08","modified_gmt":"2021-04-30T11:11:08","slug":"avtorji","status":"publish","type":"page","link":"https:\/\/www.ntf.uni-lj.si\/ntf\/avtorji\/","title":{"rendered":"Avtorji"},"content":{"rendered":"<div class=\"col-sm-10 no-padding no-padding\">\n<h2>Zasnova, oblikovanje<br \/>\nin tehni\u010dna izvedba<\/h2>\n<p><strong>Rubikon GRAL, d.o.o<\/strong>.<br \/>\n\u0160martinska cesta 130<br \/>\nSI-1000 Ljubljana<\/p>\n<p>Tel.: 0590 28 790<br \/>\nE-po\u0161ta: <a href=\"mailto:info@digigral.si\">info@rubikongral.si<\/a><br \/>\nSplet: <a href=\"https:\/\/rubikongral.si\/\" target=\"_blank\" rel=\"noopener noreferrer\">www.rubikongral.si<\/a>\n<\/div>\n<div class=\"col-sm-10 no-padding no-padding\">\n<h2>Priprava vsebine, urejanje<br \/>\nin projektno vodenje<\/h2>\n<p><strong>Naravoslovnotehni\u0161ka fakulteta<\/strong><br \/>\nA\u0161ker\u010deva cesta 12<br \/>\nSI-1000 Ljubljana<\/p>\n<p>Tel: 01\/47 04 500<br \/>\nE-po\u0161ta: <a href=\"mailto:info@ntf.uni-lj.si\">info@ntf.uni-lj.si<\/a><br \/>\nSplet: <a href=\"http:\/\/ntf.uni-lj.si\" target=\"_blank\" rel=\"noopener noreferrer\">www.ntf.uni-lj.si<\/a><\/p>\n<p>&nbsp;<\/p>\n<p>Glavna urednika:<br \/>\nJure Ahtik, Matej Fister<\/p>\n<p>Priprava vsebin in urejanje:<br \/>\nJure Ahtik, Lidija \u010cerne, Marija Gorjanc, Matej Fister, Ale\u0161 Hladnik, Nata\u0161a Hrupi\u010d, Bla\u017e Karpe, Karin Ko\u0161ak, Barbara Lavrinc, Mirjam Leskov\u0161ek, Klementina Mo\u017eina, Alenka Pavko \u010cuden, Nina Prunk, Bla\u017e Rat, \u017diga \u0160raml, Majda \u0160trakl, Ines Vidmar, \u017diva Zupin in Jo\u017ee \u017darn.<\/p>\n<p>Zasnova projekta:<br \/>\nBla\u017e Rat, Jure Ahtik<\/p>\n<p>Avtor interaktivnega zemljevida:<br \/>\nPrimo\u017e Weingerl<\/p>\n<p>Avtor fotografij zaposlenih:<br \/>\nLuka Svetic\n<\/p><\/div>\n","protected":false},"excerpt":{"rendered":"","protected":false},"author":15,"featured_media":0,"parent":0,"menu_order":17,"comment_status":"closed","ping_status":"closed","template":"","meta":[],"acf":[],"yoast_head":"<!-- This site is optimized with the Yoast SEO plugin v17.0 - https:\/\/yoast.com\/wordpress\/plugins\/seo\/ -->\n<meta name=\"robots\" content=\"index, follow, max-snippet:-1, max-image-preview:large, max-video-preview:-1\" \/>\n<link rel=\"canonical\" href=\"https:\/\/www.ntf.uni-lj.si\/ntf\/avtorji\/\" \/>\n<meta property=\"og:locale\" content=\"en_US\" \/>\n<meta property=\"og:type\" content=\"article\" \/>\n<meta property=\"og:title\" content=\"Avtorji - NTF\" \/>\n<meta property=\"og:url\" content=\"https:\/\/www.ntf.uni-lj.si\/ntf\/avtorji\/\" \/>\n<meta property=\"og:site_name\" content=\"NTF\" \/>\n<meta property=\"article:modified_time\" content=\"2021-04-30T11:11:08+00:00\" \/>\n<meta name=\"twitter:label1\" content=\"Est. reading time\" \/>\n\t<meta name=\"twitter:data1\" content=\"1 minute\" \/>\n<script type=\"application\/ld+json\" class=\"yoast-schema-graph\">{\"@context\":\"https:\/\/schema.org\",\"@graph\":[{\"@type\":\"WebSite\",\"@id\":\"https:\/\/www.ntf.uni-lj.si\/ntf\/#website\",\"url\":\"https:\/\/www.ntf.uni-lj.si\/ntf\/\",\"name\":\"NTF\",\"description\":\"Naravoslovnotehni\\u0161ka fakulteta\",\"potentialAction\":[{\"@type\":\"SearchAction\",\"target\":{\"@type\":\"EntryPoint\",\"urlTemplate\":\"https:\/\/www.ntf.uni-lj.si\/ntf\/?s={search_term_string}\"},\"query-input\":\"required name=search_term_string\"}],\"inLanguage\":\"en-US\"},{\"@type\":\"WebPage\",\"@id\":\"https:\/\/www.ntf.uni-lj.si\/ntf\/avtorji\/#webpage\",\"url\":\"https:\/\/www.ntf.uni-lj.si\/ntf\/avtorji\/\",\"name\":\"Avtorji - NTF\",\"isPartOf\":{\"@id\":\"https:\/\/www.ntf.uni-lj.si\/ntf\/#website\"},\"datePublished\":\"2015-06-02T13:51:11+00:00\",\"dateModified\":\"2021-04-30T11:11:08+00:00\",\"breadcrumb\":{\"@id\":\"https:\/\/www.ntf.uni-lj.si\/ntf\/avtorji\/#breadcrumb\"},\"inLanguage\":\"en-US\",\"potentialAction\":[{\"@type\":\"ReadAction\",\"target\":[\"https:\/\/www.ntf.uni-lj.si\/ntf\/avtorji\/\"]}]},{\"@type\":\"BreadcrumbList\",\"@id\":\"https:\/\/www.ntf.uni-lj.si\/ntf\/avtorji\/#breadcrumb\",\"itemListElement\":[{\"@type\":\"ListItem\",\"position\":1,\"name\":\"Domov\",\"item\":\"https:\/\/www.ntf.uni-lj.si\/ntf\/\"},{\"@type\":\"ListItem\",\"position\":2,\"name\":\"Avtorji\"}]}]}<\/script>\n<!-- \/ Yoast SEO plugin. -->","yoast_head_json":{"robots":{"index":"index","follow":"follow","max-snippet":"max-snippet:-1","max-image-preview":"max-image-preview:large","max-video-preview":"max-video-preview:-1"},"canonical":"https:\/\/www.ntf.uni-lj.si\/ntf\/avtorji\/","og_locale":"en_US","og_type":"article","og_title":"Avtorji - NTF","og_url":"https:\/\/www.ntf.uni-lj.si\/ntf\/avtorji\/","og_site_name":"NTF","article_modified_time":"2021-04-30T11:11:08+00:00","twitter_misc":{"Est. reading time":"1 minute"},"schema":{"@context":"https:\/\/schema.org","@graph":[{"@type":"WebSite","@id":"https:\/\/www.ntf.uni-lj.si\/ntf\/#website","url":"https:\/\/www.ntf.uni-lj.si\/ntf\/","name":"NTF","description":"Naravoslovnotehni\u0161ka fakulteta","potentialAction":[{"@type":"SearchAction","target":{"@type":"EntryPoint","urlTemplate":"https:\/\/www.ntf.uni-lj.si\/ntf\/?s={search_term_string}"},"query-input":"required name=search_term_string"}],"inLanguage":"en-US"},{"@type":"WebPage","@id":"https:\/\/www.ntf.uni-lj.si\/ntf\/avtorji\/#webpage","url":"https:\/\/www.ntf.uni-lj.si\/ntf\/avtorji\/","name":"Avtorji - NTF","isPartOf":{"@id":"https:\/\/www.ntf.uni-lj.si\/ntf\/#website"},"datePublished":"2015-06-02T13:51:11+00:00","dateModified":"2021-04-30T11:11:08+00:00","breadcrumb":{"@id":"https:\/\/www.ntf.uni-lj.si\/ntf\/avtorji\/#breadcrumb"},"inLanguage":"en-US","potentialAction":[{"@type":"ReadAction","target":["https:\/\/www.ntf.uni-lj.si\/ntf\/avtorji\/"]}]},{"@type":"BreadcrumbList","@id":"https:\/\/www.ntf.uni-lj.si\/ntf\/avtorji\/#breadcrumb","itemListElement":[{"@type":"ListItem","position":1,"name":"Domov","item":"https:\/\/www.ntf.uni-lj.si\/ntf\/"},{"@type":"ListItem","position":2,"name":"Avtorji"}]}]}},"_links":{"self":[{"href":"https:\/\/www.ntf.uni-lj.si\/ntf\/wp-json\/wp\/v2\/pages\/2735"}],"collection":[{"href":"https:\/\/www.ntf.uni-lj.si\/ntf\/wp-json\/wp\/v2\/pages"}],"about":[{"href":"https:\/\/www.ntf.uni-lj.si\/ntf\/wp-json\/wp\/v2\/types\/page"}],"author":[{"embeddable":true,"href":"https:\/\/www.ntf.uni-lj.si\/ntf\/wp-json\/wp\/v2\/users\/15"}],"replies":[{"embeddable":true,"href":"https:\/\/www.ntf.uni-lj.si\/ntf\/wp-json\/wp\/v2\/comments?post=2735"}],"version-history":[{"count":22,"href":"https:\/\/www.ntf.uni-lj.si\/ntf\/wp-json\/wp\/v2\/pages\/2735\/revisions"}],"predecessor-version":[{"id":18061,"href":"https:\/\/www.ntf.uni-lj.si\/ntf\/wp-json\/wp\/v2\/pages\/2735\/revisions\/18061"}],"wp:attachment":[{"href":"https:\/\/www.ntf.uni-lj.si\/ntf\/wp-json\/wp\/v2\/media?parent=2735"}],"curies":[{"name":"wp","href":"https:\/\/api.w.org\/{rel}","templated":true}]}}