{"id":2743,"date":"2015-06-02T15:07:09","date_gmt":"2015-06-02T14:07:09","guid":{"rendered":"http:\/\/www.ntf.uni-lj.si\/ntf\/?page_id=2743"},"modified":"2018-01-08T12:33:11","modified_gmt":"2018-01-08T11:33:11","slug":"authors","status":"publish","type":"page","link":"https:\/\/www.ntf.uni-lj.si\/ntf\/en\/authors\/","title":{"rendered":"Authors"},"content":{"rendered":"<div class=\"col-sm-10 no-padding no-padding\">\n<h2>Concept,\u00a0design<br \/>\nand\u00a0programming<\/h2>\n<p><strong>digiGRAL, d.o.o.<\/strong><br \/>\n\u0160martinska cesta 130<br \/>\nSI-1000 Ljubljana<\/p>\n<p>Tel.: +386 590 28 790<br \/>\nE-mail: <a href=\"mailto:info@digigral.si\">info@digigral.si<\/a><br \/>\nWeb: <a href=\"http:\/\/digigral.si\" target=\"_blank\" rel=\"noopener noreferrer\">www.digiGRAL.si<\/a>\n<\/div>\n<div class=\"col-sm-10 no-padding no-padding\">\n<h2>Content preparation, editing<br \/>\nand project management<\/h2>\n<p><strong>Faculty of Natural Sciences and Engineering<\/strong><br \/>\nA\u0161ker\u010deva cesta 12<br \/>\nSI-1000 Ljubljana<\/p>\n<p>Tel.: +386 1 47 04 500<br \/>\nE-mail: <a href=\"mailto:info@ntf.uni-lj.si\">info@ntf.uni-lj.si<\/a><br \/>\nWeb: <a href=\"http:\/\/ntf.uni-lj.si\" target=\"_blank\" rel=\"noopener noreferrer\">www.ntf.uni-lj.si<\/a><\/p>\n<p>&nbsp;<\/p>\n<p>Editors in chief:<br \/>\nJure Ahtik, Matej Fister<\/p>\n<p>Content preparation and editing:<br \/>\nJure Ahtik, Lidija \u010cerne, Marija Gorjanc, Matej Fister, Ale\u0161 Hladnik, Nata\u0161a Hrupi\u010d, Bla\u017e Karpe, Karin Ko\u0161ak, Barbara Lavrinc, Mirjam Leskov\u0161ek, Klementina Mo\u017eina, Alenka Pavko \u010cuden, Nina Prunk, Bla\u017e Rat, \u017diga \u0160raml, Jasna Teichmeister, Majda \u0160trakl, \u017diva Zupin and Jo\u017ee \u017darn.<\/p>\n<p>Project management:<br \/>\nBla\u017e Rat, Jure Ahtik<\/p>\n<p>Interactive map:<br \/>\nPrimo\u017e Weingerl<\/p>\n<p>Portrait photographer:<br \/>\nLuka Svetic\n<\/p><\/div>\n","protected":false},"excerpt":{"rendered":"","protected":false},"author":15,"featured_media":0,"parent":0,"menu_order":49,"comment_status":"closed","ping_status":"closed","template":"","meta":[],"acf":[],"yoast_head":"<!-- This site is optimized with the Yoast SEO plugin v17.0 - https:\/\/yoast.com\/wordpress\/plugins\/seo\/ -->\n<meta name=\"robots\" content=\"index, follow, max-snippet:-1, max-image-preview:large, max-video-preview:-1\" \/>\n<link rel=\"canonical\" href=\"https:\/\/www.ntf.uni-lj.si\/ntf\/en\/authors\/\" \/>\n<meta property=\"og:locale\" content=\"en_US\" \/>\n<meta property=\"og:type\" content=\"article\" \/>\n<meta property=\"og:title\" content=\"Authors - NTF\" \/>\n<meta property=\"og:url\" content=\"https:\/\/www.ntf.uni-lj.si\/ntf\/en\/authors\/\" \/>\n<meta property=\"og:site_name\" content=\"NTF\" \/>\n<meta property=\"article:modified_time\" content=\"2018-01-08T11:33:11+00:00\" \/>\n<meta name=\"twitter:label1\" content=\"Est. reading time\" \/>\n\t<meta name=\"twitter:data1\" content=\"1 minute\" \/>\n<script type=\"application\/ld+json\" class=\"yoast-schema-graph\">{\"@context\":\"https:\/\/schema.org\",\"@graph\":[{\"@type\":\"WebSite\",\"@id\":\"https:\/\/www.ntf.uni-lj.si\/ntf\/#website\",\"url\":\"https:\/\/www.ntf.uni-lj.si\/ntf\/\",\"name\":\"NTF\",\"description\":\"Naravoslovnotehni\\u0161ka fakulteta\",\"potentialAction\":[{\"@type\":\"SearchAction\",\"target\":{\"@type\":\"EntryPoint\",\"urlTemplate\":\"https:\/\/www.ntf.uni-lj.si\/ntf\/?s={search_term_string}\"},\"query-input\":\"required name=search_term_string\"}],\"inLanguage\":\"en-US\"},{\"@type\":\"WebPage\",\"@id\":\"https:\/\/www.ntf.uni-lj.si\/ntf\/en\/authors\/#webpage\",\"url\":\"https:\/\/www.ntf.uni-lj.si\/ntf\/en\/authors\/\",\"name\":\"Authors - NTF\",\"isPartOf\":{\"@id\":\"https:\/\/www.ntf.uni-lj.si\/ntf\/#website\"},\"datePublished\":\"2015-06-02T14:07:09+00:00\",\"dateModified\":\"2018-01-08T11:33:11+00:00\",\"breadcrumb\":{\"@id\":\"https:\/\/www.ntf.uni-lj.si\/ntf\/en\/authors\/#breadcrumb\"},\"inLanguage\":\"en-US\",\"potentialAction\":[{\"@type\":\"ReadAction\",\"target\":[\"https:\/\/www.ntf.uni-lj.si\/ntf\/en\/authors\/\"]}]},{\"@type\":\"BreadcrumbList\",\"@id\":\"https:\/\/www.ntf.uni-lj.si\/ntf\/en\/authors\/#breadcrumb\",\"itemListElement\":[{\"@type\":\"ListItem\",\"position\":1,\"name\":\"Domov\",\"item\":\"https:\/\/www.ntf.uni-lj.si\/ntf\/\"},{\"@type\":\"ListItem\",\"position\":2,\"name\":\"Authors\"}]}]}<\/script>\n<!-- \/ Yoast SEO plugin. -->","yoast_head_json":{"robots":{"index":"index","follow":"follow","max-snippet":"max-snippet:-1","max-image-preview":"max-image-preview:large","max-video-preview":"max-video-preview:-1"},"canonical":"https:\/\/www.ntf.uni-lj.si\/ntf\/en\/authors\/","og_locale":"en_US","og_type":"article","og_title":"Authors - NTF","og_url":"https:\/\/www.ntf.uni-lj.si\/ntf\/en\/authors\/","og_site_name":"NTF","article_modified_time":"2018-01-08T11:33:11+00:00","twitter_misc":{"Est. reading time":"1 minute"},"schema":{"@context":"https:\/\/schema.org","@graph":[{"@type":"WebSite","@id":"https:\/\/www.ntf.uni-lj.si\/ntf\/#website","url":"https:\/\/www.ntf.uni-lj.si\/ntf\/","name":"NTF","description":"Naravoslovnotehni\u0161ka fakulteta","potentialAction":[{"@type":"SearchAction","target":{"@type":"EntryPoint","urlTemplate":"https:\/\/www.ntf.uni-lj.si\/ntf\/?s={search_term_string}"},"query-input":"required name=search_term_string"}],"inLanguage":"en-US"},{"@type":"WebPage","@id":"https:\/\/www.ntf.uni-lj.si\/ntf\/en\/authors\/#webpage","url":"https:\/\/www.ntf.uni-lj.si\/ntf\/en\/authors\/","name":"Authors - NTF","isPartOf":{"@id":"https:\/\/www.ntf.uni-lj.si\/ntf\/#website"},"datePublished":"2015-06-02T14:07:09+00:00","dateModified":"2018-01-08T11:33:11+00:00","breadcrumb":{"@id":"https:\/\/www.ntf.uni-lj.si\/ntf\/en\/authors\/#breadcrumb"},"inLanguage":"en-US","potentialAction":[{"@type":"ReadAction","target":["https:\/\/www.ntf.uni-lj.si\/ntf\/en\/authors\/"]}]},{"@type":"BreadcrumbList","@id":"https:\/\/www.ntf.uni-lj.si\/ntf\/en\/authors\/#breadcrumb","itemListElement":[{"@type":"ListItem","position":1,"name":"Domov","item":"https:\/\/www.ntf.uni-lj.si\/ntf\/"},{"@type":"ListItem","position":2,"name":"Authors"}]}]}},"_links":{"self":[{"href":"https:\/\/www.ntf.uni-lj.si\/ntf\/wp-json\/wp\/v2\/pages\/2743"}],"collection":[{"href":"https:\/\/www.ntf.uni-lj.si\/ntf\/wp-json\/wp\/v2\/pages"}],"about":[{"href":"https:\/\/www.ntf.uni-lj.si\/ntf\/wp-json\/wp\/v2\/types\/page"}],"author":[{"embeddable":true,"href":"https:\/\/www.ntf.uni-lj.si\/ntf\/wp-json\/wp\/v2\/users\/15"}],"replies":[{"embeddable":true,"href":"https:\/\/www.ntf.uni-lj.si\/ntf\/wp-json\/wp\/v2\/comments?post=2743"}],"version-history":[{"count":15,"href":"https:\/\/www.ntf.uni-lj.si\/ntf\/wp-json\/wp\/v2\/pages\/2743\/revisions"}],"predecessor-version":[{"id":8795,"href":"https:\/\/www.ntf.uni-lj.si\/ntf\/wp-json\/wp\/v2\/pages\/2743\/revisions\/8795"}],"wp:attachment":[{"href":"https:\/\/www.ntf.uni-lj.si\/ntf\/wp-json\/wp\/v2\/media?parent=2743"}],"curies":[{"name":"wp","href":"https:\/\/api.w.org\/{rel}","templated":true}]}}