{"id":27740,"date":"2024-08-06T11:48:30","date_gmt":"2024-08-06T09:48:30","guid":{"rendered":"https:\/\/www.ntf.uni-lj.si\/ntf\/?page_id=27740"},"modified":"2024-08-06T11:50:44","modified_gmt":"2024-08-06T09:50:44","slug":"videonadzor","status":"publish","type":"page","link":"https:\/\/www.ntf.uni-lj.si\/ntf\/o-fakulteti\/dokumenti\/videonadzor\/","title":{"rendered":"Videonadzor"},"content":{"rendered":"<h3 style=\"font-weight: 400;\"><strong>OBVESTILO POSAMEZNIKOM PO 13. \u010cLENU SPLO\u0160NE UREDBE O VARSTVU PODATKOV (GDPR)<\/strong><strong>GLEDE OBDELAVE OSEBNIH PODATKOV<\/p>\n<p><\/strong><\/h3>\n<h3 style=\"font-weight: 400;\"><strong>IZVAJANJE VIDEONADZORA V STAVBI A\u0160KER\u010cEVA 12<\/strong><\/h3>\n<ul style=\"font-weight: 400;\">\n<li><strong>Upravljavec<\/strong>: Univerza v Ljubljani, Naravoslovnotehni\u0161ka fakulteta, A\u0161ker\u010deva cesta 12, 1000 Ljubljana; telefon 01\/27 04 500.<\/li>\n<li><strong>Kontakt poobla\u0161\u010dene osebe za varstvo osebnih podatkov (ang. DPO)<\/strong>: tajnik@ntf.uni-lj.si<\/li>\n<li><strong>Namen obdelave: <\/strong>Videonadzor izvajamo z namenom zagotavljanja varnosti ljudi, premo\u017eenja in opreme ter za zagotavljanje nadzora vstopa v prostore ali izstopa iz njih<\/li>\n<li><strong>Pravna podlaga:<\/strong> to\u010dki (c in e) \u010dlena 6(1) Splo\u0161ne uredbe o varstvu osebnih podatkov (GDPR) in 3. poglavje Zakona o varstvu osebnih podatkov (Uradni list RS, \u0161t. Uradni list RS, \u0161t. 163\/22; ZVOP-2)<\/li>\n<li><strong>Uporabniki<\/strong><strong>: <\/strong>Pogodbeni obdelovalec \u2013 izvajalec storitve (Zarja Elektronika proizvodnja, monta\u017ea, in\u017eeniring, projektiranje sistemov in naprav za tehni\u010dno za\u0161\u010dito d.o.o., Kovinarska cesta 4, 1241 Kamnik)<\/li>\n<li><strong>Rok hrambe: <\/strong>Posnetki videonadzornega sistema se hranijo najve\u010d 4 mesece od trenutka nastanka posnetka, nato se samodejno izbri\u0161ejo. Posnetki se hranijo dlje od navedenega roka zgolj in samo v izrednih oziroma \u0161kodnih dogodkih ali v primeru ravnanja oseb, ki ogro\u017ea varovane prostore, premo\u017eenje in\/ali varnost ljudi. V takih primerih se posnetki hranijo vsaj do prihoda dr\u017eavnega organa, pristojnega za odkrivanje ali pregon kaznivih dejanj oziroma drugega pristojnega organa.<\/li>\n<li><strong>Uveljavljanje pravic: <\/strong>prek telefonske \u0161tevilke 01\/20 03 200 ali s pisno zahtevo, poslano na naslov upravljavca, lahko kadarkoli uveljavljate svoje pravice: dostop do osebnih podatkov (pri tem vas bomo zaprosili za navedbo to\u010dnega \u010dasa, ko ste bili v prostorih, ki so videonadzorovani), popravek (zaradi narave obdelave zgolj deloma) ter v dolo\u010denih primerih ugovor in omejitev obdelave.<\/li>\n<li><strong>Mo\u017enost prito\u017ebe<\/strong>: Prito\u017ebo lahko vlo\u017eite pri Informacijskem poobla\u0161\u010dencu (naslov: Dunajska cesta 22, 1000 Ljubljana)<\/li>\n<li><strong>Ostale informacije: <\/strong>zajem osebnih podatkov (posnetek va\u0161e podobe) zagotovite z vstopom v videonadzorovano obmo\u010dje; \u010de ne \u017eelite obdelave va\u0161ih osebnih podatkov (posnetka va\u0161e podobe), ne boste mogli vstopiti v prostore, kjer se izvaja videonadzor; receptor lahko dogajanje spremlja tudi v \u017eivo na zaslonu.<\/li>\n<\/ul>\n","protected":false},"excerpt":{"rendered":"OBVESTILO POSAMEZNIKOM PO 13. \u010cLENU SPLO\u0160NE UREDBE O VARSTVU PODATKOV (GDPR)GLEDE OBDELAVE OSEBNIH PODATKOV IZVAJANJE VIDEONADZORA V STAVBI A\u0160KER\u010cEVA 12 Upravljavec: Univerza v Ljubljani, Naravoslovnotehni\u0161ka fakulteta, A\u0161ker\u010deva cesta 12, 1000 Ljubljana; telefon 01\/27 04 500. Kontakt poobla\u0161\u010dene osebe za varstvo osebnih podatkov (ang. DPO): tajnik@ntf.uni-lj.si Namen obdelave: Videonadzor izvajamo z namenom zagotavljanja varnosti ljudi, premo\u017eenja &#8230; <a class=\"view-article\" href=\"https:\/\/www.ntf.uni-lj.si\/ntf\/o-fakulteti\/dokumenti\/videonadzor\/\">Read more<\/a>","protected":false},"author":21,"featured_media":0,"parent":2110,"menu_order":185,"comment_status":"closed","ping_status":"closed","template":"","meta":[],"acf":[],"yoast_head":"<!-- This site is optimized with the Yoast SEO plugin v17.0 - https:\/\/yoast.com\/wordpress\/plugins\/seo\/ -->\n<meta name=\"robots\" content=\"index, follow, max-snippet:-1, max-image-preview:large, max-video-preview:-1\" \/>\n<link rel=\"canonical\" href=\"https:\/\/www.ntf.uni-lj.si\/ntf\/o-fakulteti\/dokumenti\/videonadzor\/\" \/>\n<meta property=\"og:locale\" content=\"en_US\" \/>\n<meta property=\"og:type\" content=\"article\" \/>\n<meta property=\"og:title\" content=\"Videonadzor - NTF\" \/>\n<meta property=\"og:description\" content=\"OBVESTILO POSAMEZNIKOM PO 13. \u010cLENU SPLO\u0160NE UREDBE O VARSTVU PODATKOV (GDPR)GLEDE OBDELAVE OSEBNIH PODATKOV IZVAJANJE VIDEONADZORA V STAVBI A\u0160KER\u010cEVA 12 Upravljavec: Univerza v Ljubljani, Naravoslovnotehni\u0161ka fakulteta, A\u0161ker\u010deva cesta 12, 1000 Ljubljana; telefon 01\/27 04 500. Kontakt poobla\u0161\u010dene osebe za varstvo osebnih podatkov (ang. DPO): tajnik@ntf.uni-lj.si Namen obdelave: Videonadzor izvajamo z namenom zagotavljanja varnosti ljudi, premo\u017eenja ... Read more\" \/>\n<meta property=\"og:url\" content=\"https:\/\/www.ntf.uni-lj.si\/ntf\/o-fakulteti\/dokumenti\/videonadzor\/\" \/>\n<meta property=\"og:site_name\" content=\"NTF\" \/>\n<meta property=\"article:modified_time\" content=\"2024-08-06T09:50:44+00:00\" \/>\n<meta name=\"twitter:label1\" content=\"Est. reading time\" \/>\n\t<meta name=\"twitter:data1\" content=\"2 minutes\" \/>\n<script type=\"application\/ld+json\" class=\"yoast-schema-graph\">{\"@context\":\"https:\/\/schema.org\",\"@graph\":[{\"@type\":\"WebSite\",\"@id\":\"https:\/\/www.ntf.uni-lj.si\/ntf\/#website\",\"url\":\"https:\/\/www.ntf.uni-lj.si\/ntf\/\",\"name\":\"NTF\",\"description\":\"Naravoslovnotehni\\u0161ka fakulteta\",\"potentialAction\":[{\"@type\":\"SearchAction\",\"target\":{\"@type\":\"EntryPoint\",\"urlTemplate\":\"https:\/\/www.ntf.uni-lj.si\/ntf\/?s={search_term_string}\"},\"query-input\":\"required name=search_term_string\"}],\"inLanguage\":\"en-US\"},{\"@type\":\"WebPage\",\"@id\":\"https:\/\/www.ntf.uni-lj.si\/ntf\/o-fakulteti\/dokumenti\/videonadzor\/#webpage\",\"url\":\"https:\/\/www.ntf.uni-lj.si\/ntf\/o-fakulteti\/dokumenti\/videonadzor\/\",\"name\":\"Videonadzor - NTF\",\"isPartOf\":{\"@id\":\"https:\/\/www.ntf.uni-lj.si\/ntf\/#website\"},\"datePublished\":\"2024-08-06T09:48:30+00:00\",\"dateModified\":\"2024-08-06T09:50:44+00:00\",\"breadcrumb\":{\"@id\":\"https:\/\/www.ntf.uni-lj.si\/ntf\/o-fakulteti\/dokumenti\/videonadzor\/#breadcrumb\"},\"inLanguage\":\"en-US\",\"potentialAction\":[{\"@type\":\"ReadAction\",\"target\":[\"https:\/\/www.ntf.uni-lj.si\/ntf\/o-fakulteti\/dokumenti\/videonadzor\/\"]}]},{\"@type\":\"BreadcrumbList\",\"@id\":\"https:\/\/www.ntf.uni-lj.si\/ntf\/o-fakulteti\/dokumenti\/videonadzor\/#breadcrumb\",\"itemListElement\":[{\"@type\":\"ListItem\",\"position\":1,\"name\":\"Domov\",\"item\":\"https:\/\/www.ntf.uni-lj.si\/ntf\/\"},{\"@type\":\"ListItem\",\"position\":2,\"name\":\"O fakulteti\",\"item\":\"https:\/\/www.ntf.uni-lj.si\/ntf\/o-fakulteti\/\"},{\"@type\":\"ListItem\",\"position\":3,\"name\":\"Dokumenti\",\"item\":\"https:\/\/www.ntf.uni-lj.si\/ntf\/o-fakulteti\/dokumenti\/\"},{\"@type\":\"ListItem\",\"position\":4,\"name\":\"Videonadzor\"}]}]}<\/script>\n<!-- \/ Yoast SEO plugin. -->","yoast_head_json":{"robots":{"index":"index","follow":"follow","max-snippet":"max-snippet:-1","max-image-preview":"max-image-preview:large","max-video-preview":"max-video-preview:-1"},"canonical":"https:\/\/www.ntf.uni-lj.si\/ntf\/o-fakulteti\/dokumenti\/videonadzor\/","og_locale":"en_US","og_type":"article","og_title":"Videonadzor - NTF","og_description":"OBVESTILO POSAMEZNIKOM PO 13. \u010cLENU SPLO\u0160NE UREDBE O VARSTVU PODATKOV (GDPR)GLEDE OBDELAVE OSEBNIH PODATKOV IZVAJANJE VIDEONADZORA V STAVBI A\u0160KER\u010cEVA 12 Upravljavec: Univerza v Ljubljani, Naravoslovnotehni\u0161ka fakulteta, A\u0161ker\u010deva cesta 12, 1000 Ljubljana; telefon 01\/27 04 500. Kontakt poobla\u0161\u010dene osebe za varstvo osebnih podatkov (ang. DPO): tajnik@ntf.uni-lj.si Namen obdelave: Videonadzor izvajamo z namenom zagotavljanja varnosti ljudi, premo\u017eenja ... Read more","og_url":"https:\/\/www.ntf.uni-lj.si\/ntf\/o-fakulteti\/dokumenti\/videonadzor\/","og_site_name":"NTF","article_modified_time":"2024-08-06T09:50:44+00:00","twitter_misc":{"Est. reading time":"2 minutes"},"schema":{"@context":"https:\/\/schema.org","@graph":[{"@type":"WebSite","@id":"https:\/\/www.ntf.uni-lj.si\/ntf\/#website","url":"https:\/\/www.ntf.uni-lj.si\/ntf\/","name":"NTF","description":"Naravoslovnotehni\u0161ka fakulteta","potentialAction":[{"@type":"SearchAction","target":{"@type":"EntryPoint","urlTemplate":"https:\/\/www.ntf.uni-lj.si\/ntf\/?s={search_term_string}"},"query-input":"required name=search_term_string"}],"inLanguage":"en-US"},{"@type":"WebPage","@id":"https:\/\/www.ntf.uni-lj.si\/ntf\/o-fakulteti\/dokumenti\/videonadzor\/#webpage","url":"https:\/\/www.ntf.uni-lj.si\/ntf\/o-fakulteti\/dokumenti\/videonadzor\/","name":"Videonadzor - NTF","isPartOf":{"@id":"https:\/\/www.ntf.uni-lj.si\/ntf\/#website"},"datePublished":"2024-08-06T09:48:30+00:00","dateModified":"2024-08-06T09:50:44+00:00","breadcrumb":{"@id":"https:\/\/www.ntf.uni-lj.si\/ntf\/o-fakulteti\/dokumenti\/videonadzor\/#breadcrumb"},"inLanguage":"en-US","potentialAction":[{"@type":"ReadAction","target":["https:\/\/www.ntf.uni-lj.si\/ntf\/o-fakulteti\/dokumenti\/videonadzor\/"]}]},{"@type":"BreadcrumbList","@id":"https:\/\/www.ntf.uni-lj.si\/ntf\/o-fakulteti\/dokumenti\/videonadzor\/#breadcrumb","itemListElement":[{"@type":"ListItem","position":1,"name":"Domov","item":"https:\/\/www.ntf.uni-lj.si\/ntf\/"},{"@type":"ListItem","position":2,"name":"O fakulteti","item":"https:\/\/www.ntf.uni-lj.si\/ntf\/o-fakulteti\/"},{"@type":"ListItem","position":3,"name":"Dokumenti","item":"https:\/\/www.ntf.uni-lj.si\/ntf\/o-fakulteti\/dokumenti\/"},{"@type":"ListItem","position":4,"name":"Videonadzor"}]}]}},"_links":{"self":[{"href":"https:\/\/www.ntf.uni-lj.si\/ntf\/wp-json\/wp\/v2\/pages\/27740"}],"collection":[{"href":"https:\/\/www.ntf.uni-lj.si\/ntf\/wp-json\/wp\/v2\/pages"}],"about":[{"href":"https:\/\/www.ntf.uni-lj.si\/ntf\/wp-json\/wp\/v2\/types\/page"}],"author":[{"embeddable":true,"href":"https:\/\/www.ntf.uni-lj.si\/ntf\/wp-json\/wp\/v2\/users\/21"}],"replies":[{"embeddable":true,"href":"https:\/\/www.ntf.uni-lj.si\/ntf\/wp-json\/wp\/v2\/comments?post=27740"}],"version-history":[{"count":5,"href":"https:\/\/www.ntf.uni-lj.si\/ntf\/wp-json\/wp\/v2\/pages\/27740\/revisions"}],"predecessor-version":[{"id":27745,"href":"https:\/\/www.ntf.uni-lj.si\/ntf\/wp-json\/wp\/v2\/pages\/27740\/revisions\/27745"}],"up":[{"embeddable":true,"href":"https:\/\/www.ntf.uni-lj.si\/ntf\/wp-json\/wp\/v2\/pages\/2110"}],"wp:attachment":[{"href":"https:\/\/www.ntf.uni-lj.si\/ntf\/wp-json\/wp\/v2\/media?parent=27740"}],"curies":[{"name":"wp","href":"https:\/\/api.w.org\/{rel}","templated":true}]}}