{"id":382,"date":"2015-04-03T07:53:51","date_gmt":"2015-04-03T07:53:51","guid":{"rendered":"http:\/\/www.ntf.uni-lj.si\/ntf\/?page_id=382"},"modified":"2026-03-19T08:39:07","modified_gmt":"2026-03-19T07:39:07","slug":"vpis-1","status":"publish","type":"page","link":"https:\/\/www.ntf.uni-lj.si\/ntf\/studij\/referat\/referat-otgo\/vpis\/vpis-1\/","title":{"rendered":"Vpis na 1. stopnjo"},"content":{"rendered":"<p>&nbsp;<\/p>\n<table class=\"table\" style=\"height: 93px\" border=\"0\" width=\"855\" cellspacing=\"0\" cellpadding=\"0\">\n<tbody>\n<tr class=\"bg1\">\n<td><\/td>\n<td>Oddaja prijave<\/td>\n<td>Vpis<strong> (predvidoma)<\/strong><\/td>\n<\/tr>\n<tr>\n<td>1. prijava<\/td>\n<td>od 18. 2. do 18. 3. 2026<\/td>\n<td>od 27.7. do 7. 8. 2026<\/td>\n<\/tr>\n<tr>\n<td>2. prijava<\/td>\n<td>od 20. 8. do 27. 8. 2026<\/td>\n<td>od 22. 9. do 25. 9. 2026<\/td>\n<\/tr>\n<tr>\n<td><\/td>\n<td><\/td>\n<td><\/td>\n<\/tr>\n<\/tbody>\n<\/table>\n<p>&nbsp;<\/p>\n<p><strong>Razpis za vpis je objavljen\u00a0<a href=\"http:\/\/portal.evs.gov.si\/razpisi-za-vpis-javni-koncesionirani\">tukaj<\/a>.<\/strong><\/p>\n<p>Prijava na \u0161tudij je za vse kandidate enaka in poteka preko <a href=\"https:\/\/portal.evs.gov.si\/prijava\/\">portala eV\u0160<\/a> na spletni strani Ministrstva za izobra\u017eevanje, znanost in \u0161port.<br \/>\n\u010ce se kandidat ne vpi\u0161e v predpisanem roku, izgubi mo\u017enost za vpis v teko\u010dem \u0161tudijskem letu.<\/p>\n<p>&nbsp;<\/p>\n<p><strong>Preizkus nadarjenosti<\/strong> je obvezen samo za vpis na smer <strong>Oblikovanje tekstilij in obla\u010dil<\/strong> in bo potekal <strong>2. 7. in 3. 7. 2026 (razgovori).<\/strong><\/p>\n<p>Kandidati vabila na preizkus dobijo na elektronski naslov. Izdelke potem skladno z navodili dostavijo fakulteti <strong>do 28. 6. 2026<\/strong> in opravijo razgovor v zgoraj navedenih datumih.<\/p>\n<p>Preizkus velja samo za vpis v \u0161tudijsko leto 2026\/2027. V drugem roku preizkusov NE BO!<\/p>\n<p>&nbsp;<\/p>\n<p><strong>POMEMBNO:<\/strong> Vabila na vpis bodo kandidatom, ki bodo sprejeti na \u0161tudijske programe Oddelka za tekstilstvo, grafiko in oblikovanje, poslana preko elektronske po\u0161te, zato ob prijavi v eV\u0160 uporabite mail, ki bo veljaven tudi po zaklju\u010dku srednje \u0161ole in<strong>\u00a0pozorno spremljajte svoj e-mail. <\/strong><\/p>\n<div style=\"height:10px; width:100%;\"><\/div>\n<p>&nbsp;<\/p>\n","protected":false},"excerpt":{"rendered":"&nbsp; Oddaja prijave Vpis (predvidoma) 1. prijava od 18. 2. do 18. 3. 2026 od 27.7. do 7. 8. 2026 2. prijava od 20. 8. do 27. 8. 2026 od 22. 9. do 25. 9. 2026 &nbsp; Razpis za vpis je objavljen\u00a0tukaj. Prijava na \u0161tudij je za vse kandidate enaka in poteka preko portala eV\u0160 &#8230; <a class=\"view-article\" href=\"https:\/\/www.ntf.uni-lj.si\/ntf\/studij\/referat\/referat-otgo\/vpis\/vpis-1\/\">Read more<\/a>","protected":false},"author":15,"featured_media":0,"parent":375,"menu_order":430,"comment_status":"closed","ping_status":"closed","template":"","meta":[],"acf":[],"yoast_head":"<!-- This site is optimized with the Yoast SEO plugin v17.0 - https:\/\/yoast.com\/wordpress\/plugins\/seo\/ -->\n<meta name=\"robots\" content=\"index, follow, max-snippet:-1, max-image-preview:large, max-video-preview:-1\" \/>\n<link rel=\"canonical\" href=\"https:\/\/www.ntf.uni-lj.si\/ntf\/studij\/referat\/referat-otgo\/vpis\/vpis-1\/\" \/>\n<meta property=\"og:locale\" content=\"en_US\" \/>\n<meta property=\"og:type\" content=\"article\" \/>\n<meta property=\"og:title\" content=\"Vpis na 1. stopnjo - NTF\" \/>\n<meta property=\"og:description\" content=\"&nbsp; Oddaja prijave Vpis (predvidoma) 1. prijava od 18. 2. do 18. 3. 2026 od 27.7. do 7. 8. 2026 2. prijava od 20. 8. do 27. 8. 2026 od 22. 9. do 25. 9. 2026 &nbsp; Razpis za vpis je objavljen\u00a0tukaj. Prijava na \u0161tudij je za vse kandidate enaka in poteka preko portala eV\u0160 ... Read more\" \/>\n<meta property=\"og:url\" content=\"https:\/\/www.ntf.uni-lj.si\/ntf\/studij\/referat\/referat-otgo\/vpis\/vpis-1\/\" \/>\n<meta property=\"og:site_name\" content=\"NTF\" \/>\n<meta property=\"article:modified_time\" content=\"2026-03-19T07:39:07+00:00\" \/>\n<meta name=\"twitter:label1\" content=\"Est. reading time\" \/>\n\t<meta name=\"twitter:data1\" content=\"1 minute\" \/>\n<script type=\"application\/ld+json\" class=\"yoast-schema-graph\">{\"@context\":\"https:\/\/schema.org\",\"@graph\":[{\"@type\":\"WebSite\",\"@id\":\"https:\/\/www.ntf.uni-lj.si\/ntf\/#website\",\"url\":\"https:\/\/www.ntf.uni-lj.si\/ntf\/\",\"name\":\"NTF\",\"description\":\"Naravoslovnotehni\\u0161ka fakulteta\",\"potentialAction\":[{\"@type\":\"SearchAction\",\"target\":{\"@type\":\"EntryPoint\",\"urlTemplate\":\"https:\/\/www.ntf.uni-lj.si\/ntf\/?s={search_term_string}\"},\"query-input\":\"required name=search_term_string\"}],\"inLanguage\":\"en-US\"},{\"@type\":\"WebPage\",\"@id\":\"https:\/\/www.ntf.uni-lj.si\/ntf\/studij\/referat\/referat-otgo\/vpis\/vpis-1\/#webpage\",\"url\":\"https:\/\/www.ntf.uni-lj.si\/ntf\/studij\/referat\/referat-otgo\/vpis\/vpis-1\/\",\"name\":\"Vpis na 1. stopnjo - NTF\",\"isPartOf\":{\"@id\":\"https:\/\/www.ntf.uni-lj.si\/ntf\/#website\"},\"datePublished\":\"2015-04-03T07:53:51+00:00\",\"dateModified\":\"2026-03-19T07:39:07+00:00\",\"breadcrumb\":{\"@id\":\"https:\/\/www.ntf.uni-lj.si\/ntf\/studij\/referat\/referat-otgo\/vpis\/vpis-1\/#breadcrumb\"},\"inLanguage\":\"en-US\",\"potentialAction\":[{\"@type\":\"ReadAction\",\"target\":[\"https:\/\/www.ntf.uni-lj.si\/ntf\/studij\/referat\/referat-otgo\/vpis\/vpis-1\/\"]}]},{\"@type\":\"BreadcrumbList\",\"@id\":\"https:\/\/www.ntf.uni-lj.si\/ntf\/studij\/referat\/referat-otgo\/vpis\/vpis-1\/#breadcrumb\",\"itemListElement\":[{\"@type\":\"ListItem\",\"position\":1,\"name\":\"Domov\",\"item\":\"https:\/\/www.ntf.uni-lj.si\/ntf\/\"},{\"@type\":\"ListItem\",\"position\":2,\"name\":\"\\u0160tudij\",\"item\":\"https:\/\/www.ntf.uni-lj.si\/ntf\/studij\/\"},{\"@type\":\"ListItem\",\"position\":3,\"name\":\"Referat\",\"item\":\"https:\/\/www.ntf.uni-lj.si\/ntf\/studij\/referat\/\"},{\"@type\":\"ListItem\",\"position\":4,\"name\":\"Referat OTGO\",\"item\":\"https:\/\/www.ntf.uni-lj.si\/ntf\/studij\/referat\/referat-otgo\/\"},{\"@type\":\"ListItem\",\"position\":5,\"name\":\"Vpis\",\"item\":\"https:\/\/www.ntf.uni-lj.si\/ntf\/studij\/referat\/referat-otgo\/vpis\/\"},{\"@type\":\"ListItem\",\"position\":6,\"name\":\"Vpis na 1. stopnjo\"}]}]}<\/script>\n<!-- \/ Yoast SEO plugin. -->","yoast_head_json":{"robots":{"index":"index","follow":"follow","max-snippet":"max-snippet:-1","max-image-preview":"max-image-preview:large","max-video-preview":"max-video-preview:-1"},"canonical":"https:\/\/www.ntf.uni-lj.si\/ntf\/studij\/referat\/referat-otgo\/vpis\/vpis-1\/","og_locale":"en_US","og_type":"article","og_title":"Vpis na 1. stopnjo - NTF","og_description":"&nbsp; Oddaja prijave Vpis (predvidoma) 1. prijava od 18. 2. do 18. 3. 2026 od 27.7. do 7. 8. 2026 2. prijava od 20. 8. do 27. 8. 2026 od 22. 9. do 25. 9. 2026 &nbsp; Razpis za vpis je objavljen\u00a0tukaj. Prijava na \u0161tudij je za vse kandidate enaka in poteka preko portala eV\u0160 ... Read more","og_url":"https:\/\/www.ntf.uni-lj.si\/ntf\/studij\/referat\/referat-otgo\/vpis\/vpis-1\/","og_site_name":"NTF","article_modified_time":"2026-03-19T07:39:07+00:00","twitter_misc":{"Est. reading time":"1 minute"},"schema":{"@context":"https:\/\/schema.org","@graph":[{"@type":"WebSite","@id":"https:\/\/www.ntf.uni-lj.si\/ntf\/#website","url":"https:\/\/www.ntf.uni-lj.si\/ntf\/","name":"NTF","description":"Naravoslovnotehni\u0161ka fakulteta","potentialAction":[{"@type":"SearchAction","target":{"@type":"EntryPoint","urlTemplate":"https:\/\/www.ntf.uni-lj.si\/ntf\/?s={search_term_string}"},"query-input":"required name=search_term_string"}],"inLanguage":"en-US"},{"@type":"WebPage","@id":"https:\/\/www.ntf.uni-lj.si\/ntf\/studij\/referat\/referat-otgo\/vpis\/vpis-1\/#webpage","url":"https:\/\/www.ntf.uni-lj.si\/ntf\/studij\/referat\/referat-otgo\/vpis\/vpis-1\/","name":"Vpis na 1. stopnjo - NTF","isPartOf":{"@id":"https:\/\/www.ntf.uni-lj.si\/ntf\/#website"},"datePublished":"2015-04-03T07:53:51+00:00","dateModified":"2026-03-19T07:39:07+00:00","breadcrumb":{"@id":"https:\/\/www.ntf.uni-lj.si\/ntf\/studij\/referat\/referat-otgo\/vpis\/vpis-1\/#breadcrumb"},"inLanguage":"en-US","potentialAction":[{"@type":"ReadAction","target":["https:\/\/www.ntf.uni-lj.si\/ntf\/studij\/referat\/referat-otgo\/vpis\/vpis-1\/"]}]},{"@type":"BreadcrumbList","@id":"https:\/\/www.ntf.uni-lj.si\/ntf\/studij\/referat\/referat-otgo\/vpis\/vpis-1\/#breadcrumb","itemListElement":[{"@type":"ListItem","position":1,"name":"Domov","item":"https:\/\/www.ntf.uni-lj.si\/ntf\/"},{"@type":"ListItem","position":2,"name":"\u0160tudij","item":"https:\/\/www.ntf.uni-lj.si\/ntf\/studij\/"},{"@type":"ListItem","position":3,"name":"Referat","item":"https:\/\/www.ntf.uni-lj.si\/ntf\/studij\/referat\/"},{"@type":"ListItem","position":4,"name":"Referat OTGO","item":"https:\/\/www.ntf.uni-lj.si\/ntf\/studij\/referat\/referat-otgo\/"},{"@type":"ListItem","position":5,"name":"Vpis","item":"https:\/\/www.ntf.uni-lj.si\/ntf\/studij\/referat\/referat-otgo\/vpis\/"},{"@type":"ListItem","position":6,"name":"Vpis na 1. stopnjo"}]}]}},"_links":{"self":[{"href":"https:\/\/www.ntf.uni-lj.si\/ntf\/wp-json\/wp\/v2\/pages\/382"}],"collection":[{"href":"https:\/\/www.ntf.uni-lj.si\/ntf\/wp-json\/wp\/v2\/pages"}],"about":[{"href":"https:\/\/www.ntf.uni-lj.si\/ntf\/wp-json\/wp\/v2\/types\/page"}],"author":[{"embeddable":true,"href":"https:\/\/www.ntf.uni-lj.si\/ntf\/wp-json\/wp\/v2\/users\/15"}],"replies":[{"embeddable":true,"href":"https:\/\/www.ntf.uni-lj.si\/ntf\/wp-json\/wp\/v2\/comments?post=382"}],"version-history":[{"count":97,"href":"https:\/\/www.ntf.uni-lj.si\/ntf\/wp-json\/wp\/v2\/pages\/382\/revisions"}],"predecessor-version":[{"id":32765,"href":"https:\/\/www.ntf.uni-lj.si\/ntf\/wp-json\/wp\/v2\/pages\/382\/revisions\/32765"}],"up":[{"embeddable":true,"href":"https:\/\/www.ntf.uni-lj.si\/ntf\/wp-json\/wp\/v2\/pages\/375"}],"wp:attachment":[{"href":"https:\/\/www.ntf.uni-lj.si\/ntf\/wp-json\/wp\/v2\/media?parent=382"}],"curies":[{"name":"wp","href":"https:\/\/api.w.org\/{rel}","templated":true}]}}