{"id":429,"date":"2015-04-03T08:12:09","date_gmt":"2015-04-03T08:12:09","guid":{"rendered":"http:\/\/www.ntf.uni-lj.si\/ntf\/?page_id=429"},"modified":"2024-08-19T11:48:09","modified_gmt":"2024-08-19T09:48:09","slug":"splosno","status":"publish","type":"page","link":"https:\/\/www.ntf.uni-lj.si\/ntf\/studij\/referat\/referat-mont\/splosno\/","title":{"rendered":"Kontakti in uradne ure"},"content":{"rendered":"<h2>\u0160TUDENTSKI REFERAT MONT<\/h2>\n<p>\u0160tudentski referat MONT je namenjen \u0161tudentom naslednjih\u00a0oddelkov:<\/p>\n<ul>\n<li>Oddelek za geologijo<\/li>\n<li>Oddelek za geotehnologijo, rudarstvo in okolje<\/li>\n<li>Oddelek za materiale in metalurgijo<\/li>\n<\/ul>\n<p>Vloge in pro\u0161nje lahko prinesete osebno ali jih po\u0161ljete po po\u0161ti.<\/p>\n<p><strong>Naslov za po\u0161iljanje po\u0161tnih po\u0161iljk:<\/strong><\/p>\n<p>Naravoslovnotehni\u0161ka fakulteta<br \/>\n\u0160tudentski referat<br \/>\nA\u0161ker\u010deva 12<br \/>\n1000 Ljubljana<\/p>\n<p><strong>Lokacija pisarne:<\/strong><\/p>\n<p>A\u0161ker\u010deva 12<br \/>\nPisarna P-6, pritli\u010dje<\/p>\n<p><strong>Uradne ure:<\/strong><\/p>\n<ul>\n<li>ponedeljek 9.\u201312. ure<\/li>\n<li>torek 9.\u201311. ure<\/li>\n<li>sreda 9.\u201311. ure in 13-14. ure<\/li>\n<li>\u010detrtek 9.\u201311. ure<\/li>\n<li>v petek ni uradnih ur<\/li>\n<\/ul>\n<p><strong>Kontakt:<\/strong><\/p>\n<p>Majda \u0160trakl<br \/>\nVodja \u0161tudentskega referata<br \/>\nTel: 01 470 46 47<br \/>\nE-po\u0161ta: <a href=\"mailto:majda.strakl@ntf.uni-lj.si\" target=\"_blank\" rel=\"noopener noreferrer\">majda.strakl@ntf.uni-lj.si<\/a><\/p>\n<p>&nbsp;<\/p>\n<p>&nbsp;<\/p>\n","protected":false},"excerpt":{"rendered":"\u0160TUDENTSKI REFERAT MONT \u0160tudentski referat MONT je namenjen \u0161tudentom naslednjih\u00a0oddelkov: Oddelek za geologijo Oddelek za geotehnologijo, rudarstvo in okolje Oddelek za materiale in metalurgijo Vloge in pro\u0161nje lahko prinesete osebno ali jih po\u0161ljete po po\u0161ti. Naslov za po\u0161iljanje po\u0161tnih po\u0161iljk: Naravoslovnotehni\u0161ka fakulteta \u0160tudentski referat A\u0161ker\u010deva 12 1000 Ljubljana Lokacija pisarne: A\u0161ker\u010deva 12 Pisarna P-6, pritli\u010dje &#8230; <a class=\"view-article\" href=\"https:\/\/www.ntf.uni-lj.si\/ntf\/studij\/referat\/referat-mont\/splosno\/\">Read more<\/a>","protected":false},"author":15,"featured_media":0,"parent":414,"menu_order":343,"comment_status":"closed","ping_status":"closed","template":"","meta":[],"acf":[],"yoast_head":"<!-- This site is optimized with the Yoast SEO plugin v17.0 - https:\/\/yoast.com\/wordpress\/plugins\/seo\/ -->\n<meta name=\"robots\" content=\"index, follow, max-snippet:-1, max-image-preview:large, max-video-preview:-1\" \/>\n<link rel=\"canonical\" href=\"https:\/\/www.ntf.uni-lj.si\/ntf\/studij\/referat\/referat-mont\/splosno\/\" \/>\n<meta property=\"og:locale\" content=\"en_US\" \/>\n<meta property=\"og:type\" content=\"article\" \/>\n<meta property=\"og:title\" content=\"Kontakti in uradne ure - NTF\" \/>\n<meta property=\"og:description\" content=\"\u0160TUDENTSKI REFERAT MONT \u0160tudentski referat MONT je namenjen \u0161tudentom naslednjih\u00a0oddelkov: Oddelek za geologijo Oddelek za geotehnologijo, rudarstvo in okolje Oddelek za materiale in metalurgijo Vloge in pro\u0161nje lahko prinesete osebno ali jih po\u0161ljete po po\u0161ti. Naslov za po\u0161iljanje po\u0161tnih po\u0161iljk: Naravoslovnotehni\u0161ka fakulteta \u0160tudentski referat A\u0161ker\u010deva 12 1000 Ljubljana Lokacija pisarne: A\u0161ker\u010deva 12 Pisarna P-6, pritli\u010dje ... Read more\" \/>\n<meta property=\"og:url\" content=\"https:\/\/www.ntf.uni-lj.si\/ntf\/studij\/referat\/referat-mont\/splosno\/\" \/>\n<meta property=\"og:site_name\" content=\"NTF\" \/>\n<meta property=\"article:modified_time\" content=\"2024-08-19T09:48:09+00:00\" \/>\n<script type=\"application\/ld+json\" class=\"yoast-schema-graph\">{\"@context\":\"https:\/\/schema.org\",\"@graph\":[{\"@type\":\"WebSite\",\"@id\":\"https:\/\/www.ntf.uni-lj.si\/ntf\/#website\",\"url\":\"https:\/\/www.ntf.uni-lj.si\/ntf\/\",\"name\":\"NTF\",\"description\":\"Naravoslovnotehni\\u0161ka fakulteta\",\"potentialAction\":[{\"@type\":\"SearchAction\",\"target\":{\"@type\":\"EntryPoint\",\"urlTemplate\":\"https:\/\/www.ntf.uni-lj.si\/ntf\/?s={search_term_string}\"},\"query-input\":\"required name=search_term_string\"}],\"inLanguage\":\"en-US\"},{\"@type\":\"WebPage\",\"@id\":\"https:\/\/www.ntf.uni-lj.si\/ntf\/studij\/referat\/referat-mont\/splosno\/#webpage\",\"url\":\"https:\/\/www.ntf.uni-lj.si\/ntf\/studij\/referat\/referat-mont\/splosno\/\",\"name\":\"Kontakti in uradne ure - NTF\",\"isPartOf\":{\"@id\":\"https:\/\/www.ntf.uni-lj.si\/ntf\/#website\"},\"datePublished\":\"2015-04-03T08:12:09+00:00\",\"dateModified\":\"2024-08-19T09:48:09+00:00\",\"breadcrumb\":{\"@id\":\"https:\/\/www.ntf.uni-lj.si\/ntf\/studij\/referat\/referat-mont\/splosno\/#breadcrumb\"},\"inLanguage\":\"en-US\",\"potentialAction\":[{\"@type\":\"ReadAction\",\"target\":[\"https:\/\/www.ntf.uni-lj.si\/ntf\/studij\/referat\/referat-mont\/splosno\/\"]}]},{\"@type\":\"BreadcrumbList\",\"@id\":\"https:\/\/www.ntf.uni-lj.si\/ntf\/studij\/referat\/referat-mont\/splosno\/#breadcrumb\",\"itemListElement\":[{\"@type\":\"ListItem\",\"position\":1,\"name\":\"Domov\",\"item\":\"https:\/\/www.ntf.uni-lj.si\/ntf\/\"},{\"@type\":\"ListItem\",\"position\":2,\"name\":\"\\u0160tudij\",\"item\":\"https:\/\/www.ntf.uni-lj.si\/ntf\/studij\/\"},{\"@type\":\"ListItem\",\"position\":3,\"name\":\"Referat\",\"item\":\"https:\/\/www.ntf.uni-lj.si\/ntf\/studij\/referat\/\"},{\"@type\":\"ListItem\",\"position\":4,\"name\":\"Referat MONT\",\"item\":\"https:\/\/www.ntf.uni-lj.si\/ntf\/studij\/referat\/referat-mont\/\"},{\"@type\":\"ListItem\",\"position\":5,\"name\":\"Kontakti in uradne ure\"}]}]}<\/script>\n<!-- \/ Yoast SEO plugin. -->","yoast_head_json":{"robots":{"index":"index","follow":"follow","max-snippet":"max-snippet:-1","max-image-preview":"max-image-preview:large","max-video-preview":"max-video-preview:-1"},"canonical":"https:\/\/www.ntf.uni-lj.si\/ntf\/studij\/referat\/referat-mont\/splosno\/","og_locale":"en_US","og_type":"article","og_title":"Kontakti in uradne ure - NTF","og_description":"\u0160TUDENTSKI REFERAT MONT \u0160tudentski referat MONT je namenjen \u0161tudentom naslednjih\u00a0oddelkov: Oddelek za geologijo Oddelek za geotehnologijo, rudarstvo in okolje Oddelek za materiale in metalurgijo Vloge in pro\u0161nje lahko prinesete osebno ali jih po\u0161ljete po po\u0161ti. Naslov za po\u0161iljanje po\u0161tnih po\u0161iljk: Naravoslovnotehni\u0161ka fakulteta \u0160tudentski referat A\u0161ker\u010deva 12 1000 Ljubljana Lokacija pisarne: A\u0161ker\u010deva 12 Pisarna P-6, pritli\u010dje ... Read more","og_url":"https:\/\/www.ntf.uni-lj.si\/ntf\/studij\/referat\/referat-mont\/splosno\/","og_site_name":"NTF","article_modified_time":"2024-08-19T09:48:09+00:00","schema":{"@context":"https:\/\/schema.org","@graph":[{"@type":"WebSite","@id":"https:\/\/www.ntf.uni-lj.si\/ntf\/#website","url":"https:\/\/www.ntf.uni-lj.si\/ntf\/","name":"NTF","description":"Naravoslovnotehni\u0161ka fakulteta","potentialAction":[{"@type":"SearchAction","target":{"@type":"EntryPoint","urlTemplate":"https:\/\/www.ntf.uni-lj.si\/ntf\/?s={search_term_string}"},"query-input":"required name=search_term_string"}],"inLanguage":"en-US"},{"@type":"WebPage","@id":"https:\/\/www.ntf.uni-lj.si\/ntf\/studij\/referat\/referat-mont\/splosno\/#webpage","url":"https:\/\/www.ntf.uni-lj.si\/ntf\/studij\/referat\/referat-mont\/splosno\/","name":"Kontakti in uradne ure - NTF","isPartOf":{"@id":"https:\/\/www.ntf.uni-lj.si\/ntf\/#website"},"datePublished":"2015-04-03T08:12:09+00:00","dateModified":"2024-08-19T09:48:09+00:00","breadcrumb":{"@id":"https:\/\/www.ntf.uni-lj.si\/ntf\/studij\/referat\/referat-mont\/splosno\/#breadcrumb"},"inLanguage":"en-US","potentialAction":[{"@type":"ReadAction","target":["https:\/\/www.ntf.uni-lj.si\/ntf\/studij\/referat\/referat-mont\/splosno\/"]}]},{"@type":"BreadcrumbList","@id":"https:\/\/www.ntf.uni-lj.si\/ntf\/studij\/referat\/referat-mont\/splosno\/#breadcrumb","itemListElement":[{"@type":"ListItem","position":1,"name":"Domov","item":"https:\/\/www.ntf.uni-lj.si\/ntf\/"},{"@type":"ListItem","position":2,"name":"\u0160tudij","item":"https:\/\/www.ntf.uni-lj.si\/ntf\/studij\/"},{"@type":"ListItem","position":3,"name":"Referat","item":"https:\/\/www.ntf.uni-lj.si\/ntf\/studij\/referat\/"},{"@type":"ListItem","position":4,"name":"Referat MONT","item":"https:\/\/www.ntf.uni-lj.si\/ntf\/studij\/referat\/referat-mont\/"},{"@type":"ListItem","position":5,"name":"Kontakti in uradne ure"}]}]}},"_links":{"self":[{"href":"https:\/\/www.ntf.uni-lj.si\/ntf\/wp-json\/wp\/v2\/pages\/429"}],"collection":[{"href":"https:\/\/www.ntf.uni-lj.si\/ntf\/wp-json\/wp\/v2\/pages"}],"about":[{"href":"https:\/\/www.ntf.uni-lj.si\/ntf\/wp-json\/wp\/v2\/types\/page"}],"author":[{"embeddable":true,"href":"https:\/\/www.ntf.uni-lj.si\/ntf\/wp-json\/wp\/v2\/users\/15"}],"replies":[{"embeddable":true,"href":"https:\/\/www.ntf.uni-lj.si\/ntf\/wp-json\/wp\/v2\/comments?post=429"}],"version-history":[{"count":50,"href":"https:\/\/www.ntf.uni-lj.si\/ntf\/wp-json\/wp\/v2\/pages\/429\/revisions"}],"predecessor-version":[{"id":27822,"href":"https:\/\/www.ntf.uni-lj.si\/ntf\/wp-json\/wp\/v2\/pages\/429\/revisions\/27822"}],"up":[{"embeddable":true,"href":"https:\/\/www.ntf.uni-lj.si\/ntf\/wp-json\/wp\/v2\/pages\/414"}],"wp:attachment":[{"href":"https:\/\/www.ntf.uni-lj.si\/ntf\/wp-json\/wp\/v2\/media?parent=429"}],"curies":[{"name":"wp","href":"https:\/\/api.w.org\/{rel}","templated":true}]}}