{"id":5372,"date":"2016-02-16T10:50:23","date_gmt":"2016-02-16T09:50:23","guid":{"rendered":"http:\/\/www.ntf.uni-lj.si\/ntf\/?page_id=5372"},"modified":"2016-12-22T15:59:55","modified_gmt":"2016-12-22T14:59:55","slug":"dosezki","status":"publish","type":"page","link":"https:\/\/www.ntf.uni-lj.si\/ntf\/raziskovanje\/raziskovalno-delo\/dosezki\/","title":{"rendered":"Dose\u017eki"},"content":{"rendered":"<p><strong>NAJODMEVNEJ\u0160I\u00a0RAZISKOVALNI DOSE\u017dKI NARAVOSLOVNOTEHNI\u0160KE\u00a0FAKULTETE V LETU 2016<\/strong><\/p>\n<p>Na Naravoslovnotehni\u0161ki fakulteti smo v Tednu Univerze predstavili 16 najodmevnej\u0161ih raziskovalnih dose\u017ekov sodelavcev ter \u0161tudentov. Dose\u017eki so raznoliki in segajo tako na podro\u010dje znanosti kot umetnosti.<\/p>\n<p>Kakovost izbranih raziskovalnih dose\u017ekov potrjuje, da imamo na na\u0161i fakulteti odli\u010dne, zgledne raziskovalce, ki s svojimi rezultati dela pomembno prispevajo k razvoju raziskovalnih podro\u010dij, na katerih delujejo kot tudi k ugledu na\u0161e fakultete v Sloveniji ter v mednarodnem prostoru.<\/p>\n<p>Veseli smo, da lahko med leto\u0161njimi dose\u017eki izpostavimo raziskavo Jelene Vasiljevi\u0107 s sodelavci z naslovom Razvoj novega postopka oblikovanja obstojnega ve\u010dfunkcionalnega hibridnega filma sol-gel, ki je bila izbrana kot eden izmed desetih najodmevnej\u0161ih dose\u017ekov Univerze v Ljubljani v letu 2016 (\u00a0<span style=\"color: #000000\"><span style=\"text-decoration: underline\"><a style=\"color: #000000;text-decoration: underline\" href=\"https:\/\/www.ntf.uni-lj.si\/toi\/notification\/najodmevnejsi-raziskovalni-dosezki-univerze-v-ljubljani-v-letu-2016\/\">https:\/\/www.ntf.uni-lj.si\/toi\/notification\/najodmevnejsi-raziskovalni-dosezki-univerze-v-ljubljani-v-letu-2016\/<\/a><\/span>,\u00a0<span style=\"text-decoration: underline\"><a style=\"color: #000000;text-decoration: underline\" href=\"https:\/\/www.uni-lj.si\/aktualno\/novice\/2016120515044972\/\">https:\/\/www.uni-lj.si\/aktualno\/novice\/2016120515044972\/<\/a><\/span><\/span>).<\/p>\n<p>Vsem avtorjem najodmevnej\u0161ih raziskovalnih dose\u017ekov NTF v letu 2016 za uspe\u0161no opravljeno raziskovalno delo iskreno \u010destitamo!<\/p>\n<p>Predstavitev raziskovalnih dose\u017ekov si lahko ogledate na Oddelku za tekstilstvo, grafiko in oblikovanje, Sne\u017eni\u0161ka 5, v 5. nadstropju in na spodnji povezavi:<\/p>\n<p><a href=\"https:\/\/www.ntf.uni-lj.si\/ntf\/wp-content\/uploads\/sites\/2\/2016\/02\/Naj-RD-NTF-2016-prosojnice-za-dogodek-2016-za-splet.pdf\">Najodmevnej\u0161i RD NTF 2016<\/a><\/p>\n<p>&nbsp;<\/p>\n","protected":false},"excerpt":{"rendered":"NAJODMEVNEJ\u0160I\u00a0RAZISKOVALNI DOSE\u017dKI NARAVOSLOVNOTEHNI\u0160KE\u00a0FAKULTETE V LETU 2016 Na Naravoslovnotehni\u0161ki fakulteti smo v Tednu Univerze predstavili 16 najodmevnej\u0161ih raziskovalnih dose\u017ekov sodelavcev ter \u0161tudentov. Dose\u017eki so raznoliki in segajo tako na podro\u010dje znanosti kot umetnosti. Kakovost izbranih raziskovalnih dose\u017ekov potrjuje, da imamo na na\u0161i fakulteti odli\u010dne, zgledne raziskovalce, ki s svojimi rezultati dela pomembno prispevajo k razvoju raziskovalnih &#8230; <a class=\"view-article\" href=\"https:\/\/www.ntf.uni-lj.si\/ntf\/raziskovanje\/raziskovalno-delo\/dosezki\/\">Read more<\/a>","protected":false},"author":21,"featured_media":0,"parent":2418,"menu_order":265,"comment_status":"closed","ping_status":"closed","template":"","meta":[],"acf":[],"yoast_head":"<!-- This site is optimized with the Yoast SEO plugin v17.0 - https:\/\/yoast.com\/wordpress\/plugins\/seo\/ -->\n<meta name=\"robots\" content=\"index, follow, max-snippet:-1, max-image-preview:large, max-video-preview:-1\" \/>\n<link rel=\"canonical\" href=\"https:\/\/www.ntf.uni-lj.si\/ntf\/raziskovanje\/raziskovalno-delo\/dosezki\/\" \/>\n<meta property=\"og:locale\" content=\"en_US\" \/>\n<meta property=\"og:type\" content=\"article\" \/>\n<meta property=\"og:title\" content=\"Dose\u017eki - NTF\" \/>\n<meta property=\"og:description\" content=\"NAJODMEVNEJ\u0160I\u00a0RAZISKOVALNI DOSE\u017dKI NARAVOSLOVNOTEHNI\u0160KE\u00a0FAKULTETE V LETU 2016 Na Naravoslovnotehni\u0161ki fakulteti smo v Tednu Univerze predstavili 16 najodmevnej\u0161ih raziskovalnih dose\u017ekov sodelavcev ter \u0161tudentov. Dose\u017eki so raznoliki in segajo tako na podro\u010dje znanosti kot umetnosti. Kakovost izbranih raziskovalnih dose\u017ekov potrjuje, da imamo na na\u0161i fakulteti odli\u010dne, zgledne raziskovalce, ki s svojimi rezultati dela pomembno prispevajo k razvoju raziskovalnih ... Read more\" \/>\n<meta property=\"og:url\" content=\"https:\/\/www.ntf.uni-lj.si\/ntf\/raziskovanje\/raziskovalno-delo\/dosezki\/\" \/>\n<meta property=\"og:site_name\" content=\"NTF\" \/>\n<meta property=\"article:modified_time\" content=\"2016-12-22T14:59:55+00:00\" \/>\n<meta name=\"twitter:label1\" content=\"Est. reading time\" \/>\n\t<meta name=\"twitter:data1\" content=\"1 minute\" \/>\n<script type=\"application\/ld+json\" class=\"yoast-schema-graph\">{\"@context\":\"https:\/\/schema.org\",\"@graph\":[{\"@type\":\"WebSite\",\"@id\":\"https:\/\/www.ntf.uni-lj.si\/ntf\/#website\",\"url\":\"https:\/\/www.ntf.uni-lj.si\/ntf\/\",\"name\":\"NTF\",\"description\":\"Naravoslovnotehni\\u0161ka fakulteta\",\"potentialAction\":[{\"@type\":\"SearchAction\",\"target\":{\"@type\":\"EntryPoint\",\"urlTemplate\":\"https:\/\/www.ntf.uni-lj.si\/ntf\/?s={search_term_string}\"},\"query-input\":\"required name=search_term_string\"}],\"inLanguage\":\"en-US\"},{\"@type\":\"WebPage\",\"@id\":\"https:\/\/www.ntf.uni-lj.si\/ntf\/raziskovanje\/raziskovalno-delo\/dosezki\/#webpage\",\"url\":\"https:\/\/www.ntf.uni-lj.si\/ntf\/raziskovanje\/raziskovalno-delo\/dosezki\/\",\"name\":\"Dose\\u017eki - NTF\",\"isPartOf\":{\"@id\":\"https:\/\/www.ntf.uni-lj.si\/ntf\/#website\"},\"datePublished\":\"2016-02-16T09:50:23+00:00\",\"dateModified\":\"2016-12-22T14:59:55+00:00\",\"breadcrumb\":{\"@id\":\"https:\/\/www.ntf.uni-lj.si\/ntf\/raziskovanje\/raziskovalno-delo\/dosezki\/#breadcrumb\"},\"inLanguage\":\"en-US\",\"potentialAction\":[{\"@type\":\"ReadAction\",\"target\":[\"https:\/\/www.ntf.uni-lj.si\/ntf\/raziskovanje\/raziskovalno-delo\/dosezki\/\"]}]},{\"@type\":\"BreadcrumbList\",\"@id\":\"https:\/\/www.ntf.uni-lj.si\/ntf\/raziskovanje\/raziskovalno-delo\/dosezki\/#breadcrumb\",\"itemListElement\":[{\"@type\":\"ListItem\",\"position\":1,\"name\":\"Domov\",\"item\":\"https:\/\/www.ntf.uni-lj.si\/ntf\/\"},{\"@type\":\"ListItem\",\"position\":2,\"name\":\"Raziskovanje\",\"item\":\"https:\/\/www.ntf.uni-lj.si\/ntf\/raziskovanje\/\"},{\"@type\":\"ListItem\",\"position\":3,\"name\":\"Raziskovalno delo\",\"item\":\"https:\/\/www.ntf.uni-lj.si\/ntf\/raziskovanje\/raziskovalno-delo\/\"},{\"@type\":\"ListItem\",\"position\":4,\"name\":\"Dose\\u017eki\"}]}]}<\/script>\n<!-- \/ Yoast SEO plugin. -->","yoast_head_json":{"robots":{"index":"index","follow":"follow","max-snippet":"max-snippet:-1","max-image-preview":"max-image-preview:large","max-video-preview":"max-video-preview:-1"},"canonical":"https:\/\/www.ntf.uni-lj.si\/ntf\/raziskovanje\/raziskovalno-delo\/dosezki\/","og_locale":"en_US","og_type":"article","og_title":"Dose\u017eki - NTF","og_description":"NAJODMEVNEJ\u0160I\u00a0RAZISKOVALNI DOSE\u017dKI NARAVOSLOVNOTEHNI\u0160KE\u00a0FAKULTETE V LETU 2016 Na Naravoslovnotehni\u0161ki fakulteti smo v Tednu Univerze predstavili 16 najodmevnej\u0161ih raziskovalnih dose\u017ekov sodelavcev ter \u0161tudentov. Dose\u017eki so raznoliki in segajo tako na podro\u010dje znanosti kot umetnosti. Kakovost izbranih raziskovalnih dose\u017ekov potrjuje, da imamo na na\u0161i fakulteti odli\u010dne, zgledne raziskovalce, ki s svojimi rezultati dela pomembno prispevajo k razvoju raziskovalnih ... Read more","og_url":"https:\/\/www.ntf.uni-lj.si\/ntf\/raziskovanje\/raziskovalno-delo\/dosezki\/","og_site_name":"NTF","article_modified_time":"2016-12-22T14:59:55+00:00","twitter_misc":{"Est. reading time":"1 minute"},"schema":{"@context":"https:\/\/schema.org","@graph":[{"@type":"WebSite","@id":"https:\/\/www.ntf.uni-lj.si\/ntf\/#website","url":"https:\/\/www.ntf.uni-lj.si\/ntf\/","name":"NTF","description":"Naravoslovnotehni\u0161ka fakulteta","potentialAction":[{"@type":"SearchAction","target":{"@type":"EntryPoint","urlTemplate":"https:\/\/www.ntf.uni-lj.si\/ntf\/?s={search_term_string}"},"query-input":"required name=search_term_string"}],"inLanguage":"en-US"},{"@type":"WebPage","@id":"https:\/\/www.ntf.uni-lj.si\/ntf\/raziskovanje\/raziskovalno-delo\/dosezki\/#webpage","url":"https:\/\/www.ntf.uni-lj.si\/ntf\/raziskovanje\/raziskovalno-delo\/dosezki\/","name":"Dose\u017eki - NTF","isPartOf":{"@id":"https:\/\/www.ntf.uni-lj.si\/ntf\/#website"},"datePublished":"2016-02-16T09:50:23+00:00","dateModified":"2016-12-22T14:59:55+00:00","breadcrumb":{"@id":"https:\/\/www.ntf.uni-lj.si\/ntf\/raziskovanje\/raziskovalno-delo\/dosezki\/#breadcrumb"},"inLanguage":"en-US","potentialAction":[{"@type":"ReadAction","target":["https:\/\/www.ntf.uni-lj.si\/ntf\/raziskovanje\/raziskovalno-delo\/dosezki\/"]}]},{"@type":"BreadcrumbList","@id":"https:\/\/www.ntf.uni-lj.si\/ntf\/raziskovanje\/raziskovalno-delo\/dosezki\/#breadcrumb","itemListElement":[{"@type":"ListItem","position":1,"name":"Domov","item":"https:\/\/www.ntf.uni-lj.si\/ntf\/"},{"@type":"ListItem","position":2,"name":"Raziskovanje","item":"https:\/\/www.ntf.uni-lj.si\/ntf\/raziskovanje\/"},{"@type":"ListItem","position":3,"name":"Raziskovalno delo","item":"https:\/\/www.ntf.uni-lj.si\/ntf\/raziskovanje\/raziskovalno-delo\/"},{"@type":"ListItem","position":4,"name":"Dose\u017eki"}]}]}},"_links":{"self":[{"href":"https:\/\/www.ntf.uni-lj.si\/ntf\/wp-json\/wp\/v2\/pages\/5372"}],"collection":[{"href":"https:\/\/www.ntf.uni-lj.si\/ntf\/wp-json\/wp\/v2\/pages"}],"about":[{"href":"https:\/\/www.ntf.uni-lj.si\/ntf\/wp-json\/wp\/v2\/types\/page"}],"author":[{"embeddable":true,"href":"https:\/\/www.ntf.uni-lj.si\/ntf\/wp-json\/wp\/v2\/users\/21"}],"replies":[{"embeddable":true,"href":"https:\/\/www.ntf.uni-lj.si\/ntf\/wp-json\/wp\/v2\/comments?post=5372"}],"version-history":[{"count":22,"href":"https:\/\/www.ntf.uni-lj.si\/ntf\/wp-json\/wp\/v2\/pages\/5372\/revisions"}],"predecessor-version":[{"id":6867,"href":"https:\/\/www.ntf.uni-lj.si\/ntf\/wp-json\/wp\/v2\/pages\/5372\/revisions\/6867"}],"up":[{"embeddable":true,"href":"https:\/\/www.ntf.uni-lj.si\/ntf\/wp-json\/wp\/v2\/pages\/2418"}],"wp:attachment":[{"href":"https:\/\/www.ntf.uni-lj.si\/ntf\/wp-json\/wp\/v2\/media?parent=5372"}],"curies":[{"name":"wp","href":"https:\/\/api.w.org\/{rel}","templated":true}]}}