{"id":675,"date":"2015-04-03T09:33:02","date_gmt":"2015-04-03T09:33:02","guid":{"rendered":"http:\/\/www.ntf.uni-lj.si\/ntf\/?page_id=675"},"modified":"2018-05-29T14:05:47","modified_gmt":"2018-05-29T12:05:47","slug":"o-ric","status":"publish","type":"page","link":"https:\/\/www.ntf.uni-lj.si\/ntf\/raziskovanje\/ric-ul-ntf\/o-ric\/","title":{"rendered":"Predstavitev"},"content":{"rendered":"<p style=\"text-align: justify\">Raziskovalni infrastrukturni center Naravoslovnotehni\u0161ke fakultete (RIC UL NTF) dopolnjuje Mre\u017eo raziskovalnih infrastrukturnih centrov Univerze v Ljubljani (MRIC UL). Njegovo izvajanje zagotavlja Javna agencija za raziskovalno dejavnost RS.<\/p>\n<p style=\"text-align: justify\">RIC UL-NTF nudi podporo pri znanstveno-raziskovalnem, pedago\u0161kem in strokovnem delu na podro\u010djih izdelave, funkcionalizacije in karakterizacije razli\u010dnih organskih in anorganskih materialov, s poudarkom na vlaknotvornih in drugih polimernih (tekstilnih in grafi\u010dnih), kovinskih, nekovinskih in kompozitnih materialih, metalur\u0161kih, tekstilnih in grafi\u010dnih proizvodnih tehnologij, geotehnologije, rudarstva in geoin\u017eenirstva, geologije in varstva okolja. Oprema omogo\u010da numeri\u010dno modeliranje procesov in na\u010drtovanje okolju prijaznih materialov, proizvodov, postopkov in tehnologij. Omogo\u010da fizikalne simulacije procesov.<\/p>\n<p style=\"text-align: justify\">RIC UL-NTF zdru\u017euje vso veliko opremo Naravoslovnotehni\u0161ke fakultete, ki se odlikuje po visoki kakovosti tako z vidika natan\u010dnosti delovanja, stalnega vzdr\u017eevanja in visoke strokovnosti osebja, ki vodi delo na opremi.<\/p>\n<p style=\"text-align: justify\">Dejavnost RIC UL-NTF poteka v okviru dvanajstih laboratorijev, in sicer:<\/p>\n<ul style=\"text-align: justify\">\n<li>Laboratorija za mehansko tekstilno in grafi\u010dno tehnologijo,<\/li>\n<li>Laboratorija za kemijsko tekstilno in grafi\u010dno tehnologijo,<\/li>\n<li>Laboratorija za preizkuse tekstilnih in grafi\u010dnih materialov,<\/li>\n<li>Analitskega laboratorija,<\/li>\n<li>Laboratorija za in\u017eenirske materiale,<\/li>\n<li>Laboratorija za livarstvo,<\/li>\n<li>Laboratorija za metalografijo,<\/li>\n<li>Laboratorija za metalur\u0161ko procesno tehniko,<\/li>\n<li>Laboratorija za preoblikovanje materialov,<\/li>\n<li>Laboratorija za toplotno tehniko,<\/li>\n<li>Laboratorija za mehansko procesno tehniko in<\/li>\n<li>Laboratorija za mineralogijo, petrologijo in materiale.<\/li>\n<\/ul>\n<p style=\"text-align: justify\">RIC UL-NTF nudi infrastrukturno podporo raziskovalcem Naravoslovnotehni\u0161ke fakultete ter podpira njihovo sodelovanje z raziskovalnimi skupinami Univerze v Ljubljani, drugih slovenskih univerz, javnih raziskovalnih zavodov v Sloveniji in v mednarodnem prostoru. Z njegovo podporo so omogo\u010dene visoko kakovostne raziskave v okviru raziskovalnih programov, temeljnih, aplikativnih, podoktorskih in ciljnih raziskovalnih projektov, ki jih financira ARRS, EU in drugih mednarodnih projektih, COST akcijah, bilateralnih projektih in usposabljanja mladih raziskovalcev.<\/p>\n<p style=\"text-align: justify\">Pomembno dejavnost RIC UL-NTF predstavlja tudi njegova vklju\u010ditev v pedago\u0161ki proces, ki poteka na Naravoslovnotehni\u0161ki fakulteti. S svojo strojno in analitsko opremo aktivno sodeluje pri izvedbi laboratorijskih vaj, seminarskih, diplomskih, magistrskih in doktorskih del.<\/p>\n<p style=\"text-align: justify\">RIC UL-NTF sodeluje pri raziskavah v gospodarstvu. Z razli\u010dnimi ekspertizami podpira razvojne projekte slovenske tekstilne, metalur\u0161ke, kovinsko predelovalne, strojne in elektro industrije ter razli\u010dnih ve\u010djih in manj\u0161ih podjetij.<\/p>\n<p style=\"text-align: justify\">RIC UL-NTF nudi podporo vladnim in dr\u017eavnim organom in slu\u017ebam. Sodeluje z razli\u010dnimi dru\u0161tvi, organizacijami, zavodi, muzeji in drugimi uporabniki.<\/p>\n<p>&nbsp;<\/p>\n","protected":false},"excerpt":{"rendered":"Raziskovalni infrastrukturni center Naravoslovnotehni\u0161ke fakultete (RIC UL NTF) dopolnjuje Mre\u017eo raziskovalnih infrastrukturnih centrov Univerze v Ljubljani (MRIC UL). Njegovo izvajanje zagotavlja Javna agencija za raziskovalno dejavnost RS. RIC UL-NTF nudi podporo pri znanstveno-raziskovalnem, pedago\u0161kem in strokovnem delu na podro\u010djih izdelave, funkcionalizacije in karakterizacije razli\u010dnih organskih in anorganskih materialov, s poudarkom na vlaknotvornih in drugih polimernih &#8230; <a class=\"view-article\" href=\"https:\/\/www.ntf.uni-lj.si\/ntf\/raziskovanje\/ric-ul-ntf\/o-ric\/\">Read more<\/a>","protected":false},"author":39,"featured_media":0,"parent":2442,"menu_order":253,"comment_status":"closed","ping_status":"closed","template":"","meta":[],"acf":[],"yoast_head":"<!-- This site is optimized with the Yoast SEO plugin v17.0 - https:\/\/yoast.com\/wordpress\/plugins\/seo\/ -->\n<meta name=\"robots\" content=\"index, follow, max-snippet:-1, max-image-preview:large, max-video-preview:-1\" \/>\n<link rel=\"canonical\" href=\"https:\/\/www.ntf.uni-lj.si\/ntf\/raziskovanje\/ric-ul-ntf\/o-ric\/\" \/>\n<meta property=\"og:locale\" content=\"en_US\" \/>\n<meta property=\"og:type\" content=\"article\" \/>\n<meta property=\"og:title\" content=\"Predstavitev - NTF\" \/>\n<meta property=\"og:description\" content=\"Raziskovalni infrastrukturni center Naravoslovnotehni\u0161ke fakultete (RIC UL NTF) dopolnjuje Mre\u017eo raziskovalnih infrastrukturnih centrov Univerze v Ljubljani (MRIC UL). Njegovo izvajanje zagotavlja Javna agencija za raziskovalno dejavnost RS. RIC UL-NTF nudi podporo pri znanstveno-raziskovalnem, pedago\u0161kem in strokovnem delu na podro\u010djih izdelave, funkcionalizacije in karakterizacije razli\u010dnih organskih in anorganskih materialov, s poudarkom na vlaknotvornih in drugih polimernih ... Read more\" \/>\n<meta property=\"og:url\" content=\"https:\/\/www.ntf.uni-lj.si\/ntf\/raziskovanje\/ric-ul-ntf\/o-ric\/\" \/>\n<meta property=\"og:site_name\" content=\"NTF\" \/>\n<meta property=\"article:modified_time\" content=\"2018-05-29T12:05:47+00:00\" \/>\n<meta name=\"twitter:label1\" content=\"Est. reading time\" \/>\n\t<meta name=\"twitter:data1\" content=\"2 minutes\" \/>\n<script type=\"application\/ld+json\" class=\"yoast-schema-graph\">{\"@context\":\"https:\/\/schema.org\",\"@graph\":[{\"@type\":\"WebSite\",\"@id\":\"https:\/\/www.ntf.uni-lj.si\/ntf\/#website\",\"url\":\"https:\/\/www.ntf.uni-lj.si\/ntf\/\",\"name\":\"NTF\",\"description\":\"Naravoslovnotehni\\u0161ka fakulteta\",\"potentialAction\":[{\"@type\":\"SearchAction\",\"target\":{\"@type\":\"EntryPoint\",\"urlTemplate\":\"https:\/\/www.ntf.uni-lj.si\/ntf\/?s={search_term_string}\"},\"query-input\":\"required name=search_term_string\"}],\"inLanguage\":\"en-US\"},{\"@type\":\"WebPage\",\"@id\":\"https:\/\/www.ntf.uni-lj.si\/ntf\/raziskovanje\/ric-ul-ntf\/o-ric\/#webpage\",\"url\":\"https:\/\/www.ntf.uni-lj.si\/ntf\/raziskovanje\/ric-ul-ntf\/o-ric\/\",\"name\":\"Predstavitev - NTF\",\"isPartOf\":{\"@id\":\"https:\/\/www.ntf.uni-lj.si\/ntf\/#website\"},\"datePublished\":\"2015-04-03T09:33:02+00:00\",\"dateModified\":\"2018-05-29T12:05:47+00:00\",\"breadcrumb\":{\"@id\":\"https:\/\/www.ntf.uni-lj.si\/ntf\/raziskovanje\/ric-ul-ntf\/o-ric\/#breadcrumb\"},\"inLanguage\":\"en-US\",\"potentialAction\":[{\"@type\":\"ReadAction\",\"target\":[\"https:\/\/www.ntf.uni-lj.si\/ntf\/raziskovanje\/ric-ul-ntf\/o-ric\/\"]}]},{\"@type\":\"BreadcrumbList\",\"@id\":\"https:\/\/www.ntf.uni-lj.si\/ntf\/raziskovanje\/ric-ul-ntf\/o-ric\/#breadcrumb\",\"itemListElement\":[{\"@type\":\"ListItem\",\"position\":1,\"name\":\"Domov\",\"item\":\"https:\/\/www.ntf.uni-lj.si\/ntf\/\"},{\"@type\":\"ListItem\",\"position\":2,\"name\":\"Raziskovanje\",\"item\":\"https:\/\/www.ntf.uni-lj.si\/ntf\/raziskovanje\/\"},{\"@type\":\"ListItem\",\"position\":3,\"name\":\"Raziskovalni infrastrukturni center (RIC UL-NTF)\",\"item\":\"https:\/\/www.ntf.uni-lj.si\/ntf\/raziskovanje\/ric-ul-ntf\/\"},{\"@type\":\"ListItem\",\"position\":4,\"name\":\"Predstavitev\"}]}]}<\/script>\n<!-- \/ Yoast SEO plugin. -->","yoast_head_json":{"robots":{"index":"index","follow":"follow","max-snippet":"max-snippet:-1","max-image-preview":"max-image-preview:large","max-video-preview":"max-video-preview:-1"},"canonical":"https:\/\/www.ntf.uni-lj.si\/ntf\/raziskovanje\/ric-ul-ntf\/o-ric\/","og_locale":"en_US","og_type":"article","og_title":"Predstavitev - NTF","og_description":"Raziskovalni infrastrukturni center Naravoslovnotehni\u0161ke fakultete (RIC UL NTF) dopolnjuje Mre\u017eo raziskovalnih infrastrukturnih centrov Univerze v Ljubljani (MRIC UL). Njegovo izvajanje zagotavlja Javna agencija za raziskovalno dejavnost RS. RIC UL-NTF nudi podporo pri znanstveno-raziskovalnem, pedago\u0161kem in strokovnem delu na podro\u010djih izdelave, funkcionalizacije in karakterizacije razli\u010dnih organskih in anorganskih materialov, s poudarkom na vlaknotvornih in drugih polimernih ... Read more","og_url":"https:\/\/www.ntf.uni-lj.si\/ntf\/raziskovanje\/ric-ul-ntf\/o-ric\/","og_site_name":"NTF","article_modified_time":"2018-05-29T12:05:47+00:00","twitter_misc":{"Est. reading time":"2 minutes"},"schema":{"@context":"https:\/\/schema.org","@graph":[{"@type":"WebSite","@id":"https:\/\/www.ntf.uni-lj.si\/ntf\/#website","url":"https:\/\/www.ntf.uni-lj.si\/ntf\/","name":"NTF","description":"Naravoslovnotehni\u0161ka fakulteta","potentialAction":[{"@type":"SearchAction","target":{"@type":"EntryPoint","urlTemplate":"https:\/\/www.ntf.uni-lj.si\/ntf\/?s={search_term_string}"},"query-input":"required name=search_term_string"}],"inLanguage":"en-US"},{"@type":"WebPage","@id":"https:\/\/www.ntf.uni-lj.si\/ntf\/raziskovanje\/ric-ul-ntf\/o-ric\/#webpage","url":"https:\/\/www.ntf.uni-lj.si\/ntf\/raziskovanje\/ric-ul-ntf\/o-ric\/","name":"Predstavitev - NTF","isPartOf":{"@id":"https:\/\/www.ntf.uni-lj.si\/ntf\/#website"},"datePublished":"2015-04-03T09:33:02+00:00","dateModified":"2018-05-29T12:05:47+00:00","breadcrumb":{"@id":"https:\/\/www.ntf.uni-lj.si\/ntf\/raziskovanje\/ric-ul-ntf\/o-ric\/#breadcrumb"},"inLanguage":"en-US","potentialAction":[{"@type":"ReadAction","target":["https:\/\/www.ntf.uni-lj.si\/ntf\/raziskovanje\/ric-ul-ntf\/o-ric\/"]}]},{"@type":"BreadcrumbList","@id":"https:\/\/www.ntf.uni-lj.si\/ntf\/raziskovanje\/ric-ul-ntf\/o-ric\/#breadcrumb","itemListElement":[{"@type":"ListItem","position":1,"name":"Domov","item":"https:\/\/www.ntf.uni-lj.si\/ntf\/"},{"@type":"ListItem","position":2,"name":"Raziskovanje","item":"https:\/\/www.ntf.uni-lj.si\/ntf\/raziskovanje\/"},{"@type":"ListItem","position":3,"name":"Raziskovalni infrastrukturni center (RIC UL-NTF)","item":"https:\/\/www.ntf.uni-lj.si\/ntf\/raziskovanje\/ric-ul-ntf\/"},{"@type":"ListItem","position":4,"name":"Predstavitev"}]}]}},"_links":{"self":[{"href":"https:\/\/www.ntf.uni-lj.si\/ntf\/wp-json\/wp\/v2\/pages\/675"}],"collection":[{"href":"https:\/\/www.ntf.uni-lj.si\/ntf\/wp-json\/wp\/v2\/pages"}],"about":[{"href":"https:\/\/www.ntf.uni-lj.si\/ntf\/wp-json\/wp\/v2\/types\/page"}],"author":[{"embeddable":true,"href":"https:\/\/www.ntf.uni-lj.si\/ntf\/wp-json\/wp\/v2\/users\/39"}],"replies":[{"embeddable":true,"href":"https:\/\/www.ntf.uni-lj.si\/ntf\/wp-json\/wp\/v2\/comments?post=675"}],"version-history":[{"count":31,"href":"https:\/\/www.ntf.uni-lj.si\/ntf\/wp-json\/wp\/v2\/pages\/675\/revisions"}],"predecessor-version":[{"id":9691,"href":"https:\/\/www.ntf.uni-lj.si\/ntf\/wp-json\/wp\/v2\/pages\/675\/revisions\/9691"}],"up":[{"embeddable":true,"href":"https:\/\/www.ntf.uni-lj.si\/ntf\/wp-json\/wp\/v2\/pages\/2442"}],"wp:attachment":[{"href":"https:\/\/www.ntf.uni-lj.si\/ntf\/wp-json\/wp\/v2\/media?parent=675"}],"curies":[{"name":"wp","href":"https:\/\/api.w.org\/{rel}","templated":true}]}}