{"id":7134,"date":"2017-02-07T11:35:01","date_gmt":"2017-02-07T10:35:01","guid":{"rendered":"http:\/\/www.ntf.uni-lj.si\/ntf\/?page_id=7134"},"modified":"2025-11-28T13:34:45","modified_gmt":"2025-11-28T12:34:45","slug":"praksa","status":"publish","type":"page","link":"https:\/\/www.ntf.uni-lj.si\/ntf\/studij\/mednarodna-izmenjava\/erasmus\/praksa\/","title":{"rendered":"Erasmus+ praksa"},"content":{"rendered":"<h3><strong>Aktualna obvestila<\/strong><\/h3>\n<div class=\"notification\">\n<div class=\"date-wrap\">\n<div class=\"date \">\n<div class=\"num\">19<\/div>\n<div class=\"txt\">Nov<\/div>\n<\/div>\n<\/div>\n<div class=\"content\">\n<div class=\"title\"><a href=\"https:\/\/www.ntf.uni-lj.si\/ntf\/news\/predstavitev-erasmus-studijske-izmenjave-za-leto-2026-27\/\" class=\"\"><\/p>\n<h2>Predstavitev Erasmus+ \u0161tudijske izmenjave za leto 2026\/27<\/h2>\n<p><\/a><small class=\"date-author\">19. 11. 2025, at 10.36<\/small><small class=\"date-author\">, written by Alenka \u0160alej Lah<\/small><\/div>\n<div class=\"text multisite-text\">Spo\u0161tovani \u0161tudentje in \u0161tudentke, obve\u0161\u010damo vas, da je bil objavljen razpis za odhod na Erasmus+ \u0161tudijsko izmenjavo v \u0161tudijskem letu 2026\/2027. V sreda, 03.12.25, ob 11:00 uri, na A\u0161ker\u010devi 12, v predavalnici P5, bo potekala\u00a0predstavitev Erasmus+ \u0161tudijske izmenjave in aktualnega razpisa za akademsko leto 2026\/27 in pa Erasmus+ prakse. Vsi zainteresirani za \u0161tudijsko izmenjavo v ... <a class=\"view-article\" href=\"https:\/\/www.ntf.uni-lj.si\/ntf\/news\/predstavitev-erasmus-studijske-izmenjave-za-leto-2026-27\/\">Read more<\/a><\/div>\n<\/div>\n<div class=\"clearfix\"><\/div>\n<\/div>\n<div class=\"notification\">\n<div class=\"date-wrap\">\n<div class=\"date \">\n<div class=\"num\">11<\/div>\n<div class=\"txt\">Nov<\/div>\n<\/div>\n<\/div>\n<div class=\"content\">\n<div class=\"title\"><a href=\"https:\/\/www.ntf.uni-lj.si\/ntf\/news\/studentska-praksa-na-japonskem-vulcanus-programme-vulcanus-in-japan-2026-27-students-in-engineering-and-other-scientific-fields\/\" class=\"\"><\/p>\n<h2>\u0160tudentska praksa na Japonskem Vulcanus Programme: Vulcanus in Japan 2026\/27 (students in engineering and other scientific fields)<\/h2>\n<p><\/a><small class=\"date-author\">11. 11. 2025, at 14.00<\/small><small class=\"date-author\">, written by Alenka \u0160alej Lah<\/small><\/div>\n<div class=\"text multisite-text\">Posredujemo informacijo o praksi na Japonskem: Vulcanus in Japan 2026 &#8211; Industrial traineeship for university students in engineering and other scientific fields We are re-launching the &#8220;Vulcanus\u00a0in Japan&#8221;\u00a0programme\u00a0through universities in the EU or in\u00a0countries associated with the Single Market\u00a0Programme, SME pillar. The\u00a0programme\u00a0VULCANUS\u00a0IN JAPAN offers\u00a0industrial placements in companies in Japan\u00a0to citizens of an EU Member-State\u00a0or\u00a0of a ... <a class=\"view-article\" href=\"https:\/\/www.ntf.uni-lj.si\/ntf\/news\/studentska-praksa-na-japonskem-vulcanus-programme-vulcanus-in-japan-2026-27-students-in-engineering-and-other-scientific-fields\/\">Read more<\/a><\/div>\n<\/div>\n<div class=\"clearfix\"><\/div>\n<\/div>\n<div class=\"notification\">\n<div class=\"date-wrap\">\n<div class=\"date \">\n<div class=\"num\">15<\/div>\n<div class=\"txt\">Sep<\/div>\n<\/div>\n<\/div>\n<div class=\"content\">\n<div class=\"title\"><a href=\"https:\/\/www.ntf.uni-lj.si\/ntf\/news\/praksa-v-svici-za-studente-grafike-international-telecommunication-union-itu\/\" class=\"\"><\/p>\n<h2>Praksa v \u0160vici za \u0161tudente grafike- International Telecommunication Union (ITU)<\/h2>\n<p><\/a><small class=\"date-author\">15. 9. 2025, at 12.37<\/small><small class=\"date-author\">, written by Alenka \u0160alej Lah<\/small><\/div>\n<div class=\"text multisite-text\">Posredujemo obvestilo o mo\u017enosti opravljanja nepla\u010dane prakse (mo\u017enost on-line) v \u0160vici za \u0161tudente grafike (Erasmus+ financiranja za prakso v \u0160vici \u017eal ni mogo\u010de prejeti): Internship Opportunity at ITU \u2013 Join Our Design Team on a Major Web Redesign Project I am writing on behalf of the design team at the\u00a0International Telecommunication Union (ITU), the United ... <a class=\"view-article\" href=\"https:\/\/www.ntf.uni-lj.si\/ntf\/news\/praksa-v-svici-za-studente-grafike-international-telecommunication-union-itu\/\">Read more<\/a><\/div>\n<\/div>\n<div class=\"clearfix\"><\/div>\n<\/div>\n<div class=\"notification\">\n<div class=\"date-wrap\">\n<div class=\"date \">\n<div class=\"num\">16<\/div>\n<div class=\"txt\">Jul<\/div>\n<\/div>\n<\/div>\n<div class=\"content\">\n<div class=\"title\"><a href=\"https:\/\/www.ntf.uni-lj.si\/ntf\/news\/razpis-erasmus-praksa-25-26-smp-odprt\/\" class=\"\"><\/p>\n<h2>Razpis Erasmus+ praksa 25\/26 (SMP)- ODPRT<\/h2>\n<p><\/a><small class=\"date-author\">16. 7. 2025, at 11.24<\/small><small class=\"date-author\">, written by Alenka \u0160alej Lah<\/small><\/div>\n<div class=\"text multisite-text\">Univerza v Ljubljani je objavila\u00a0Razpis za prakti\u010dno usposabljanje (SMP) v okviru projekta Erasmus+ KA131.\u00a0Upravi\u010deno obdobje razpisa je od\u00a01.10.2025 do 30.9.2026. Pogoj za odobritev prijave je vpis v \u0161tudijsko leto 2025\/26 (razen za mlade diplomante, ki se morajo prijaviti \u0161e v \u010dasu pred zaklju\u010dkom \u0161tudija, ko \u0161e imajo status \u0161tudenta). Prijavo na razpis je potrebno oddati ... <a class=\"view-article\" href=\"https:\/\/www.ntf.uni-lj.si\/ntf\/news\/razpis-erasmus-praksa-25-26-smp-odprt\/\">Read more<\/a><\/div>\n<\/div>\n<div class=\"clearfix\"><\/div>\n<\/div>\n<div class=\"notification\">\n<div class=\"date-wrap\">\n<div class=\"date \">\n<div class=\"num\">2<\/div>\n<div class=\"txt\">Dec<\/div>\n<\/div>\n<\/div>\n<div class=\"content\">\n<div class=\"title\"><a href=\"https:\/\/www.ntf.uni-lj.si\/ntf\/news\/predstavitev-erasmus-studijske-izmenjave-za-leto-2025-2026\/\" class=\"\"><\/p>\n<h2>Predstavitev Erasmus+ \u0161tudijske izmenjave za leto 2025\/2026<\/h2>\n<p><\/a><small class=\"date-author\">2. 12. 2024, at 11.02<\/small><small class=\"date-author\">, written by Alenka \u0160alej Lah<\/small><\/div>\n<div class=\"text multisite-text\">Spo\u0161tovani \u0161tudentje in \u0161tudentke, obve\u0161\u010damo vas, da je bil objavljen razpis za odhod na Erasmus+ \u0161tudijsko izmenjavo v \u0161tudijskem letu 2025\/2026. V \u010detrtek, 12.12.24 ob 11:00 uri, na A\u0161ker\u010devi 12, v predavalnici P5, bo potekala\u00a0predstavitev Erasmus+ \u0161tudijske izmenjave in aktualnega razpisa za akademsko leto 2025\/26 in pa Ersamus+ prakse. Vsi zainteresirani za \u0161tudijsko izmenjavo v ... <a class=\"view-article\" href=\"https:\/\/www.ntf.uni-lj.si\/ntf\/news\/predstavitev-erasmus-studijske-izmenjave-za-leto-2025-2026\/\">Read more<\/a><\/div>\n<\/div>\n<div class=\"clearfix\"><\/div>\n<\/div>\n<p><a href=\"https:\/\/www.uni-lj.si\/mednarodno_sodelovanje_in_izmenjave\/program_erasmus_plus\/\">Erasmus+ program<\/a> omogo\u010da finan\u010dno pomo\u010d za opravljanje <a href=\"https:\/\/www.uni-lj.si\/mednarodno_sodelovanje_in_izmenjave\/program_erasmus_plus\/erasmus_plus_mobilnost_studentov_za_prakso\/\">prakti\u010dnega usposabljanja<\/a> \u0161tudentov in mladih diplomantov (v \u010dasu 1 leta po diplomiranju, prijava na SMP pa mora biti opravljena, ko ima \u0161tudent \u0161e status), na eni izmed evropskih visoko\u0161olskih institucij ali v podjetju in s tem omogo\u010da \u0161tudentom nepozabno kulturno, jezikovno in zrelostno izku\u0161njo, osebnostno rast, nova znanstva in s tem ve\u010dje mo\u017enosti za zaposlitev \u0161tudentov.<\/p>\n<h4><strong>Trenutni razpisi:<\/strong><\/h4>\n<ul>\n<li>Odprt (do porabe sredstev) je razpis za Erasmus+ \u0161tudijsko izmenjavo (EU in ostale dr\u017eave) za akademsko let0 2025\/2026 (prvi dan prakse 1.10.2025)!<\/li>\n<li>Odprt (do porabe sredstev) je razpis za Erasmus+ prakso 2024\/25 (sprotne prijave) (zadnji dan prakse 30.9.2025)!<\/li>\n<li>Odprt (do porabe sredstev) je razpis za \u0161tudijsko izmenjavo doktorskih \u0161tudentov (3.st.) Erasmus+ za akademsko leto 2024\/2025 (sprotne prijave)!<\/li>\n<\/ul>\n<p>Finan\u010dna podpora je opredeljena v dokumentu javnega razpisa (na dnu strani).<\/p>\n","protected":false},"excerpt":{"rendered":"Aktualna obvestila Erasmus+ program omogo\u010da finan\u010dno pomo\u010d za opravljanje prakti\u010dnega usposabljanja \u0161tudentov in mladih diplomantov (v \u010dasu 1 leta po diplomiranju, prijava na SMP pa mora biti opravljena, ko ima \u0161tudent \u0161e status), na eni izmed evropskih visoko\u0161olskih institucij ali v podjetju in s tem omogo\u010da \u0161tudentom nepozabno kulturno, jezikovno in zrelostno izku\u0161njo, osebnostno rast, &#8230; <a class=\"view-article\" href=\"https:\/\/www.ntf.uni-lj.si\/ntf\/news\/predstavitev-erasmus-studijske-izmenjave-za-leto-2025-2026\/\">Read more<\/a>","protected":false},"author":51,"featured_media":0,"parent":7136,"menu_order":95,"comment_status":"closed","ping_status":"closed","template":"","meta":[],"acf":[],"yoast_head":"<!-- This site is optimized with the Yoast SEO plugin v17.0 - https:\/\/yoast.com\/wordpress\/plugins\/seo\/ -->\n<meta name=\"robots\" content=\"index, follow, max-snippet:-1, max-image-preview:large, max-video-preview:-1\" \/>\n<link rel=\"canonical\" href=\"https:\/\/www.ntf.uni-lj.si\/ntf\/studij\/mednarodna-izmenjava\/erasmus\/praksa\/\" \/>\n<meta property=\"og:locale\" content=\"en_US\" \/>\n<meta property=\"og:type\" content=\"article\" \/>\n<meta property=\"og:title\" content=\"Erasmus+ praksa - NTF\" \/>\n<meta property=\"og:description\" content=\"Aktualna obvestila Erasmus+ program omogo\u010da finan\u010dno pomo\u010d za opravljanje prakti\u010dnega usposabljanja \u0161tudentov in mladih diplomantov (v \u010dasu 1 leta po diplomiranju, prijava na SMP pa mora biti opravljena, ko ima \u0161tudent \u0161e status), na eni izmed evropskih visoko\u0161olskih institucij ali v podjetju in s tem omogo\u010da \u0161tudentom nepozabno kulturno, jezikovno in zrelostno izku\u0161njo, osebnostno rast, ... Read more\" \/>\n<meta property=\"og:url\" content=\"https:\/\/www.ntf.uni-lj.si\/ntf\/studij\/mednarodna-izmenjava\/erasmus\/praksa\/\" \/>\n<meta property=\"og:site_name\" content=\"NTF\" \/>\n<meta property=\"article:modified_time\" content=\"2025-11-28T12:34:45+00:00\" \/>\n<meta name=\"twitter:label1\" content=\"Est. reading time\" \/>\n\t<meta name=\"twitter:data1\" content=\"1 minute\" \/>\n<script type=\"application\/ld+json\" class=\"yoast-schema-graph\">{\"@context\":\"https:\/\/schema.org\",\"@graph\":[{\"@type\":\"WebSite\",\"@id\":\"https:\/\/www.ntf.uni-lj.si\/ntf\/#website\",\"url\":\"https:\/\/www.ntf.uni-lj.si\/ntf\/\",\"name\":\"NTF\",\"description\":\"Naravoslovnotehni\\u0161ka fakulteta\",\"potentialAction\":[{\"@type\":\"SearchAction\",\"target\":{\"@type\":\"EntryPoint\",\"urlTemplate\":\"https:\/\/www.ntf.uni-lj.si\/ntf\/?s={search_term_string}\"},\"query-input\":\"required name=search_term_string\"}],\"inLanguage\":\"en-US\"},{\"@type\":\"WebPage\",\"@id\":\"https:\/\/www.ntf.uni-lj.si\/ntf\/studij\/mednarodna-izmenjava\/erasmus\/praksa\/#webpage\",\"url\":\"https:\/\/www.ntf.uni-lj.si\/ntf\/studij\/mednarodna-izmenjava\/erasmus\/praksa\/\",\"name\":\"Erasmus+ praksa - NTF\",\"isPartOf\":{\"@id\":\"https:\/\/www.ntf.uni-lj.si\/ntf\/#website\"},\"datePublished\":\"2017-02-07T10:35:01+00:00\",\"dateModified\":\"2025-11-28T12:34:45+00:00\",\"breadcrumb\":{\"@id\":\"https:\/\/www.ntf.uni-lj.si\/ntf\/studij\/mednarodna-izmenjava\/erasmus\/praksa\/#breadcrumb\"},\"inLanguage\":\"en-US\",\"potentialAction\":[{\"@type\":\"ReadAction\",\"target\":[\"https:\/\/www.ntf.uni-lj.si\/ntf\/studij\/mednarodna-izmenjava\/erasmus\/praksa\/\"]}]},{\"@type\":\"BreadcrumbList\",\"@id\":\"https:\/\/www.ntf.uni-lj.si\/ntf\/studij\/mednarodna-izmenjava\/erasmus\/praksa\/#breadcrumb\",\"itemListElement\":[{\"@type\":\"ListItem\",\"position\":1,\"name\":\"Domov\",\"item\":\"https:\/\/www.ntf.uni-lj.si\/ntf\/\"},{\"@type\":\"ListItem\",\"position\":2,\"name\":\"\\u0160tudij\",\"item\":\"https:\/\/www.ntf.uni-lj.si\/ntf\/studij\/\"},{\"@type\":\"ListItem\",\"position\":3,\"name\":\"Mednarodna izmenjava\",\"item\":\"https:\/\/www.ntf.uni-lj.si\/ntf\/studij\/mednarodna-izmenjava\/\"},{\"@type\":\"ListItem\",\"position\":4,\"name\":\"Erasmus+\",\"item\":\"https:\/\/www.ntf.uni-lj.si\/ntf\/studij\/mednarodna-izmenjava\/erasmus\/\"},{\"@type\":\"ListItem\",\"position\":5,\"name\":\"Erasmus+ praksa\"}]}]}<\/script>\n<!-- \/ Yoast SEO plugin. -->","yoast_head_json":{"robots":{"index":"index","follow":"follow","max-snippet":"max-snippet:-1","max-image-preview":"max-image-preview:large","max-video-preview":"max-video-preview:-1"},"canonical":"https:\/\/www.ntf.uni-lj.si\/ntf\/studij\/mednarodna-izmenjava\/erasmus\/praksa\/","og_locale":"en_US","og_type":"article","og_title":"Erasmus+ praksa - NTF","og_description":"Aktualna obvestila Erasmus+ program omogo\u010da finan\u010dno pomo\u010d za opravljanje prakti\u010dnega usposabljanja \u0161tudentov in mladih diplomantov (v \u010dasu 1 leta po diplomiranju, prijava na SMP pa mora biti opravljena, ko ima \u0161tudent \u0161e status), na eni izmed evropskih visoko\u0161olskih institucij ali v podjetju in s tem omogo\u010da \u0161tudentom nepozabno kulturno, jezikovno in zrelostno izku\u0161njo, osebnostno rast, ... Read more","og_url":"https:\/\/www.ntf.uni-lj.si\/ntf\/studij\/mednarodna-izmenjava\/erasmus\/praksa\/","og_site_name":"NTF","article_modified_time":"2025-11-28T12:34:45+00:00","twitter_misc":{"Est. reading time":"1 minute"},"schema":{"@context":"https:\/\/schema.org","@graph":[{"@type":"WebSite","@id":"https:\/\/www.ntf.uni-lj.si\/ntf\/#website","url":"https:\/\/www.ntf.uni-lj.si\/ntf\/","name":"NTF","description":"Naravoslovnotehni\u0161ka fakulteta","potentialAction":[{"@type":"SearchAction","target":{"@type":"EntryPoint","urlTemplate":"https:\/\/www.ntf.uni-lj.si\/ntf\/?s={search_term_string}"},"query-input":"required name=search_term_string"}],"inLanguage":"en-US"},{"@type":"WebPage","@id":"https:\/\/www.ntf.uni-lj.si\/ntf\/studij\/mednarodna-izmenjava\/erasmus\/praksa\/#webpage","url":"https:\/\/www.ntf.uni-lj.si\/ntf\/studij\/mednarodna-izmenjava\/erasmus\/praksa\/","name":"Erasmus+ praksa - NTF","isPartOf":{"@id":"https:\/\/www.ntf.uni-lj.si\/ntf\/#website"},"datePublished":"2017-02-07T10:35:01+00:00","dateModified":"2025-11-28T12:34:45+00:00","breadcrumb":{"@id":"https:\/\/www.ntf.uni-lj.si\/ntf\/studij\/mednarodna-izmenjava\/erasmus\/praksa\/#breadcrumb"},"inLanguage":"en-US","potentialAction":[{"@type":"ReadAction","target":["https:\/\/www.ntf.uni-lj.si\/ntf\/studij\/mednarodna-izmenjava\/erasmus\/praksa\/"]}]},{"@type":"BreadcrumbList","@id":"https:\/\/www.ntf.uni-lj.si\/ntf\/studij\/mednarodna-izmenjava\/erasmus\/praksa\/#breadcrumb","itemListElement":[{"@type":"ListItem","position":1,"name":"Domov","item":"https:\/\/www.ntf.uni-lj.si\/ntf\/"},{"@type":"ListItem","position":2,"name":"\u0160tudij","item":"https:\/\/www.ntf.uni-lj.si\/ntf\/studij\/"},{"@type":"ListItem","position":3,"name":"Mednarodna izmenjava","item":"https:\/\/www.ntf.uni-lj.si\/ntf\/studij\/mednarodna-izmenjava\/"},{"@type":"ListItem","position":4,"name":"Erasmus+","item":"https:\/\/www.ntf.uni-lj.si\/ntf\/studij\/mednarodna-izmenjava\/erasmus\/"},{"@type":"ListItem","position":5,"name":"Erasmus+ praksa"}]}]}},"_links":{"self":[{"href":"https:\/\/www.ntf.uni-lj.si\/ntf\/wp-json\/wp\/v2\/pages\/7134"}],"collection":[{"href":"https:\/\/www.ntf.uni-lj.si\/ntf\/wp-json\/wp\/v2\/pages"}],"about":[{"href":"https:\/\/www.ntf.uni-lj.si\/ntf\/wp-json\/wp\/v2\/types\/page"}],"author":[{"embeddable":true,"href":"https:\/\/www.ntf.uni-lj.si\/ntf\/wp-json\/wp\/v2\/users\/51"}],"replies":[{"embeddable":true,"href":"https:\/\/www.ntf.uni-lj.si\/ntf\/wp-json\/wp\/v2\/comments?post=7134"}],"version-history":[{"count":69,"href":"https:\/\/www.ntf.uni-lj.si\/ntf\/wp-json\/wp\/v2\/pages\/7134\/revisions"}],"predecessor-version":[{"id":31720,"href":"https:\/\/www.ntf.uni-lj.si\/ntf\/wp-json\/wp\/v2\/pages\/7134\/revisions\/31720"}],"up":[{"embeddable":true,"href":"https:\/\/www.ntf.uni-lj.si\/ntf\/wp-json\/wp\/v2\/pages\/7136"}],"wp:attachment":[{"href":"https:\/\/www.ntf.uni-lj.si\/ntf\/wp-json\/wp\/v2\/media?parent=7134"}],"curies":[{"name":"wp","href":"https:\/\/api.w.org\/{rel}","templated":true}]}}