{"id":8970,"date":"2018-02-01T11:36:21","date_gmt":"2018-02-01T10:36:21","guid":{"rendered":"http:\/\/www.ntf.uni-lj.si\/ntf\/?page_id=8970"},"modified":"2025-10-13T12:17:03","modified_gmt":"2025-10-13T10:17:03","slug":"nabava-opreme","status":"publish","type":"page","link":"https:\/\/www.ntf.uni-lj.si\/ntf\/o-fakulteti\/strokovne-sluzbe\/sluzba-za-informatiko\/nabava-opreme\/","title":{"rendered":"Nabava IT opreme &#8211; NTF"},"content":{"rendered":"<p>Naro\u010danje ra\u010dunalni\u0161ke opreme na NTF se izvede preko Slu\u017ebe za informatiko (SI) (Nabava IT opreme &#8211; NTF), skladno s posameznimi sklopi Okvirnega sporazuma \u0161t. 401-1\/2023: Dobava ra\u010dunalni\u0161ke opreme (v nadaljevanju: Okvirni sporazum), ki ga je UL NTF sklenila na podlagi krovnega Okvirnega sporazuma \u0161t. 401-1\/2023: Dobava ra\u010dunalni\u0161ke opreme, ki ga je sklenila Univerza v Ljubljani s posameznimi ponudniki opreme.<\/p>\n<p>Pravilnik za naro\u010danje ra\u010dunalni\u0161ke opreme: <a href=\"https:\/\/www.ntf.uni-lj.si\/ntf\/wp-content\/uploads\/sites\/2\/2025\/05\/Narocanje_racunalniske_opreme_2024-5-14.pdf\">Narocanje_racunalniske_opreme_2024-5-14<\/a><\/p>\n<p>V kolikor imate vpra\u0161anja pred nabavo jih po\u0161ljite na e-mail <a href=\"mailto:NTF.ITnabava@ntf.uni-lj.si\">NTF.ITnabava@ntf.uni-lj.si<\/a><\/p>\n<p>Oddajte povpra\u0161evanje za nabavo IT opreme:<\/p>\n<h2>Uporabite spletni obrazec:\u00a0<strong><a href=\"https:\/\/docs.google.com\/forms\/d\/e\/1FAIpQLSeuOnYLMkjYJFJAsuQMxx9xp74hIniUtyy7Gqkxe8G_nHSLvw\/viewform\">Nabava ra\u010dunalni\u0161ke opreme<\/a><\/strong><\/h2>\n<p>Izpolnite samo polja ki jih \u017eelite. <strong>Pred po\u0161iljanjem zahteve za ponudbo se dogovorite na Oddelku da imate zagotovljena sredstva za nakup!<br \/>\nUpravnemu odboru NTF morate predlo\u017eiti tudi izpolnjen obrazec o stanju obstoje\u010de ra\u010dunalni\u0161ke opreme in mo\u017enosti njene nadaljne uporabe\u00a0 ki ga najdete tukaj: <a href=\"https:\/\/www.ntf.uni-lj.si\/ntf\/wp-content\/uploads\/sites\/2\/2025\/05\/Obrazec15_Predlog-za-zamenjavo-racunalnika.pdf\">Obrazec15_Predlog-za-zamenjavo-racunalnika<\/a><\/strong><\/p>\n<p>Za izbrano ponudbo <b>izvedete interno naro\u010dilo na <a href=\"https:\/\/fiori.uni-lj.si\/?sap-language=sl\/\">svojem portalu Fiori<\/a> .\u00a0<\/b><\/p>\n<p><strong>Povpra\u0161evanje za redno nabavo se pri ponudnikih izvede 10 dni pred sejo UO NTF. <\/strong>Datumi sej UO NTF so objavljeni na <a href=\"https:\/\/portal.ntf.uni-lj.si\/uontf\/SitePages\/Home.aspx\" target=\"_blank\" rel=\"noopener\">Sharepoint portalu NTF<\/a><\/p>\n","protected":false},"excerpt":{"rendered":"Naro\u010danje ra\u010dunalni\u0161ke opreme na NTF se izvede preko Slu\u017ebe za informatiko (SI) (Nabava IT opreme &#8211; NTF), skladno s posameznimi sklopi Okvirnega sporazuma \u0161t. 401-1\/2023: Dobava ra\u010dunalni\u0161ke opreme (v nadaljevanju: Okvirni sporazum), ki ga je UL NTF sklenila na podlagi krovnega Okvirnega sporazuma \u0161t. 401-1\/2023: Dobava ra\u010dunalni\u0161ke opreme, ki ga je sklenila Univerza v Ljubljani &#8230; <a class=\"view-article\" href=\"https:\/\/www.ntf.uni-lj.si\/ntf\/o-fakulteti\/strokovne-sluzbe\/sluzba-za-informatiko\/nabava-opreme\/\">Read more<\/a>","protected":false},"author":37,"featured_media":0,"parent":8246,"menu_order":151,"comment_status":"closed","ping_status":"closed","template":"","meta":[],"acf":[],"yoast_head":"<!-- This site is optimized with the Yoast SEO plugin v17.0 - https:\/\/yoast.com\/wordpress\/plugins\/seo\/ -->\n<meta name=\"robots\" content=\"index, follow, max-snippet:-1, max-image-preview:large, max-video-preview:-1\" \/>\n<link rel=\"canonical\" href=\"https:\/\/www.ntf.uni-lj.si\/ntf\/o-fakulteti\/strokovne-sluzbe\/sluzba-za-informatiko\/nabava-opreme\/\" \/>\n<meta property=\"og:locale\" content=\"en_US\" \/>\n<meta property=\"og:type\" content=\"article\" \/>\n<meta property=\"og:title\" content=\"Nabava IT opreme - NTF - NTF\" \/>\n<meta property=\"og:description\" content=\"Naro\u010danje ra\u010dunalni\u0161ke opreme na NTF se izvede preko Slu\u017ebe za informatiko (SI) (Nabava IT opreme &#8211; NTF), skladno s posameznimi sklopi Okvirnega sporazuma \u0161t. 401-1\/2023: Dobava ra\u010dunalni\u0161ke opreme (v nadaljevanju: Okvirni sporazum), ki ga je UL NTF sklenila na podlagi krovnega Okvirnega sporazuma \u0161t. 401-1\/2023: Dobava ra\u010dunalni\u0161ke opreme, ki ga je sklenila Univerza v Ljubljani ... Read more\" \/>\n<meta property=\"og:url\" content=\"https:\/\/www.ntf.uni-lj.si\/ntf\/o-fakulteti\/strokovne-sluzbe\/sluzba-za-informatiko\/nabava-opreme\/\" \/>\n<meta property=\"og:site_name\" content=\"NTF\" \/>\n<meta property=\"article:modified_time\" content=\"2025-10-13T10:17:03+00:00\" \/>\n<meta name=\"twitter:label1\" content=\"Est. reading time\" \/>\n\t<meta name=\"twitter:data1\" content=\"1 minute\" \/>\n<script type=\"application\/ld+json\" class=\"yoast-schema-graph\">{\"@context\":\"https:\/\/schema.org\",\"@graph\":[{\"@type\":\"WebSite\",\"@id\":\"https:\/\/www.ntf.uni-lj.si\/ntf\/#website\",\"url\":\"https:\/\/www.ntf.uni-lj.si\/ntf\/\",\"name\":\"NTF\",\"description\":\"Naravoslovnotehni\\u0161ka fakulteta\",\"potentialAction\":[{\"@type\":\"SearchAction\",\"target\":{\"@type\":\"EntryPoint\",\"urlTemplate\":\"https:\/\/www.ntf.uni-lj.si\/ntf\/?s={search_term_string}\"},\"query-input\":\"required name=search_term_string\"}],\"inLanguage\":\"en-US\"},{\"@type\":\"WebPage\",\"@id\":\"https:\/\/www.ntf.uni-lj.si\/ntf\/o-fakulteti\/strokovne-sluzbe\/sluzba-za-informatiko\/nabava-opreme\/#webpage\",\"url\":\"https:\/\/www.ntf.uni-lj.si\/ntf\/o-fakulteti\/strokovne-sluzbe\/sluzba-za-informatiko\/nabava-opreme\/\",\"name\":\"Nabava IT opreme - NTF - NTF\",\"isPartOf\":{\"@id\":\"https:\/\/www.ntf.uni-lj.si\/ntf\/#website\"},\"datePublished\":\"2018-02-01T10:36:21+00:00\",\"dateModified\":\"2025-10-13T10:17:03+00:00\",\"breadcrumb\":{\"@id\":\"https:\/\/www.ntf.uni-lj.si\/ntf\/o-fakulteti\/strokovne-sluzbe\/sluzba-za-informatiko\/nabava-opreme\/#breadcrumb\"},\"inLanguage\":\"en-US\",\"potentialAction\":[{\"@type\":\"ReadAction\",\"target\":[\"https:\/\/www.ntf.uni-lj.si\/ntf\/o-fakulteti\/strokovne-sluzbe\/sluzba-za-informatiko\/nabava-opreme\/\"]}]},{\"@type\":\"BreadcrumbList\",\"@id\":\"https:\/\/www.ntf.uni-lj.si\/ntf\/o-fakulteti\/strokovne-sluzbe\/sluzba-za-informatiko\/nabava-opreme\/#breadcrumb\",\"itemListElement\":[{\"@type\":\"ListItem\",\"position\":1,\"name\":\"Domov\",\"item\":\"https:\/\/www.ntf.uni-lj.si\/ntf\/\"},{\"@type\":\"ListItem\",\"position\":2,\"name\":\"O fakulteti\",\"item\":\"https:\/\/www.ntf.uni-lj.si\/ntf\/o-fakulteti\/\"},{\"@type\":\"ListItem\",\"position\":3,\"name\":\"Strokovne slu\\u017ebe\",\"item\":\"https:\/\/www.ntf.uni-lj.si\/ntf\/o-fakulteti\/strokovne-sluzbe\/\"},{\"@type\":\"ListItem\",\"position\":4,\"name\":\"Slu\\u017eba za informatiko\",\"item\":\"https:\/\/www.ntf.uni-lj.si\/ntf\/o-fakulteti\/strokovne-sluzbe\/sluzba-za-informatiko\/\"},{\"@type\":\"ListItem\",\"position\":5,\"name\":\"Nabava IT opreme - NTF\"}]}]}<\/script>\n<!-- \/ Yoast SEO plugin. -->","yoast_head_json":{"robots":{"index":"index","follow":"follow","max-snippet":"max-snippet:-1","max-image-preview":"max-image-preview:large","max-video-preview":"max-video-preview:-1"},"canonical":"https:\/\/www.ntf.uni-lj.si\/ntf\/o-fakulteti\/strokovne-sluzbe\/sluzba-za-informatiko\/nabava-opreme\/","og_locale":"en_US","og_type":"article","og_title":"Nabava IT opreme - NTF - NTF","og_description":"Naro\u010danje ra\u010dunalni\u0161ke opreme na NTF se izvede preko Slu\u017ebe za informatiko (SI) (Nabava IT opreme &#8211; NTF), skladno s posameznimi sklopi Okvirnega sporazuma \u0161t. 401-1\/2023: Dobava ra\u010dunalni\u0161ke opreme (v nadaljevanju: Okvirni sporazum), ki ga je UL NTF sklenila na podlagi krovnega Okvirnega sporazuma \u0161t. 401-1\/2023: Dobava ra\u010dunalni\u0161ke opreme, ki ga je sklenila Univerza v Ljubljani ... Read more","og_url":"https:\/\/www.ntf.uni-lj.si\/ntf\/o-fakulteti\/strokovne-sluzbe\/sluzba-za-informatiko\/nabava-opreme\/","og_site_name":"NTF","article_modified_time":"2025-10-13T10:17:03+00:00","twitter_misc":{"Est. reading time":"1 minute"},"schema":{"@context":"https:\/\/schema.org","@graph":[{"@type":"WebSite","@id":"https:\/\/www.ntf.uni-lj.si\/ntf\/#website","url":"https:\/\/www.ntf.uni-lj.si\/ntf\/","name":"NTF","description":"Naravoslovnotehni\u0161ka fakulteta","potentialAction":[{"@type":"SearchAction","target":{"@type":"EntryPoint","urlTemplate":"https:\/\/www.ntf.uni-lj.si\/ntf\/?s={search_term_string}"},"query-input":"required name=search_term_string"}],"inLanguage":"en-US"},{"@type":"WebPage","@id":"https:\/\/www.ntf.uni-lj.si\/ntf\/o-fakulteti\/strokovne-sluzbe\/sluzba-za-informatiko\/nabava-opreme\/#webpage","url":"https:\/\/www.ntf.uni-lj.si\/ntf\/o-fakulteti\/strokovne-sluzbe\/sluzba-za-informatiko\/nabava-opreme\/","name":"Nabava IT opreme - NTF - NTF","isPartOf":{"@id":"https:\/\/www.ntf.uni-lj.si\/ntf\/#website"},"datePublished":"2018-02-01T10:36:21+00:00","dateModified":"2025-10-13T10:17:03+00:00","breadcrumb":{"@id":"https:\/\/www.ntf.uni-lj.si\/ntf\/o-fakulteti\/strokovne-sluzbe\/sluzba-za-informatiko\/nabava-opreme\/#breadcrumb"},"inLanguage":"en-US","potentialAction":[{"@type":"ReadAction","target":["https:\/\/www.ntf.uni-lj.si\/ntf\/o-fakulteti\/strokovne-sluzbe\/sluzba-za-informatiko\/nabava-opreme\/"]}]},{"@type":"BreadcrumbList","@id":"https:\/\/www.ntf.uni-lj.si\/ntf\/o-fakulteti\/strokovne-sluzbe\/sluzba-za-informatiko\/nabava-opreme\/#breadcrumb","itemListElement":[{"@type":"ListItem","position":1,"name":"Domov","item":"https:\/\/www.ntf.uni-lj.si\/ntf\/"},{"@type":"ListItem","position":2,"name":"O fakulteti","item":"https:\/\/www.ntf.uni-lj.si\/ntf\/o-fakulteti\/"},{"@type":"ListItem","position":3,"name":"Strokovne slu\u017ebe","item":"https:\/\/www.ntf.uni-lj.si\/ntf\/o-fakulteti\/strokovne-sluzbe\/"},{"@type":"ListItem","position":4,"name":"Slu\u017eba za informatiko","item":"https:\/\/www.ntf.uni-lj.si\/ntf\/o-fakulteti\/strokovne-sluzbe\/sluzba-za-informatiko\/"},{"@type":"ListItem","position":5,"name":"Nabava IT opreme - NTF"}]}]}},"_links":{"self":[{"href":"https:\/\/www.ntf.uni-lj.si\/ntf\/wp-json\/wp\/v2\/pages\/8970"}],"collection":[{"href":"https:\/\/www.ntf.uni-lj.si\/ntf\/wp-json\/wp\/v2\/pages"}],"about":[{"href":"https:\/\/www.ntf.uni-lj.si\/ntf\/wp-json\/wp\/v2\/types\/page"}],"author":[{"embeddable":true,"href":"https:\/\/www.ntf.uni-lj.si\/ntf\/wp-json\/wp\/v2\/users\/37"}],"replies":[{"embeddable":true,"href":"https:\/\/www.ntf.uni-lj.si\/ntf\/wp-json\/wp\/v2\/comments?post=8970"}],"version-history":[{"count":99,"href":"https:\/\/www.ntf.uni-lj.si\/ntf\/wp-json\/wp\/v2\/pages\/8970\/revisions"}],"predecessor-version":[{"id":31334,"href":"https:\/\/www.ntf.uni-lj.si\/ntf\/wp-json\/wp\/v2\/pages\/8970\/revisions\/31334"}],"up":[{"embeddable":true,"href":"https:\/\/www.ntf.uni-lj.si\/ntf\/wp-json\/wp\/v2\/pages\/8246"}],"wp:attachment":[{"href":"https:\/\/www.ntf.uni-lj.si\/ntf\/wp-json\/wp\/v2\/media?parent=8970"}],"curies":[{"name":"wp","href":"https:\/\/api.w.org\/{rel}","templated":true}]}}