{"id":7230,"date":"2021-08-02T14:05:01","date_gmt":"2021-08-02T12:05:01","guid":{"rendered":"https:\/\/www.ntf.uni-lj.si\/og\/?post_type=event&#038;p=7230"},"modified":"2021-08-12T09:50:12","modified_gmt":"2021-08-12T07:50:12","slug":"ris-restore-summer-school","status":"publish","type":"event","link":"https:\/\/www.ntf.uni-lj.si\/og\/event\/ris-restore-summer-school\/","title":{"rendered":"RIS-RESTORE Summer School"},"content":{"rendered":"<p>V mesecu avgustu in septembru v okviru EU projekta organiziramo poletno \u0161olo <strong>RIS-RESTORE: Evaluation of Red Mud Tailings<\/strong> in the ESEE region, ki je namenjena \u0161tudentom 2. &#8211; 5. letnika.<\/p>\n<p><u><b>Udele\u017eba na poletni \u0161oli prinese 1 ECTS!<\/b><\/u><\/p>\n<p>Program:<br \/>\n1. Red-mud characterization (Day 1)<br \/>\n2. Deposits in the ESEE region\u00a0 (Day 2)<br \/>\n3. Extraction of REE from red mud (Day 3)<br \/>\n4. Implementing industrial symbiosis &#8211; red\u00a0 mud recycling options (Day 4)<br \/>\n5. Red\u00a0 mud recycling options in the construction sector (Day 5)<br \/>\n6. Short innovation pitching course &amp; pitching session (Day 3 &amp; 5)<\/p>\n<p>Ve\u010d informacij o poletni \u0161oli najdete na spletni strani: <a href=\"http:\/\/ris-restore.zag.si\/summer-school\" target=\"_blank\" rel=\"noopener\">http:\/\/ris-restore.zag.si\/summer-school<\/a><\/p>\n<p><strong>Vabljeni k <a href=\"https:\/\/cdn.jotfor.ms\/211713614024342\" target=\"_blank\" rel=\"noopener\">prijavi<\/a> do 20. avgusta!<\/strong><\/p>\n<p>&nbsp;<\/p>\n","protected":false},"excerpt":{"rendered":"V mesecu avgustu in septembru v okviru EU projekta organiziramo poletno \u0161olo RIS-RESTORE: Evaluation of Red Mud Tailings in the ESEE region, ki je namenjena \u0161tudentom 2. &#8211; 5. letnika. Udele\u017eba na poletni \u0161oli prinese 1 ECTS! Program: 1. Red-mud characterization (Day 1) 2. Deposits in the ESEE region\u00a0 (Day 2) 3. Extraction of REE &#8230; <a class=\"view-article\" href=\"https:\/\/www.ntf.uni-lj.si\/og\/event\/ris-restore-summer-school\/\">Read more<\/a>","protected":false},"author":259,"featured_media":7234,"template":"","class_list":["post-7230","event","type-event","status-publish","has-post-thumbnail","hentry"],"acf":[],"_links":{"self":[{"href":"https:\/\/www.ntf.uni-lj.si\/og\/wp-json\/wp\/v2\/event\/7230","targetHints":{"allow":["GET"]}}],"collection":[{"href":"https:\/\/www.ntf.uni-lj.si\/og\/wp-json\/wp\/v2\/event"}],"about":[{"href":"https:\/\/www.ntf.uni-lj.si\/og\/wp-json\/wp\/v2\/types\/event"}],"author":[{"embeddable":true,"href":"https:\/\/www.ntf.uni-lj.si\/og\/wp-json\/wp\/v2\/users\/259"}],"version-history":[{"count":11,"href":"https:\/\/www.ntf.uni-lj.si\/og\/wp-json\/wp\/v2\/event\/7230\/revisions"}],"predecessor-version":[{"id":7259,"href":"https:\/\/www.ntf.uni-lj.si\/og\/wp-json\/wp\/v2\/event\/7230\/revisions\/7259"}],"wp:featuredmedia":[{"embeddable":true,"href":"https:\/\/www.ntf.uni-lj.si\/og\/wp-json\/wp\/v2\/media\/7234"}],"wp:attachment":[{"href":"https:\/\/www.ntf.uni-lj.si\/og\/wp-json\/wp\/v2\/media?parent=7230"}],"curies":[{"name":"wp","href":"https:\/\/api.w.org\/{rel}","templated":true}]}}

<p>V mesecu avgustu in septembru v okviru EU projekta organiziramo poletno šolo <strong>RIS-RESTORE: Evaluation of Red Mud Tailings</strong> in the ESEE region, ki je namenjena študentom 2. &#8211; 5. letnika.</p>
<p><u><b>Udeležba na poletni šoli prinese 1 ECTS!</b></u></p>
<p>Program:<br />
1. Red-mud characterization (Day 1)<br />
2. Deposits in the ESEE region  (Day 2)<br />
3. Extraction of REE from red mud (Day 3)<br />
4. Implementing industrial symbiosis &#8211; red  mud recycling options (Day 4)<br />
5. Red  mud recycling options in the construction sector (Day 5)<br />
6. Short innovation pitching course &amp; pitching session (Day 3 &amp; 5)</p>
<p>Več informacij o poletni šoli najdete na spletni strani: <a href="http://ris-restore.zag.si/summer-school" target="_blank" rel="noopener">http://ris-restore.zag.si/summer-school</a></p>
<p><strong>Vabljeni k <a href="https://cdn.jotfor.ms/211713614024342" target="_blank" rel="noopener">prijavi</a> do 20. avgusta!</strong></p>
<p>&nbsp;</p>

V mesecu avgustu in septembru v okviru EU projekta organiziramo poletno šolo RIS-RESTORE: Evaluation of Red Mud Tailings in the ESEE region, ki je namenjena študentom 2. &#8211; 5. letnika. Udeležba na poletni šoli prinese 1 ECTS! Program: 1. Red-mud characterization (Day 1) 2. Deposits in the ESEE region  (Day 2) 3. Extraction of REE &#8230; <a class="view-article" href="https://www.ntf.uni-lj.si/og/event/ris-restore-summer-school/">Read more</a>
