{"id":258,"date":"2015-03-30T09:46:01","date_gmt":"2015-03-30T09:46:01","guid":{"rendered":"http:\/\/www.ntf.uni-lj.si\/ogro\/?page_id=258"},"modified":"2024-01-18T08:34:09","modified_gmt":"2024-01-18T07:34:09","slug":"pogoji-za-vpis","status":"publish","type":"page","link":"https:\/\/www.ntf.uni-lj.si\/ogro\/studij\/1-stopnja\/geotehnologija-in-okolje-un\/pogoji-za-vpis\/","title":{"rendered":"Pogoji za vpis"},"content":{"rendered":"<p><strong>Pogoji za vpis<\/strong><\/p>\n<p>V univerzitetni \u0161tudijski program Geotehnologija in okolje se lahko vpi\u0161e:<\/p>\n<ol>\n<li>kdor je opravil splo\u0161no maturo,<\/li>\n<li>kdor je opravil poklicno maturo v kateremkoli srednje\u0161olskem programu in izpit iz enega od predmetov splo\u0161ne mature: matematika, fizika ali tuj jezik; izbrani predmet ne sme biti predmet, ki ga je kandidat \u017ee opravil pri poklicni maturi,<\/li>\n<li>kdor je pred 1.\u00a06.\u00a01995 kon\u010dal katerikoli \u0161tiriletni srednje\u0161olski program.<\/li>\n<\/ol>\n<p>&nbsp;<\/p>\n<p><strong>Merila za izbiro ob omejitvi vpisa<\/strong><\/p>\n<h4>\u010ce bo sprejet sklep o omejitvi vpisa, bodo kandidati iz to\u010dk a) in c) izbrani glede na:<\/h4>\n<ul>\n<li>splo\u0161ni uspeh pri splo\u0161ni maturi oziroma zaklju\u010dnem izpitu 60\u00a0% to\u010dk,<\/li>\n<li>splo\u0161ni uspeh v 3. in 4. letniku 40\u00a0% to\u010dk;\n<ul>\n<li><\/li>\n<\/ul>\n<\/li>\n<\/ul>\n<p>kandidati iz to\u010dke b) izbrani glede na:<\/p>\n<ul>\n<li>splo\u0161ni uspeh pri poklicni maturi 40\u00a0% to\u010dk,<\/li>\n<li>splo\u0161ni uspeh v 3. in 4. letniku 40\u00a0% to\u010dk,<\/li>\n<li>uspeh pri predmetu splo\u0161ne mature 20\u00a0% to\u010dk.\n<ul>\n<li><\/li>\n<li><\/li>\n<\/ul>\n<\/li>\n<\/ul>\n<p><strong>Merila za priznavanje znanja in spretnosti, pridobljenih pred vpisom v program\u00a0\u00a0\u00a0\u00a0 <\/strong><\/p>\n<p>Priznavanje znanj in spretnosti pridobljenih pred vpisom se obravnava individualno. O priznavanju odlo\u010da \u0160tudijska komisija NTF po predhodnem obravnavanju na Oddelku za geotehnologijo, rudarstvo in okolje. Kandidatu se lahko prizna znanja pridobljena z razli\u010dnimi na\u010dini izobra\u017eevanja, \u010de so le-ta vsebinsko podobna predmetom oziroma programu \u0161tudija Geotehnologija in okolje. Kandidat poleg vloge prilo\u017ei spri\u010devala in druga dokazila o pridobljenih znanjih ter vsebino teh znanj.<\/p>\n<p>Pri priznavanju znanja, pridobljenega pred vpisom bo \u0160tudijska komisija NTF upo\u0161tevala naslednja merila:<\/p>\n<p>&#8211; ustreznost pogojev za pristop v \u0161tudijski program Geotehnologija in okolje,<\/p>\n<p>&#8211; primerljivost obsega in vsebine predhodnega izobra\u017eevanja;<\/p>\n<p>Pridobljena znanja se lahko priznajo kot opravljena obveznost, \u010de je bil pogoj za vklju\u010ditev v program najmanj srednje\u0161olska izobrazba, \u010de je predhodno izobra\u017eevanje obsegalo najmanj 75 odstotkov obsega predmeta in najmanj 75 odstotkov vsebin ustreza vsebinam predmeta pri katerem se priznava \u0161tudijska obveznost. V primeru, da \u0160tudijska komisija ugotovi, da se pridobljeno znanje lahko prizna, se to vrednoti z enakim \u0161tevilom kreditnih to\u010dk po ECTS, kot zna\u0161a \u0161tevilo kreditnih to\u010dk pri predmetu.<\/p>\n<p>Prakti\u010dno usposabljanje je tudi mo\u017eno priznavati, \u010de je bil kandidat vsaj eno leto redno zaposlen v organizacijah, ki se ukvarjajo z geotehnolo\u0161ko dejavnostjo ali okoljskim in\u017eenirstvom.<\/p>\n<p>Pri morebitni omejitvi vpisa se kot merilo za izbiro upo\u0161tevajo tudi znanje in spretnosti, pridobljene pred vpisom, in sicer nagrade in druga javna priznanja.<\/p>\n","protected":false},"excerpt":{"rendered":"Pogoji za vpis V univerzitetni \u0161tudijski program Geotehnologija in okolje se lahko vpi\u0161e: kdor je opravil splo\u0161no maturo, kdor je opravil poklicno maturo v kateremkoli srednje\u0161olskem programu in izpit iz enega od predmetov splo\u0161ne mature: matematika, fizika ali tuj jezik; izbrani predmet ne sme biti predmet, ki ga je kandidat \u017ee opravil pri poklicni maturi, &#8230; <a class=\"view-article\" href=\"https:\/\/www.ntf.uni-lj.si\/ogro\/studij\/1-stopnja\/geotehnologija-in-okolje-un\/pogoji-za-vpis\/\">Read more<\/a>","protected":false},"author":15,"featured_media":0,"parent":246,"menu_order":20,"comment_status":"closed","ping_status":"closed","template":"","meta":[],"acf":[],"yoast_head":"<!-- This site is optimized with the Yoast SEO plugin v17.0 - https:\/\/yoast.com\/wordpress\/plugins\/seo\/ -->\n<meta name=\"robots\" content=\"index, follow, max-snippet:-1, max-image-preview:large, max-video-preview:-1\" \/>\n<link rel=\"canonical\" href=\"https:\/\/www.ntf.uni-lj.si\/ogro\/studij\/1-stopnja\/geotehnologija-in-okolje-un\/pogoji-za-vpis\/\" \/>\n<meta property=\"og:locale\" content=\"en_US\" \/>\n<meta property=\"og:type\" content=\"article\" \/>\n<meta property=\"og:title\" content=\"Pogoji za vpis - OGRO\" \/>\n<meta property=\"og:description\" content=\"Pogoji za vpis V univerzitetni \u0161tudijski program Geotehnologija in okolje se lahko vpi\u0161e: kdor je opravil splo\u0161no maturo, kdor je opravil poklicno maturo v kateremkoli srednje\u0161olskem programu in izpit iz enega od predmetov splo\u0161ne mature: matematika, fizika ali tuj jezik; izbrani predmet ne sme biti predmet, ki ga je kandidat \u017ee opravil pri poklicni maturi, ... Read more\" \/>\n<meta property=\"og:url\" content=\"https:\/\/www.ntf.uni-lj.si\/ogro\/studij\/1-stopnja\/geotehnologija-in-okolje-un\/pogoji-za-vpis\/\" \/>\n<meta property=\"og:site_name\" content=\"OGRO\" \/>\n<meta property=\"article:modified_time\" content=\"2024-01-18T07:34:09+00:00\" \/>\n<meta name=\"twitter:label1\" content=\"Est. reading time\" \/>\n\t<meta name=\"twitter:data1\" content=\"2 minutes\" \/>\n<script type=\"application\/ld+json\" class=\"yoast-schema-graph\">{\"@context\":\"https:\/\/schema.org\",\"@graph\":[{\"@type\":\"WebSite\",\"@id\":\"https:\/\/www.ntf.uni-lj.si\/ogro\/#website\",\"url\":\"https:\/\/www.ntf.uni-lj.si\/ogro\/\",\"name\":\"OGRO\",\"description\":\"Oddelek za geotehnologijo, rudarstvo in okolje\",\"potentialAction\":[{\"@type\":\"SearchAction\",\"target\":{\"@type\":\"EntryPoint\",\"urlTemplate\":\"https:\/\/www.ntf.uni-lj.si\/ogro\/?s={search_term_string}\"},\"query-input\":\"required name=search_term_string\"}],\"inLanguage\":\"en-US\"},{\"@type\":\"WebPage\",\"@id\":\"https:\/\/www.ntf.uni-lj.si\/ogro\/studij\/1-stopnja\/geotehnologija-in-okolje-un\/pogoji-za-vpis\/#webpage\",\"url\":\"https:\/\/www.ntf.uni-lj.si\/ogro\/studij\/1-stopnja\/geotehnologija-in-okolje-un\/pogoji-za-vpis\/\",\"name\":\"Pogoji za vpis - OGRO\",\"isPartOf\":{\"@id\":\"https:\/\/www.ntf.uni-lj.si\/ogro\/#website\"},\"datePublished\":\"2015-03-30T09:46:01+00:00\",\"dateModified\":\"2024-01-18T07:34:09+00:00\",\"breadcrumb\":{\"@id\":\"https:\/\/www.ntf.uni-lj.si\/ogro\/studij\/1-stopnja\/geotehnologija-in-okolje-un\/pogoji-za-vpis\/#breadcrumb\"},\"inLanguage\":\"en-US\",\"potentialAction\":[{\"@type\":\"ReadAction\",\"target\":[\"https:\/\/www.ntf.uni-lj.si\/ogro\/studij\/1-stopnja\/geotehnologija-in-okolje-un\/pogoji-za-vpis\/\"]}]},{\"@type\":\"BreadcrumbList\",\"@id\":\"https:\/\/www.ntf.uni-lj.si\/ogro\/studij\/1-stopnja\/geotehnologija-in-okolje-un\/pogoji-za-vpis\/#breadcrumb\",\"itemListElement\":[{\"@type\":\"ListItem\",\"position\":1,\"name\":\"Domov\",\"item\":\"https:\/\/www.ntf.uni-lj.si\/ogro\/\"},{\"@type\":\"ListItem\",\"position\":2,\"name\":\"\\u0160tudij\",\"item\":\"https:\/\/www.ntf.uni-lj.si\/ogro\/studij\/\"},{\"@type\":\"ListItem\",\"position\":3,\"name\":\"1. stopnja\",\"item\":\"https:\/\/www.ntf.uni-lj.si\/ogro\/studij\/1-stopnja\/\"},{\"@type\":\"ListItem\",\"position\":4,\"name\":\"Geotehnologija in okolje (UN)\",\"item\":\"https:\/\/www.ntf.uni-lj.si\/ogro\/studij\/1-stopnja\/geotehnologija-in-okolje-un\/\"},{\"@type\":\"ListItem\",\"position\":5,\"name\":\"Pogoji za vpis\"}]}]}<\/script>\n<!-- \/ Yoast SEO plugin. -->","yoast_head_json":{"robots":{"index":"index","follow":"follow","max-snippet":"max-snippet:-1","max-image-preview":"max-image-preview:large","max-video-preview":"max-video-preview:-1"},"canonical":"https:\/\/www.ntf.uni-lj.si\/ogro\/studij\/1-stopnja\/geotehnologija-in-okolje-un\/pogoji-za-vpis\/","og_locale":"en_US","og_type":"article","og_title":"Pogoji za vpis - OGRO","og_description":"Pogoji za vpis V univerzitetni \u0161tudijski program Geotehnologija in okolje se lahko vpi\u0161e: kdor je opravil splo\u0161no maturo, kdor je opravil poklicno maturo v kateremkoli srednje\u0161olskem programu in izpit iz enega od predmetov splo\u0161ne mature: matematika, fizika ali tuj jezik; izbrani predmet ne sme biti predmet, ki ga je kandidat \u017ee opravil pri poklicni maturi, ... Read more","og_url":"https:\/\/www.ntf.uni-lj.si\/ogro\/studij\/1-stopnja\/geotehnologija-in-okolje-un\/pogoji-za-vpis\/","og_site_name":"OGRO","article_modified_time":"2024-01-18T07:34:09+00:00","twitter_misc":{"Est. reading time":"2 minutes"},"schema":{"@context":"https:\/\/schema.org","@graph":[{"@type":"WebSite","@id":"https:\/\/www.ntf.uni-lj.si\/ogro\/#website","url":"https:\/\/www.ntf.uni-lj.si\/ogro\/","name":"OGRO","description":"Oddelek za geotehnologijo, rudarstvo in okolje","potentialAction":[{"@type":"SearchAction","target":{"@type":"EntryPoint","urlTemplate":"https:\/\/www.ntf.uni-lj.si\/ogro\/?s={search_term_string}"},"query-input":"required name=search_term_string"}],"inLanguage":"en-US"},{"@type":"WebPage","@id":"https:\/\/www.ntf.uni-lj.si\/ogro\/studij\/1-stopnja\/geotehnologija-in-okolje-un\/pogoji-za-vpis\/#webpage","url":"https:\/\/www.ntf.uni-lj.si\/ogro\/studij\/1-stopnja\/geotehnologija-in-okolje-un\/pogoji-za-vpis\/","name":"Pogoji za vpis - OGRO","isPartOf":{"@id":"https:\/\/www.ntf.uni-lj.si\/ogro\/#website"},"datePublished":"2015-03-30T09:46:01+00:00","dateModified":"2024-01-18T07:34:09+00:00","breadcrumb":{"@id":"https:\/\/www.ntf.uni-lj.si\/ogro\/studij\/1-stopnja\/geotehnologija-in-okolje-un\/pogoji-za-vpis\/#breadcrumb"},"inLanguage":"en-US","potentialAction":[{"@type":"ReadAction","target":["https:\/\/www.ntf.uni-lj.si\/ogro\/studij\/1-stopnja\/geotehnologija-in-okolje-un\/pogoji-za-vpis\/"]}]},{"@type":"BreadcrumbList","@id":"https:\/\/www.ntf.uni-lj.si\/ogro\/studij\/1-stopnja\/geotehnologija-in-okolje-un\/pogoji-za-vpis\/#breadcrumb","itemListElement":[{"@type":"ListItem","position":1,"name":"Domov","item":"https:\/\/www.ntf.uni-lj.si\/ogro\/"},{"@type":"ListItem","position":2,"name":"\u0160tudij","item":"https:\/\/www.ntf.uni-lj.si\/ogro\/studij\/"},{"@type":"ListItem","position":3,"name":"1. stopnja","item":"https:\/\/www.ntf.uni-lj.si\/ogro\/studij\/1-stopnja\/"},{"@type":"ListItem","position":4,"name":"Geotehnologija in okolje (UN)","item":"https:\/\/www.ntf.uni-lj.si\/ogro\/studij\/1-stopnja\/geotehnologija-in-okolje-un\/"},{"@type":"ListItem","position":5,"name":"Pogoji za vpis"}]}]}},"_links":{"self":[{"href":"https:\/\/www.ntf.uni-lj.si\/ogro\/wp-json\/wp\/v2\/pages\/258"}],"collection":[{"href":"https:\/\/www.ntf.uni-lj.si\/ogro\/wp-json\/wp\/v2\/pages"}],"about":[{"href":"https:\/\/www.ntf.uni-lj.si\/ogro\/wp-json\/wp\/v2\/types\/page"}],"author":[{"embeddable":true,"href":"https:\/\/www.ntf.uni-lj.si\/ogro\/wp-json\/wp\/v2\/users\/15"}],"replies":[{"embeddable":true,"href":"https:\/\/www.ntf.uni-lj.si\/ogro\/wp-json\/wp\/v2\/comments?post=258"}],"version-history":[{"count":11,"href":"https:\/\/www.ntf.uni-lj.si\/ogro\/wp-json\/wp\/v2\/pages\/258\/revisions"}],"predecessor-version":[{"id":4111,"href":"https:\/\/www.ntf.uni-lj.si\/ogro\/wp-json\/wp\/v2\/pages\/258\/revisions\/4111"}],"up":[{"embeddable":true,"href":"https:\/\/www.ntf.uni-lj.si\/ogro\/wp-json\/wp\/v2\/pages\/246"}],"wp:attachment":[{"href":"https:\/\/www.ntf.uni-lj.si\/ogro\/wp-json\/wp\/v2\/media?parent=258"}],"curies":[{"name":"wp","href":"https:\/\/api.w.org\/{rel}","templated":true}]}}