{"id":2675,"date":"2015-07-16T09:18:52","date_gmt":"2015-07-16T07:18:52","guid":{"rendered":"http:\/\/www.ntf.uni-lj.si\/ogro\/?page_id=2675"},"modified":"2020-01-20T13:23:27","modified_gmt":"2020-01-20T12:23:27","slug":"predstavitveni-zborniki","status":"publish","type":"page","link":"https:\/\/www.ntf.uni-lj.si\/ogro\/studij\/predstavitveni-zborniki\/","title":{"rendered":"Predstavitveni zborniki"},"content":{"rendered":"<p>Na spodnjih povezavah se nahajajo \u0161tudijski\u00a0zborniki \u0161tudijskih programov, ki veljajo\u00a0za \u0161tudente kateri so se na izbrani \u0161tudijski program vpisali <strong>pred \u0161tudijskim letom 2014\/2015,\u00a0<\/strong>\u00a0za \u0161tudente, ki so se na izbrani \u0161tudijski program vpisali\u00a0<strong>v\u00a0\u0161tudijskem letu 2014\/2015 <\/strong>do<strong>\u00a02016\/2017.<\/strong><\/p>\n<p><a href=\"http:\/\/www.ntf.uni-lj.si\/ogro\/wp-content\/uploads\/sites\/4\/2015\/07\/Predstavitveni-zbornik_UNI.pdf\">UNIVERZITETNI \u0160TUDIJSKI PROGRAM GEOTEHNOLOGIJA IN OKOLJE (vpis pred \u0161t. l. 2014\/2015)<br \/>\n<\/a><a href=\"http:\/\/www.ntf.uni-lj.si\/ogro\/wp-content\/uploads\/sites\/4\/2015\/07\/Predstavitveni-zbornik_UNI_od_14_15.pdf\">UNIVERZITETNI \u0160TUDIJSKI PROGRAM GEOTEHNOLOGIJA IN OKOLJE (vpis v \u0161t. l. 2014\/2015)<\/a><\/p>\n<p>&nbsp;<\/p>\n<p><a href=\"http:\/\/www.ntf.uni-lj.si\/ogro\/wp-content\/uploads\/sites\/4\/2015\/07\/Predstavitveni-zbornik_VS.pdf\">VISOKO\u0160OLSKI \u0160TUDIJSKI PROGRAM GEOTEHNOLOGIJA IN RUDARSTVO (vpis pred \u0161t. l. 2014\/2015)<\/a><\/p>\n<p>&nbsp;<\/p>\n<p><a href=\"http:\/\/www.ntf.uni-lj.si\/ogro\/wp-content\/uploads\/sites\/4\/2015\/07\/Predstavitveni-zbornik_MAG.pdf\">MAGISTRSKI \u0160TUDIJSKI PROGRAM GEOTEHNOLOGIJA (vpis pred \u0161t. l. 2014\/2015)<br \/>\n<\/a><a href=\"https:\/\/www.ntf.uni-lj.si\/ogro\/wp-content\/uploads\/sites\/4\/2015\/07\/Predstavitveni-zbornik_MAG_od_-14_15.pdf\">MAGISTRSKI \u0160TUDIJSKI PROGRAM GEOTEHNOLOGIJA (vpis v \u0161t. l. 2014\/2015)<br \/>\n<\/a><a href=\"https:\/\/www.ntf.uni-lj.si\/ogro\/wp-content\/uploads\/sites\/4\/2015\/04\/Predstavitveni-zbornik_MAG_od_-15_16.pdf\">MAGISTRSKI \u0160TUDIJSKI PROGRAM GEOTEHNOLOGIJA (vpis v \u0161t. l. 2015\/2016 in 2016\/2017)<br \/>\n<\/a><a href=\"https:\/\/www.ntf.uni-lj.si\/ogro\/wp-content\/uploads\/sites\/4\/2015\/04\/Geotehnologija.pdf\">PREDSTAVITVENI ZBORNIK \u0160TUDIJSKEGA PROGRAMA GEOTEHNOLOGIJA(MAG)<\/a><a href=\"http:\/\/PREDSTAVITVENI ZBORNIK \u0160TUDIJSKEGA PROGRAMA GEOETHNOLOGIJA(2. st)-do januar 2020\" target=\"_blank\" rel=\"noopener noreferrer\"><\/p>\n<p><\/a><br \/>\n<a href=\"http:\/\/www.ntf.uni-lj.si\/ogro\/wp-content\/uploads\/sites\/4\/2015\/07\/Gospodarsko-geoinzenirstvo_Predstavitveni-zbornik.pdf\">UNIVERZITETNI \u0160TUDIJSKI PROGRAM GOSPODARSKO GEOIN\u017dENIRSTVO<\/a><\/p>\n","protected":false},"excerpt":{"rendered":"Na spodnjih povezavah se nahajajo \u0161tudijski\u00a0zborniki \u0161tudijskih programov, ki veljajo\u00a0za \u0161tudente kateri so se na izbrani \u0161tudijski program vpisali pred \u0161tudijskim letom 2014\/2015,\u00a0\u00a0za \u0161tudente, ki so se na izbrani \u0161tudijski program vpisali\u00a0v\u00a0\u0161tudijskem letu 2014\/2015 do\u00a02016\/2017. UNIVERZITETNI \u0160TUDIJSKI PROGRAM GEOTEHNOLOGIJA IN OKOLJE (vpis pred \u0161t. l. 2014\/2015) UNIVERZITETNI \u0160TUDIJSKI PROGRAM GEOTEHNOLOGIJA IN OKOLJE (vpis v \u0161t. &#8230; <a class=\"view-article\" href=\"https:\/\/www.ntf.uni-lj.si\/ogro\/studij\/predstavitveni-zborniki\/\">Read more<\/a>","protected":false},"author":116,"featured_media":0,"parent":231,"menu_order":100,"comment_status":"closed","ping_status":"closed","template":"","meta":[],"acf":[],"yoast_head":"<!-- This site is optimized with the Yoast SEO plugin v17.0 - https:\/\/yoast.com\/wordpress\/plugins\/seo\/ -->\n<meta name=\"robots\" content=\"index, nofollow, max-snippet:-1, max-image-preview:large, max-video-preview:-1\" \/>\n<link rel=\"canonical\" href=\"https:\/\/www.ntf.uni-lj.si\/ogro\/studij\/predstavitveni-zborniki\/\" \/>\n<meta property=\"og:locale\" content=\"en_US\" \/>\n<meta property=\"og:type\" content=\"article\" \/>\n<meta property=\"og:title\" content=\"Predstavitveni zborniki - OGRO\" \/>\n<meta property=\"og:description\" content=\"Na spodnjih povezavah se nahajajo \u0161tudijski\u00a0zborniki \u0161tudijskih programov, ki veljajo\u00a0za \u0161tudente kateri so se na izbrani \u0161tudijski program vpisali pred \u0161tudijskim letom 2014\/2015,\u00a0\u00a0za \u0161tudente, ki so se na izbrani \u0161tudijski program vpisali\u00a0v\u00a0\u0161tudijskem letu 2014\/2015 do\u00a02016\/2017. UNIVERZITETNI \u0160TUDIJSKI PROGRAM GEOTEHNOLOGIJA IN OKOLJE (vpis pred \u0161t. l. 2014\/2015) UNIVERZITETNI \u0160TUDIJSKI PROGRAM GEOTEHNOLOGIJA IN OKOLJE (vpis v \u0161t. ... Read more\" \/>\n<meta property=\"og:url\" content=\"https:\/\/www.ntf.uni-lj.si\/ogro\/studij\/predstavitveni-zborniki\/\" \/>\n<meta property=\"og:site_name\" content=\"OGRO\" \/>\n<meta property=\"article:modified_time\" content=\"2020-01-20T12:23:27+00:00\" \/>\n<meta name=\"twitter:label1\" content=\"Est. reading time\" \/>\n\t<meta name=\"twitter:data1\" content=\"1 minute\" \/>\n<script type=\"application\/ld+json\" class=\"yoast-schema-graph\">{\"@context\":\"https:\/\/schema.org\",\"@graph\":[{\"@type\":\"WebSite\",\"@id\":\"https:\/\/www.ntf.uni-lj.si\/ogro\/#website\",\"url\":\"https:\/\/www.ntf.uni-lj.si\/ogro\/\",\"name\":\"OGRO\",\"description\":\"Oddelek za geotehnologijo, rudarstvo in okolje\",\"potentialAction\":[{\"@type\":\"SearchAction\",\"target\":{\"@type\":\"EntryPoint\",\"urlTemplate\":\"https:\/\/www.ntf.uni-lj.si\/ogro\/?s={search_term_string}\"},\"query-input\":\"required name=search_term_string\"}],\"inLanguage\":\"en-US\"},{\"@type\":\"WebPage\",\"@id\":\"https:\/\/www.ntf.uni-lj.si\/ogro\/studij\/predstavitveni-zborniki\/#webpage\",\"url\":\"https:\/\/www.ntf.uni-lj.si\/ogro\/studij\/predstavitveni-zborniki\/\",\"name\":\"Predstavitveni zborniki - OGRO\",\"isPartOf\":{\"@id\":\"https:\/\/www.ntf.uni-lj.si\/ogro\/#website\"},\"datePublished\":\"2015-07-16T07:18:52+00:00\",\"dateModified\":\"2020-01-20T12:23:27+00:00\",\"breadcrumb\":{\"@id\":\"https:\/\/www.ntf.uni-lj.si\/ogro\/studij\/predstavitveni-zborniki\/#breadcrumb\"},\"inLanguage\":\"en-US\",\"potentialAction\":[{\"@type\":\"ReadAction\",\"target\":[\"https:\/\/www.ntf.uni-lj.si\/ogro\/studij\/predstavitveni-zborniki\/\"]}]},{\"@type\":\"BreadcrumbList\",\"@id\":\"https:\/\/www.ntf.uni-lj.si\/ogro\/studij\/predstavitveni-zborniki\/#breadcrumb\",\"itemListElement\":[{\"@type\":\"ListItem\",\"position\":1,\"name\":\"Domov\",\"item\":\"https:\/\/www.ntf.uni-lj.si\/ogro\/\"},{\"@type\":\"ListItem\",\"position\":2,\"name\":\"\\u0160tudij\",\"item\":\"https:\/\/www.ntf.uni-lj.si\/ogro\/studij\/\"},{\"@type\":\"ListItem\",\"position\":3,\"name\":\"Predstavitveni zborniki\"}]}]}<\/script>\n<!-- \/ Yoast SEO plugin. -->","yoast_head_json":{"robots":{"index":"index","follow":"nofollow","max-snippet":"max-snippet:-1","max-image-preview":"max-image-preview:large","max-video-preview":"max-video-preview:-1"},"canonical":"https:\/\/www.ntf.uni-lj.si\/ogro\/studij\/predstavitveni-zborniki\/","og_locale":"en_US","og_type":"article","og_title":"Predstavitveni zborniki - OGRO","og_description":"Na spodnjih povezavah se nahajajo \u0161tudijski\u00a0zborniki \u0161tudijskih programov, ki veljajo\u00a0za \u0161tudente kateri so se na izbrani \u0161tudijski program vpisali pred \u0161tudijskim letom 2014\/2015,\u00a0\u00a0za \u0161tudente, ki so se na izbrani \u0161tudijski program vpisali\u00a0v\u00a0\u0161tudijskem letu 2014\/2015 do\u00a02016\/2017. UNIVERZITETNI \u0160TUDIJSKI PROGRAM GEOTEHNOLOGIJA IN OKOLJE (vpis pred \u0161t. l. 2014\/2015) UNIVERZITETNI \u0160TUDIJSKI PROGRAM GEOTEHNOLOGIJA IN OKOLJE (vpis v \u0161t. ... Read more","og_url":"https:\/\/www.ntf.uni-lj.si\/ogro\/studij\/predstavitveni-zborniki\/","og_site_name":"OGRO","article_modified_time":"2020-01-20T12:23:27+00:00","twitter_misc":{"Est. reading time":"1 minute"},"schema":{"@context":"https:\/\/schema.org","@graph":[{"@type":"WebSite","@id":"https:\/\/www.ntf.uni-lj.si\/ogro\/#website","url":"https:\/\/www.ntf.uni-lj.si\/ogro\/","name":"OGRO","description":"Oddelek za geotehnologijo, rudarstvo in okolje","potentialAction":[{"@type":"SearchAction","target":{"@type":"EntryPoint","urlTemplate":"https:\/\/www.ntf.uni-lj.si\/ogro\/?s={search_term_string}"},"query-input":"required name=search_term_string"}],"inLanguage":"en-US"},{"@type":"WebPage","@id":"https:\/\/www.ntf.uni-lj.si\/ogro\/studij\/predstavitveni-zborniki\/#webpage","url":"https:\/\/www.ntf.uni-lj.si\/ogro\/studij\/predstavitveni-zborniki\/","name":"Predstavitveni zborniki - OGRO","isPartOf":{"@id":"https:\/\/www.ntf.uni-lj.si\/ogro\/#website"},"datePublished":"2015-07-16T07:18:52+00:00","dateModified":"2020-01-20T12:23:27+00:00","breadcrumb":{"@id":"https:\/\/www.ntf.uni-lj.si\/ogro\/studij\/predstavitveni-zborniki\/#breadcrumb"},"inLanguage":"en-US","potentialAction":[{"@type":"ReadAction","target":["https:\/\/www.ntf.uni-lj.si\/ogro\/studij\/predstavitveni-zborniki\/"]}]},{"@type":"BreadcrumbList","@id":"https:\/\/www.ntf.uni-lj.si\/ogro\/studij\/predstavitveni-zborniki\/#breadcrumb","itemListElement":[{"@type":"ListItem","position":1,"name":"Domov","item":"https:\/\/www.ntf.uni-lj.si\/ogro\/"},{"@type":"ListItem","position":2,"name":"\u0160tudij","item":"https:\/\/www.ntf.uni-lj.si\/ogro\/studij\/"},{"@type":"ListItem","position":3,"name":"Predstavitveni zborniki"}]}]}},"_links":{"self":[{"href":"https:\/\/www.ntf.uni-lj.si\/ogro\/wp-json\/wp\/v2\/pages\/2675"}],"collection":[{"href":"https:\/\/www.ntf.uni-lj.si\/ogro\/wp-json\/wp\/v2\/pages"}],"about":[{"href":"https:\/\/www.ntf.uni-lj.si\/ogro\/wp-json\/wp\/v2\/types\/page"}],"author":[{"embeddable":true,"href":"https:\/\/www.ntf.uni-lj.si\/ogro\/wp-json\/wp\/v2\/users\/116"}],"replies":[{"embeddable":true,"href":"https:\/\/www.ntf.uni-lj.si\/ogro\/wp-json\/wp\/v2\/comments?post=2675"}],"version-history":[{"count":24,"href":"https:\/\/www.ntf.uni-lj.si\/ogro\/wp-json\/wp\/v2\/pages\/2675\/revisions"}],"predecessor-version":[{"id":3746,"href":"https:\/\/www.ntf.uni-lj.si\/ogro\/wp-json\/wp\/v2\/pages\/2675\/revisions\/3746"}],"up":[{"embeddable":true,"href":"https:\/\/www.ntf.uni-lj.si\/ogro\/wp-json\/wp\/v2\/pages\/231"}],"wp:attachment":[{"href":"https:\/\/www.ntf.uni-lj.si\/ogro\/wp-json\/wp\/v2\/media?parent=2675"}],"curies":[{"name":"wp","href":"https:\/\/api.w.org\/{rel}","templated":true}]}}