{"id":381,"date":"2015-04-01T10:35:49","date_gmt":"2015-04-01T10:35:49","guid":{"rendered":"http:\/\/www.ntf.uni-lj.si\/ogro\/?page_id=381"},"modified":"2020-05-04T08:32:47","modified_gmt":"2020-05-04T06:32:47","slug":"nacin-ocenjevanja","status":"publish","type":"page","link":"https:\/\/www.ntf.uni-lj.si\/ogro\/studij\/1-stopnja\/geotehnologija-in-rudarstvo-vs\/ostale-informacije\/nacin-ocenjevanja\/","title":{"rendered":"Na\u010din ocenjevanja"},"content":{"rendered":"<p>Znanje \u0161tudentov se preverja in ocenjuje po posameznih predmetih, tako da se u\u010dni proces pri vsakem predmetu kon\u010da s preverjanjem znanja. Splo\u0161na pravila preverjana znanja ureja Izpitni pravilnik NTF, ki ga potrjuje senat te ustanove. Oblike preverjanja znanja pri vseh predmetih so pisni in\/ali ustni izpit. Hkrati se pri posameznih predmetih preverja predhodno znanje, ki pogojuje pristop k opravljanju izpita. Ti na\u010dini preverjanja znanja so lahko: seminarske in projektne naloge, predstavitve in zagovori seminarskih ali projektnih del, dnevniki o opravljenih vajah, ustno preverjanje znanja pri vajah, kolokvij iz vaj, itn.<\/p>\n<p>&nbsp;<\/p>\n<p>Pri ocenjevanju se skladno s Statutom Univerze v Ljubljani uporablja ocenjevalna lestvica z<\/p>\n<p>ocenami:<\/p>\n<p>10 \u2013 (91-100%: odli\u010dno: izjemni rezultati z zanemarljivimi napakami),<\/p>\n<p>9 \u2013 (81-90%:prav dobro: nadpovpre\u010dno znanje, vendar z nekaj napakami),<\/p>\n<p>8 \u2013 (71-80%: prav dobro: solidni rezultati),<\/p>\n<p>7 \u2013 (61-70%: dobro: dobro znanje, vendar z ve\u010djimi napakami),<\/p>\n<p>6 \u2013 (51-60%: zadostno: znanje ustreza minimalnim kriterijem),<\/p>\n<p>5 \u2013 (50% in manj: nezadostno: znanje ne ustreza minimalnim kriterijem).\\<\/p>\n<p>&nbsp;<\/p>\n<p>Kandidat uspe\u0161no opravi preverjanje znanja, \u010de dobi oceno od zadostno (6) do odli\u010dno\u00a0(10).<\/p>\n","protected":false},"excerpt":{"rendered":"Znanje \u0161tudentov se preverja in ocenjuje po posameznih predmetih, tako da se u\u010dni proces pri vsakem predmetu kon\u010da s preverjanjem znanja. Splo\u0161na pravila preverjana znanja ureja Izpitni pravilnik NTF, ki ga potrjuje senat te ustanove. Oblike preverjanja znanja pri vseh predmetih so pisni in\/ali ustni izpit. Hkrati se pri posameznih predmetih preverja predhodno znanje, ki &#8230; <a class=\"view-article\" href=\"https:\/\/www.ntf.uni-lj.si\/ogro\/studij\/1-stopnja\/geotehnologija-in-rudarstvo-vs\/ostale-informacije\/nacin-ocenjevanja\/\">Read more<\/a>","protected":false},"author":15,"featured_media":0,"parent":353,"menu_order":10,"comment_status":"closed","ping_status":"closed","template":"","meta":[],"acf":[],"yoast_head":"<!-- This site is optimized with the Yoast SEO plugin v17.0 - https:\/\/yoast.com\/wordpress\/plugins\/seo\/ -->\n<meta name=\"robots\" content=\"index, follow, max-snippet:-1, max-image-preview:large, max-video-preview:-1\" \/>\n<link rel=\"canonical\" href=\"https:\/\/www.ntf.uni-lj.si\/ogro\/studij\/1-stopnja\/geotehnologija-in-rudarstvo-vs\/ostale-informacije\/nacin-ocenjevanja\/\" \/>\n<meta property=\"og:locale\" content=\"en_US\" \/>\n<meta property=\"og:type\" content=\"article\" \/>\n<meta property=\"og:title\" content=\"Na\u010din ocenjevanja - OGRO\" \/>\n<meta property=\"og:description\" content=\"Znanje \u0161tudentov se preverja in ocenjuje po posameznih predmetih, tako da se u\u010dni proces pri vsakem predmetu kon\u010da s preverjanjem znanja. Splo\u0161na pravila preverjana znanja ureja Izpitni pravilnik NTF, ki ga potrjuje senat te ustanove. Oblike preverjanja znanja pri vseh predmetih so pisni in\/ali ustni izpit. Hkrati se pri posameznih predmetih preverja predhodno znanje, ki ... Read more\" \/>\n<meta property=\"og:url\" content=\"https:\/\/www.ntf.uni-lj.si\/ogro\/studij\/1-stopnja\/geotehnologija-in-rudarstvo-vs\/ostale-informacije\/nacin-ocenjevanja\/\" \/>\n<meta property=\"og:site_name\" content=\"OGRO\" \/>\n<meta property=\"article:modified_time\" content=\"2020-05-04T06:32:47+00:00\" \/>\n<meta name=\"twitter:label1\" content=\"Est. reading time\" \/>\n\t<meta name=\"twitter:data1\" content=\"1 minute\" \/>\n<script type=\"application\/ld+json\" class=\"yoast-schema-graph\">{\"@context\":\"https:\/\/schema.org\",\"@graph\":[{\"@type\":\"WebSite\",\"@id\":\"https:\/\/www.ntf.uni-lj.si\/ogro\/#website\",\"url\":\"https:\/\/www.ntf.uni-lj.si\/ogro\/\",\"name\":\"OGRO\",\"description\":\"Oddelek za geotehnologijo, rudarstvo in okolje\",\"potentialAction\":[{\"@type\":\"SearchAction\",\"target\":{\"@type\":\"EntryPoint\",\"urlTemplate\":\"https:\/\/www.ntf.uni-lj.si\/ogro\/?s={search_term_string}\"},\"query-input\":\"required name=search_term_string\"}],\"inLanguage\":\"en-US\"},{\"@type\":\"WebPage\",\"@id\":\"https:\/\/www.ntf.uni-lj.si\/ogro\/studij\/1-stopnja\/geotehnologija-in-rudarstvo-vs\/ostale-informacije\/nacin-ocenjevanja\/#webpage\",\"url\":\"https:\/\/www.ntf.uni-lj.si\/ogro\/studij\/1-stopnja\/geotehnologija-in-rudarstvo-vs\/ostale-informacije\/nacin-ocenjevanja\/\",\"name\":\"Na\\u010din ocenjevanja - OGRO\",\"isPartOf\":{\"@id\":\"https:\/\/www.ntf.uni-lj.si\/ogro\/#website\"},\"datePublished\":\"2015-04-01T10:35:49+00:00\",\"dateModified\":\"2020-05-04T06:32:47+00:00\",\"breadcrumb\":{\"@id\":\"https:\/\/www.ntf.uni-lj.si\/ogro\/studij\/1-stopnja\/geotehnologija-in-rudarstvo-vs\/ostale-informacije\/nacin-ocenjevanja\/#breadcrumb\"},\"inLanguage\":\"en-US\",\"potentialAction\":[{\"@type\":\"ReadAction\",\"target\":[\"https:\/\/www.ntf.uni-lj.si\/ogro\/studij\/1-stopnja\/geotehnologija-in-rudarstvo-vs\/ostale-informacije\/nacin-ocenjevanja\/\"]}]},{\"@type\":\"BreadcrumbList\",\"@id\":\"https:\/\/www.ntf.uni-lj.si\/ogro\/studij\/1-stopnja\/geotehnologija-in-rudarstvo-vs\/ostale-informacije\/nacin-ocenjevanja\/#breadcrumb\",\"itemListElement\":[{\"@type\":\"ListItem\",\"position\":1,\"name\":\"Domov\",\"item\":\"https:\/\/www.ntf.uni-lj.si\/ogro\/\"},{\"@type\":\"ListItem\",\"position\":2,\"name\":\"\\u0160tudij\",\"item\":\"https:\/\/www.ntf.uni-lj.si\/ogro\/studij\/\"},{\"@type\":\"ListItem\",\"position\":3,\"name\":\"1. stopnja\",\"item\":\"https:\/\/www.ntf.uni-lj.si\/ogro\/studij\/1-stopnja\/\"},{\"@type\":\"ListItem\",\"position\":4,\"name\":\"Geotehnologija in rudarstvo (VS)\",\"item\":\"https:\/\/www.ntf.uni-lj.si\/ogro\/studij\/1-stopnja\/geotehnologija-in-rudarstvo-vs\/\"},{\"@type\":\"ListItem\",\"position\":5,\"name\":\"Ostale informacije\",\"item\":\"https:\/\/www.ntf.uni-lj.si\/ogro\/studij\/1-stopnja\/geotehnologija-in-rudarstvo-vs\/ostale-informacije\/\"},{\"@type\":\"ListItem\",\"position\":6,\"name\":\"Na\\u010din ocenjevanja\"}]}]}<\/script>\n<!-- \/ Yoast SEO plugin. -->","yoast_head_json":{"robots":{"index":"index","follow":"follow","max-snippet":"max-snippet:-1","max-image-preview":"max-image-preview:large","max-video-preview":"max-video-preview:-1"},"canonical":"https:\/\/www.ntf.uni-lj.si\/ogro\/studij\/1-stopnja\/geotehnologija-in-rudarstvo-vs\/ostale-informacije\/nacin-ocenjevanja\/","og_locale":"en_US","og_type":"article","og_title":"Na\u010din ocenjevanja - OGRO","og_description":"Znanje \u0161tudentov se preverja in ocenjuje po posameznih predmetih, tako da se u\u010dni proces pri vsakem predmetu kon\u010da s preverjanjem znanja. Splo\u0161na pravila preverjana znanja ureja Izpitni pravilnik NTF, ki ga potrjuje senat te ustanove. Oblike preverjanja znanja pri vseh predmetih so pisni in\/ali ustni izpit. Hkrati se pri posameznih predmetih preverja predhodno znanje, ki ... Read more","og_url":"https:\/\/www.ntf.uni-lj.si\/ogro\/studij\/1-stopnja\/geotehnologija-in-rudarstvo-vs\/ostale-informacije\/nacin-ocenjevanja\/","og_site_name":"OGRO","article_modified_time":"2020-05-04T06:32:47+00:00","twitter_misc":{"Est. reading time":"1 minute"},"schema":{"@context":"https:\/\/schema.org","@graph":[{"@type":"WebSite","@id":"https:\/\/www.ntf.uni-lj.si\/ogro\/#website","url":"https:\/\/www.ntf.uni-lj.si\/ogro\/","name":"OGRO","description":"Oddelek za geotehnologijo, rudarstvo in okolje","potentialAction":[{"@type":"SearchAction","target":{"@type":"EntryPoint","urlTemplate":"https:\/\/www.ntf.uni-lj.si\/ogro\/?s={search_term_string}"},"query-input":"required name=search_term_string"}],"inLanguage":"en-US"},{"@type":"WebPage","@id":"https:\/\/www.ntf.uni-lj.si\/ogro\/studij\/1-stopnja\/geotehnologija-in-rudarstvo-vs\/ostale-informacije\/nacin-ocenjevanja\/#webpage","url":"https:\/\/www.ntf.uni-lj.si\/ogro\/studij\/1-stopnja\/geotehnologija-in-rudarstvo-vs\/ostale-informacije\/nacin-ocenjevanja\/","name":"Na\u010din ocenjevanja - OGRO","isPartOf":{"@id":"https:\/\/www.ntf.uni-lj.si\/ogro\/#website"},"datePublished":"2015-04-01T10:35:49+00:00","dateModified":"2020-05-04T06:32:47+00:00","breadcrumb":{"@id":"https:\/\/www.ntf.uni-lj.si\/ogro\/studij\/1-stopnja\/geotehnologija-in-rudarstvo-vs\/ostale-informacije\/nacin-ocenjevanja\/#breadcrumb"},"inLanguage":"en-US","potentialAction":[{"@type":"ReadAction","target":["https:\/\/www.ntf.uni-lj.si\/ogro\/studij\/1-stopnja\/geotehnologija-in-rudarstvo-vs\/ostale-informacije\/nacin-ocenjevanja\/"]}]},{"@type":"BreadcrumbList","@id":"https:\/\/www.ntf.uni-lj.si\/ogro\/studij\/1-stopnja\/geotehnologija-in-rudarstvo-vs\/ostale-informacije\/nacin-ocenjevanja\/#breadcrumb","itemListElement":[{"@type":"ListItem","position":1,"name":"Domov","item":"https:\/\/www.ntf.uni-lj.si\/ogro\/"},{"@type":"ListItem","position":2,"name":"\u0160tudij","item":"https:\/\/www.ntf.uni-lj.si\/ogro\/studij\/"},{"@type":"ListItem","position":3,"name":"1. stopnja","item":"https:\/\/www.ntf.uni-lj.si\/ogro\/studij\/1-stopnja\/"},{"@type":"ListItem","position":4,"name":"Geotehnologija in rudarstvo (VS)","item":"https:\/\/www.ntf.uni-lj.si\/ogro\/studij\/1-stopnja\/geotehnologija-in-rudarstvo-vs\/"},{"@type":"ListItem","position":5,"name":"Ostale informacije","item":"https:\/\/www.ntf.uni-lj.si\/ogro\/studij\/1-stopnja\/geotehnologija-in-rudarstvo-vs\/ostale-informacije\/"},{"@type":"ListItem","position":6,"name":"Na\u010din ocenjevanja"}]}]}},"_links":{"self":[{"href":"https:\/\/www.ntf.uni-lj.si\/ogro\/wp-json\/wp\/v2\/pages\/381"}],"collection":[{"href":"https:\/\/www.ntf.uni-lj.si\/ogro\/wp-json\/wp\/v2\/pages"}],"about":[{"href":"https:\/\/www.ntf.uni-lj.si\/ogro\/wp-json\/wp\/v2\/types\/page"}],"author":[{"embeddable":true,"href":"https:\/\/www.ntf.uni-lj.si\/ogro\/wp-json\/wp\/v2\/users\/15"}],"replies":[{"embeddable":true,"href":"https:\/\/www.ntf.uni-lj.si\/ogro\/wp-json\/wp\/v2\/comments?post=381"}],"version-history":[{"count":4,"href":"https:\/\/www.ntf.uni-lj.si\/ogro\/wp-json\/wp\/v2\/pages\/381\/revisions"}],"predecessor-version":[{"id":3761,"href":"https:\/\/www.ntf.uni-lj.si\/ogro\/wp-json\/wp\/v2\/pages\/381\/revisions\/3761"}],"up":[{"embeddable":true,"href":"https:\/\/www.ntf.uni-lj.si\/ogro\/wp-json\/wp\/v2\/pages\/353"}],"wp:attachment":[{"href":"https:\/\/www.ntf.uni-lj.si\/ogro\/wp-json\/wp\/v2\/media?parent=381"}],"curies":[{"name":"wp","href":"https:\/\/api.w.org\/{rel}","templated":true}]}}