{"id":441,"date":"2015-04-01T11:24:50","date_gmt":"2015-04-01T11:24:50","guid":{"rendered":"http:\/\/www.ntf.uni-lj.si\/ogro\/?page_id=441"},"modified":"2015-05-07T15:39:47","modified_gmt":"2015-05-07T14:39:47","slug":"predbolonjski-programi","status":"publish","type":"page","link":"https:\/\/www.ntf.uni-lj.si\/ogro\/studij\/1-stopnja\/predbolonjski-programi\/","title":{"rendered":"Predbolonjski programi"},"content":{"rendered":"<h2>DOKON\u010cANJE \u0160TUDIJA (PREDBOLONJSKI PROGRAMI)<\/h2>\n<p>Skladno z 48. \u010dlenom Zakona o spremembah in dopolnitvah Zakona o visokem \u0161olstvu (ZVIS-D) lahko \u0161tudenti predbolonjskih programov kon\u010dajo izobra\u017eevanje pod vpisanimi pogoji, vendar najpozneje do izteka \u0161tudijskega leta 2015\/2016.<br \/>\nPogoji za dokon\u010danje \u0161tudija:<\/p>\n<ul>\n<li>opravljen vpis v vse letnike,<\/li>\n<li>opravljene vse obvezne vaje.<\/li>\n<\/ul>\n","protected":false},"excerpt":{"rendered":"DOKON\u010cANJE \u0160TUDIJA (PREDBOLONJSKI PROGRAMI) Skladno z 48. \u010dlenom Zakona o spremembah in dopolnitvah Zakona o visokem \u0161olstvu (ZVIS-D) lahko \u0161tudenti predbolonjskih programov kon\u010dajo izobra\u017eevanje pod vpisanimi pogoji, vendar najpozneje do izteka \u0161tudijskega leta 2015\/2016. Pogoji za dokon\u010danje \u0161tudija: opravljen vpis v vse letnike, opravljene vse obvezne vaje.","protected":false},"author":15,"featured_media":0,"parent":240,"menu_order":30,"comment_status":"closed","ping_status":"closed","template":"","meta":[],"acf":[],"yoast_head":"<!-- This site is optimized with the Yoast SEO plugin v17.0 - https:\/\/yoast.com\/wordpress\/plugins\/seo\/ -->\n<meta name=\"robots\" content=\"index, follow, max-snippet:-1, max-image-preview:large, max-video-preview:-1\" \/>\n<link rel=\"canonical\" href=\"https:\/\/www.ntf.uni-lj.si\/ogro\/studij\/1-stopnja\/predbolonjski-programi\/\" \/>\n<meta property=\"og:locale\" content=\"en_US\" \/>\n<meta property=\"og:type\" content=\"article\" \/>\n<meta property=\"og:title\" content=\"Predbolonjski programi - OGRO\" \/>\n<meta property=\"og:description\" content=\"DOKON\u010cANJE \u0160TUDIJA (PREDBOLONJSKI PROGRAMI) Skladno z 48. \u010dlenom Zakona o spremembah in dopolnitvah Zakona o visokem \u0161olstvu (ZVIS-D) lahko \u0161tudenti predbolonjskih programov kon\u010dajo izobra\u017eevanje pod vpisanimi pogoji, vendar najpozneje do izteka \u0161tudijskega leta 2015\/2016. Pogoji za dokon\u010danje \u0161tudija: opravljen vpis v vse letnike, opravljene vse obvezne vaje.\" \/>\n<meta property=\"og:url\" content=\"https:\/\/www.ntf.uni-lj.si\/ogro\/studij\/1-stopnja\/predbolonjski-programi\/\" \/>\n<meta property=\"og:site_name\" content=\"OGRO\" \/>\n<meta property=\"article:modified_time\" content=\"2015-05-07T14:39:47+00:00\" \/>\n<script type=\"application\/ld+json\" class=\"yoast-schema-graph\">{\"@context\":\"https:\/\/schema.org\",\"@graph\":[{\"@type\":\"WebSite\",\"@id\":\"https:\/\/www.ntf.uni-lj.si\/ogro\/#website\",\"url\":\"https:\/\/www.ntf.uni-lj.si\/ogro\/\",\"name\":\"OGRO\",\"description\":\"Oddelek za geotehnologijo, rudarstvo in okolje\",\"potentialAction\":[{\"@type\":\"SearchAction\",\"target\":{\"@type\":\"EntryPoint\",\"urlTemplate\":\"https:\/\/www.ntf.uni-lj.si\/ogro\/?s={search_term_string}\"},\"query-input\":\"required name=search_term_string\"}],\"inLanguage\":\"en-US\"},{\"@type\":\"WebPage\",\"@id\":\"https:\/\/www.ntf.uni-lj.si\/ogro\/studij\/1-stopnja\/predbolonjski-programi\/#webpage\",\"url\":\"https:\/\/www.ntf.uni-lj.si\/ogro\/studij\/1-stopnja\/predbolonjski-programi\/\",\"name\":\"Predbolonjski programi - OGRO\",\"isPartOf\":{\"@id\":\"https:\/\/www.ntf.uni-lj.si\/ogro\/#website\"},\"datePublished\":\"2015-04-01T11:24:50+00:00\",\"dateModified\":\"2015-05-07T14:39:47+00:00\",\"breadcrumb\":{\"@id\":\"https:\/\/www.ntf.uni-lj.si\/ogro\/studij\/1-stopnja\/predbolonjski-programi\/#breadcrumb\"},\"inLanguage\":\"en-US\",\"potentialAction\":[{\"@type\":\"ReadAction\",\"target\":[\"https:\/\/www.ntf.uni-lj.si\/ogro\/studij\/1-stopnja\/predbolonjski-programi\/\"]}]},{\"@type\":\"BreadcrumbList\",\"@id\":\"https:\/\/www.ntf.uni-lj.si\/ogro\/studij\/1-stopnja\/predbolonjski-programi\/#breadcrumb\",\"itemListElement\":[{\"@type\":\"ListItem\",\"position\":1,\"name\":\"Domov\",\"item\":\"https:\/\/www.ntf.uni-lj.si\/ogro\/\"},{\"@type\":\"ListItem\",\"position\":2,\"name\":\"\\u0160tudij\",\"item\":\"https:\/\/www.ntf.uni-lj.si\/ogro\/studij\/\"},{\"@type\":\"ListItem\",\"position\":3,\"name\":\"1. stopnja\",\"item\":\"https:\/\/www.ntf.uni-lj.si\/ogro\/studij\/1-stopnja\/\"},{\"@type\":\"ListItem\",\"position\":4,\"name\":\"Predbolonjski programi\"}]}]}<\/script>\n<!-- \/ Yoast SEO plugin. -->","yoast_head_json":{"robots":{"index":"index","follow":"follow","max-snippet":"max-snippet:-1","max-image-preview":"max-image-preview:large","max-video-preview":"max-video-preview:-1"},"canonical":"https:\/\/www.ntf.uni-lj.si\/ogro\/studij\/1-stopnja\/predbolonjski-programi\/","og_locale":"en_US","og_type":"article","og_title":"Predbolonjski programi - OGRO","og_description":"DOKON\u010cANJE \u0160TUDIJA (PREDBOLONJSKI PROGRAMI) Skladno z 48. \u010dlenom Zakona o spremembah in dopolnitvah Zakona o visokem \u0161olstvu (ZVIS-D) lahko \u0161tudenti predbolonjskih programov kon\u010dajo izobra\u017eevanje pod vpisanimi pogoji, vendar najpozneje do izteka \u0161tudijskega leta 2015\/2016. Pogoji za dokon\u010danje \u0161tudija: opravljen vpis v vse letnike, opravljene vse obvezne vaje.","og_url":"https:\/\/www.ntf.uni-lj.si\/ogro\/studij\/1-stopnja\/predbolonjski-programi\/","og_site_name":"OGRO","article_modified_time":"2015-05-07T14:39:47+00:00","schema":{"@context":"https:\/\/schema.org","@graph":[{"@type":"WebSite","@id":"https:\/\/www.ntf.uni-lj.si\/ogro\/#website","url":"https:\/\/www.ntf.uni-lj.si\/ogro\/","name":"OGRO","description":"Oddelek za geotehnologijo, rudarstvo in okolje","potentialAction":[{"@type":"SearchAction","target":{"@type":"EntryPoint","urlTemplate":"https:\/\/www.ntf.uni-lj.si\/ogro\/?s={search_term_string}"},"query-input":"required name=search_term_string"}],"inLanguage":"en-US"},{"@type":"WebPage","@id":"https:\/\/www.ntf.uni-lj.si\/ogro\/studij\/1-stopnja\/predbolonjski-programi\/#webpage","url":"https:\/\/www.ntf.uni-lj.si\/ogro\/studij\/1-stopnja\/predbolonjski-programi\/","name":"Predbolonjski programi - OGRO","isPartOf":{"@id":"https:\/\/www.ntf.uni-lj.si\/ogro\/#website"},"datePublished":"2015-04-01T11:24:50+00:00","dateModified":"2015-05-07T14:39:47+00:00","breadcrumb":{"@id":"https:\/\/www.ntf.uni-lj.si\/ogro\/studij\/1-stopnja\/predbolonjski-programi\/#breadcrumb"},"inLanguage":"en-US","potentialAction":[{"@type":"ReadAction","target":["https:\/\/www.ntf.uni-lj.si\/ogro\/studij\/1-stopnja\/predbolonjski-programi\/"]}]},{"@type":"BreadcrumbList","@id":"https:\/\/www.ntf.uni-lj.si\/ogro\/studij\/1-stopnja\/predbolonjski-programi\/#breadcrumb","itemListElement":[{"@type":"ListItem","position":1,"name":"Domov","item":"https:\/\/www.ntf.uni-lj.si\/ogro\/"},{"@type":"ListItem","position":2,"name":"\u0160tudij","item":"https:\/\/www.ntf.uni-lj.si\/ogro\/studij\/"},{"@type":"ListItem","position":3,"name":"1. stopnja","item":"https:\/\/www.ntf.uni-lj.si\/ogro\/studij\/1-stopnja\/"},{"@type":"ListItem","position":4,"name":"Predbolonjski programi"}]}]}},"_links":{"self":[{"href":"https:\/\/www.ntf.uni-lj.si\/ogro\/wp-json\/wp\/v2\/pages\/441"}],"collection":[{"href":"https:\/\/www.ntf.uni-lj.si\/ogro\/wp-json\/wp\/v2\/pages"}],"about":[{"href":"https:\/\/www.ntf.uni-lj.si\/ogro\/wp-json\/wp\/v2\/types\/page"}],"author":[{"embeddable":true,"href":"https:\/\/www.ntf.uni-lj.si\/ogro\/wp-json\/wp\/v2\/users\/15"}],"replies":[{"embeddable":true,"href":"https:\/\/www.ntf.uni-lj.si\/ogro\/wp-json\/wp\/v2\/comments?post=441"}],"version-history":[{"count":4,"href":"https:\/\/www.ntf.uni-lj.si\/ogro\/wp-json\/wp\/v2\/pages\/441\/revisions"}],"predecessor-version":[{"id":1493,"href":"https:\/\/www.ntf.uni-lj.si\/ogro\/wp-json\/wp\/v2\/pages\/441\/revisions\/1493"}],"up":[{"embeddable":true,"href":"https:\/\/www.ntf.uni-lj.si\/ogro\/wp-json\/wp\/v2\/pages\/240"}],"wp:attachment":[{"href":"https:\/\/www.ntf.uni-lj.si\/ogro\/wp-json\/wp\/v2\/media?parent=441"}],"curies":[{"name":"wp","href":"https:\/\/api.w.org\/{rel}","templated":true}]}}